{"version":"1.0","provider_name":"Seed","provider_url":"https:\/\/seed.hu\/en\/","author_name":"superadmin","author_url":"https:\/\/seed.hu\/en\/author\/superadmin\/","title":"P\u00e1ly\u00e1zat \u2212 az \u00c9v Sz\u00e9chenyi V\u00e1llalkoz\u00e1sa 2019 D\u00edj - Seed","type":"rich","width":600,"height":338,"html":"<blockquote class=\"wp-embedded-content\" data-secret=\"IdF8FdEDpU\"><a href=\"https:\/\/seed.hu\/en\/hirek\/palyazat-%e2%88%92-az-ev-szechenyi-vallalkozasa-2019-dij\/\">P\u00e1ly\u00e1zat \u2212 az \u00c9v Sz\u00e9chenyi V\u00e1llalkoz\u00e1sa 2019 D\u00edj<\/a><\/blockquote><iframe sandbox=\"allow-scripts\" security=\"restricted\" src=\"https:\/\/seed.hu\/en\/hirek\/palyazat-%e2%88%92-az-ev-szechenyi-vallalkozasa-2019-dij\/embed\/#?secret=IdF8FdEDpU\" width=\"600\" height=\"338\" title=\"&#8220;P\u00e1ly\u00e1zat \u2212 az \u00c9v Sz\u00e9chenyi V\u00e1llalkoz\u00e1sa 2019 D\u00edj&#8221; &#8212; Seed\" data-secret=\"IdF8FdEDpU\" frameborder=\"0\" marginwidth=\"0\" marginheight=\"0\" scrolling=\"no\" class=\"wp-embedded-content\"><\/iframe><script type=\"text\/javascript\">\n\/* <![CDATA[ *\/\n\/*! This file is auto-generated *\/\n!function(d,l){\"use strict\";l.querySelector&&d.addEventListener&&\"undefined\"!=typeof URL&&(d.wp=d.wp||{},d.wp.receiveEmbedMessage||(d.wp.receiveEmbedMessage=function(e){var t=e.data;if((t||t.secret||t.message||t.value)&&!\/[^a-zA-Z0-9]\/.test(t.secret)){for(var s,r,n,a=l.querySelectorAll('iframe[data-secret=\"'+t.secret+'\"]'),o=l.querySelectorAll('blockquote[data-secret=\"'+t.secret+'\"]'),c=new RegExp(\"^https?:$\",\"i\"),i=0;i<o.length;i++)o[i].style.display=\"none\";for(i=0;i<a.length;i++)s=a[i],e.source===s.contentWindow&&(s.removeAttribute(\"style\"),\"height\"===t.message?(1e3<(r=parseInt(t.value,10))?r=1e3:~~r<200&&(r=200),s.height=r):\"link\"===t.message&&(r=new URL(s.getAttribute(\"src\")),n=new URL(t.value),c.test(n.protocol))&&n.host===r.host&&l.activeElement===s&&(d.top.location.href=t.value))}},d.addEventListener(\"message\",d.wp.receiveEmbedMessage,!1),l.addEventListener(\"DOMContentLoaded\",function(){for(var e,t,s=l.querySelectorAll(\"iframe.wp-embedded-content\"),r=0;r<s.length;r++)(t=(e=s[r]).getAttribute(\"data-secret\"))||(t=Math.random().toString(36).substring(2,12),e.src+=\"#?secret=\"+t,e.setAttribute(\"data-secret\",t)),e.contentWindow.postMessage({message:\"ready\",secret:t},\"*\")},!1)))}(window,document);\n\/\/# sourceURL=https:\/\/seed.hu\/wp-includes\/js\/wp-embed.min.js\n\/* ]]> *\/\n<\/script>\n","description":"A fenti c\u00edmmel hirdet p\u00e1ly\u00e1zatot a Gr\u00f3f Sz\u00e9chenyi Csal\u00e1d Alap\u00edtv\u00e1ny kezdem\u00e9nyez\u00e9s\u00e9re a P\u00e9nz\u00fcgyminiszt\u00e9rium. A felh\u00edv\u00e1s keret\u00e9ben t\u00f6bb kateg\u00f3ri\u00e1ban is lehet beny\u00fajtani p\u00e1ly\u00e1zatot. Az \u00c9v Felel\u0151s Sz\u00e9chenyi \u00dczleti V\u00e1llalkoz\u00e1s 2019 D\u00edjra olyan \u00fczleti v\u00e1llalkoz\u00e1sok p\u00e1ly\u00e1zhatnak, akik kimutathat\u00f3a m\u00f3don, tudatosan tesznek a felel\u0151s \u00fczleti magatart\u00e1s megval\u00f3sul\u00e1s\u00e1\u00e9rt, azaz a v\u00e1llalat k\u00fcls\u0151 \u00e9s bels\u0151 k\u00f6rnyezet\u00e9\u00e9rt, t\u00e1rsadalmi, gazdas\u00e1gi \u00e9s kiemelten [&hellip;]"}

Pályázat − az Év Széchenyi Vállalkozása 2019 Díj - Seed

<blockquote class="wp-embedded-content" data-secret="IdF8FdEDpU"><a href="https://seed.hu/en/hirek/palyazat-%e2%88%92-az-ev-szechenyi-vallalkozasa-2019-dij/">Pályázat − az Év Széchenyi Vállalkozása 2019 Díj</a></blockquote><iframe sandbox="allow-scripts" security="restricted" src="https://seed.hu/en/hirek/palyazat-%e2%88%92-az-ev-szechenyi-vallalkozasa-2019-dij/embed/#?secret=IdF8FdEDpU" width="600" height="338" title="&#8220;Pályázat − az Év Széchenyi Vállalkozása 2019 Díj&#8221; &#8212; Seed" data-secret="IdF8FdEDpU" frameborder="0" marginwidth="0" marginheight="0" scrolling="no" class="wp-embedded-content"></iframe><script type="text/javascript">
/* <![CDATA[ */
/*! This file is auto-generated */
!function(d,l){"use strict";l.querySelector&&d.addEventListener&&"undefined"!=typeof URL&&(d.wp=d.wp||{},d.wp.receiveEmbedMessage||(d.wp.receiveEmbedMessage=function(e){var t=e.data;if((t||t.secret||t.message||t.value)&&!/[^a-zA-Z0-9]/.test(t.secret)){for(var s,r,n,a=l.querySelectorAll('iframe[data-secret="'+t.secret+'"]'),o=l.querySelectorAll('blockquote[data-secret="'+t.secret+'"]'),c=new RegExp("^https?:$","i"),i=0;i<o.length;i++)o[i].style.display="none";for(i=0;i<a.length;i++)s=a[i],e.source===s.contentWindow&&(s.removeAttribute("style"),"height"===t.message?(1e3<(r=parseInt(t.value,10))?r=1e3:~~r<200&&(r=200),s.height=r):"link"===t.message&&(r=new URL(s.getAttribute("src")),n=new URL(t.value),c.test(n.protocol))&&n.host===r.host&&l.activeElement===s&&(d.top.location.href=t.value))}},d.addEventListener("message",d.wp.receiveEmbedMessage,!1),l.addEventListener("DOMContentLoaded",function(){for(var e,t,s=l.querySelectorAll("iframe.wp-embedded-content"),r=0;r<s.length;r++)(t=(e=s[r]).getAttribute("data-secret"))||(t=Math.random().toString(36).substring(2,12),e.src+="#?secret="+t,e.setAttribute("data-secret",t)),e.contentWindow.postMessage({message:"ready",secret:t},"*")},!1)))}(window,document);
//# sourceURL=https://seed.hu/wp-includes/js/wp-embed.min.js
/* ]]> */
</script>

A fenti címmel hirdet pályázatot a Gróf Széchenyi Család Alapítvány kezdeményezésére a Pénzügyminisztérium. A felhívás keretében több kategóriában is lehet benyújtani pályázatot. Az Év Felelős Széchenyi Üzleti Vállalkozás 2019 Díjra olyan üzleti vállalkozások pályázhatnak, akik kimutathatóa módon, tudatosan tesznek a felelős üzleti magatartás megvalósulásáért, azaz a vállalat külső és belső környezetéért, társadalmi, gazdasági és kiemelten [&hellip;]
