{"version":"1.0","provider_name":"Seed","provider_url":"https:\/\/seed.hu\/en\/","author_name":"superadmin","author_url":"https:\/\/seed.hu\/en\/author\/superadmin\/","title":"Szem\u00e9lyes V\u00e1llalkoz\u00f3i Mentorprogram - Mentorok kinevez\u00e9se - Seed","type":"rich","width":600,"height":338,"html":"<blockquote class=\"wp-embedded-content\" data-secret=\"RoXNrXhvvF\"><a href=\"https:\/\/seed.hu\/en\/hirek\/szemelyes-vallalkozoi-mentorprogram-mentorok-kinevezese\/\">Szem\u00e9lyes V\u00e1llalkoz\u00f3i Mentorprogram &#8211; Mentorok kinevez\u00e9se<\/a><\/blockquote><iframe sandbox=\"allow-scripts\" security=\"restricted\" src=\"https:\/\/seed.hu\/en\/hirek\/szemelyes-vallalkozoi-mentorprogram-mentorok-kinevezese\/embed\/#?secret=RoXNrXhvvF\" width=\"600\" height=\"338\" title=\"&#8220;Szem\u00e9lyes V\u00e1llalkoz\u00f3i Mentorprogram &#8211; Mentorok kinevez\u00e9se&#8221; &#8212; Seed\" data-secret=\"RoXNrXhvvF\" frameborder=\"0\" marginwidth=\"0\" marginheight=\"0\" scrolling=\"no\" class=\"wp-embedded-content\"><\/iframe><script type=\"text\/javascript\">\n\/* <![CDATA[ *\/\n\/*! This file is auto-generated *\/\n!function(d,l){\"use strict\";l.querySelector&&d.addEventListener&&\"undefined\"!=typeof URL&&(d.wp=d.wp||{},d.wp.receiveEmbedMessage||(d.wp.receiveEmbedMessage=function(e){var t=e.data;if((t||t.secret||t.message||t.value)&&!\/[^a-zA-Z0-9]\/.test(t.secret)){for(var s,r,n,a=l.querySelectorAll('iframe[data-secret=\"'+t.secret+'\"]'),o=l.querySelectorAll('blockquote[data-secret=\"'+t.secret+'\"]'),c=new RegExp(\"^https?:$\",\"i\"),i=0;i<o.length;i++)o[i].style.display=\"none\";for(i=0;i<a.length;i++)s=a[i],e.source===s.contentWindow&&(s.removeAttribute(\"style\"),\"height\"===t.message?(1e3<(r=parseInt(t.value,10))?r=1e3:~~r<200&&(r=200),s.height=r):\"link\"===t.message&&(r=new URL(s.getAttribute(\"src\")),n=new URL(t.value),c.test(n.protocol))&&n.host===r.host&&l.activeElement===s&&(d.top.location.href=t.value))}},d.addEventListener(\"message\",d.wp.receiveEmbedMessage,!1),l.addEventListener(\"DOMContentLoaded\",function(){for(var e,t,s=l.querySelectorAll(\"iframe.wp-embedded-content\"),r=0;r<s.length;r++)(t=(e=s[r]).getAttribute(\"data-secret\"))||(t=Math.random().toString(36).substring(2,12),e.src+=\"#?secret=\"+t,e.setAttribute(\"data-secret\",t)),e.contentWindow.postMessage({message:\"ready\",secret:t},\"*\")},!1)))}(window,document);\n\/\/# sourceURL=https:\/\/seed.hu\/wp-includes\/js\/wp-embed.min.js\n\/* ]]> *\/\n<\/script>\n","thumbnail_url":"https:\/\/seed.hu\/wp-content\/uploads\/2021\/04\/Orsza\u0301gos-Va\u0301llalkozo\u0301i-Mentorprogram.png","thumbnail_width":773,"thumbnail_height":774,"description":"December 4-\u00e9n szakmai megnyit\u00f3 nappal folytat\u00f3dik a Szem\u00e9lyes V\u00e1llalkoz\u00f3i Mentorprogram. Az esem\u00e9nyen r\u00e9szt vesz Dr. Gy\u00f6rgy L\u00e1szl\u00f3, az Innov\u00e1ci\u00f3s \u00e9s Technol\u00f3giai Miniszt\u00e9rium gazdas\u00e1gstrat\u00e9gi\u00e1\u00e9rt \u00e9s szab\u00e1lyoz\u00e1s\u00e9rt felel\u0151s \u00e1llamtitk\u00e1ra is, aki a korm\u00e1nyzat k\u00f6zelm\u00faltban elfogadott kkv-strat\u00e9gi\u00e1j\u00e1nak fontosabb ir\u00e1nyait ismerteti a hallgat\u00f3s\u00e1ggal. Parragh L\u00e1szl\u00f3, a Magyar Kereskedelmi \u00e9s Iparkamara eln\u00f6ke a szakmai mentor\u00e1l\u00e1s eredm\u00e9nyeibe avatja be a hallgat\u00f3s\u00e1got, [&hellip;]"}

Személyes Vállalkozói Mentorprogram - Mentorok kinevezése - Seed

<blockquote class="wp-embedded-content" data-secret="RoXNrXhvvF"><a href="https://seed.hu/en/hirek/szemelyes-vallalkozoi-mentorprogram-mentorok-kinevezese/">Személyes Vállalkozói Mentorprogram &#8211; Mentorok kinevezése</a></blockquote><iframe sandbox="allow-scripts" security="restricted" src="https://seed.hu/en/hirek/szemelyes-vallalkozoi-mentorprogram-mentorok-kinevezese/embed/#?secret=RoXNrXhvvF" width="600" height="338" title="&#8220;Személyes Vállalkozói Mentorprogram &#8211; Mentorok kinevezése&#8221; &#8212; Seed" data-secret="RoXNrXhvvF" frameborder="0" marginwidth="0" marginheight="0" scrolling="no" class="wp-embedded-content"></iframe><script type="text/javascript">
/* <![CDATA[ */
/*! This file is auto-generated */
!function(d,l){"use strict";l.querySelector&&d.addEventListener&&"undefined"!=typeof URL&&(d.wp=d.wp||{},d.wp.receiveEmbedMessage||(d.wp.receiveEmbedMessage=function(e){var t=e.data;if((t||t.secret||t.message||t.value)&&!/[^a-zA-Z0-9]/.test(t.secret)){for(var s,r,n,a=l.querySelectorAll('iframe[data-secret="'+t.secret+'"]'),o=l.querySelectorAll('blockquote[data-secret="'+t.secret+'"]'),c=new RegExp("^https?:$","i"),i=0;i<o.length;i++)o[i].style.display="none";for(i=0;i<a.length;i++)s=a[i],e.source===s.contentWindow&&(s.removeAttribute("style"),"height"===t.message?(1e3<(r=parseInt(t.value,10))?r=1e3:~~r<200&&(r=200),s.height=r):"link"===t.message&&(r=new URL(s.getAttribute("src")),n=new URL(t.value),c.test(n.protocol))&&n.host===r.host&&l.activeElement===s&&(d.top.location.href=t.value))}},d.addEventListener("message",d.wp.receiveEmbedMessage,!1),l.addEventListener("DOMContentLoaded",function(){for(var e,t,s=l.querySelectorAll("iframe.wp-embedded-content"),r=0;r<s.length;r++)(t=(e=s[r]).getAttribute("data-secret"))||(t=Math.random().toString(36).substring(2,12),e.src+="#?secret="+t,e.setAttribute("data-secret",t)),e.contentWindow.postMessage({message:"ready",secret:t},"*")},!1)))}(window,document);
//# sourceURL=https://seed.hu/wp-includes/js/wp-embed.min.js
/* ]]> */
</script>

December 4-én szakmai megnyitó nappal folytatódik a Személyes Vállalkozói Mentorprogram. Az eseményen részt vesz Dr. György László, az Innovációs és Technológiai Minisztérium gazdaságstratégiáért és szabályozásért felelős államtitkára is, aki a kormányzat közelmúltban elfogadott kkv-stratégiájának fontosabb irányait ismerteti a hallgatósággal. Parragh László, a Magyar Kereskedelmi és Iparkamara elnöke a szakmai mentorálás eredményeibe avatja be a hallgatóságot, [&hellip;]
