{"version":"1.0","provider_name":"Seed","provider_url":"https:\/\/seed.hu\/en\/","author_name":"superadmin","author_url":"https:\/\/seed.hu\/en\/author\/superadmin\/","title":"Szem\u00e9lyes V\u00e1llalkoz\u00f3i Mentorprogram - sz\u00f3lj a bar\u00e1todnak! - Seed","type":"rich","width":600,"height":338,"html":"<blockquote class=\"wp-embedded-content\" data-secret=\"dcA94ah4wH\"><a href=\"https:\/\/seed.hu\/en\/hirek\/szemelyes-vallalkozoi-mentorprogram-szolj-a-baratodnak\/\">Szem\u00e9lyes V\u00e1llalkoz\u00f3i Mentorprogram &#8211; sz\u00f3lj a bar\u00e1todnak!<\/a><\/blockquote><iframe sandbox=\"allow-scripts\" security=\"restricted\" src=\"https:\/\/seed.hu\/en\/hirek\/szemelyes-vallalkozoi-mentorprogram-szolj-a-baratodnak\/embed\/#?secret=dcA94ah4wH\" width=\"600\" height=\"338\" title=\"&#8220;Szem\u00e9lyes V\u00e1llalkoz\u00f3i Mentorprogram &#8211; sz\u00f3lj a bar\u00e1todnak!&#8221; &#8212; Seed\" data-secret=\"dcA94ah4wH\" frameborder=\"0\" marginwidth=\"0\" marginheight=\"0\" scrolling=\"no\" class=\"wp-embedded-content\"><\/iframe><script type=\"text\/javascript\">\n\/* <![CDATA[ *\/\n\/*! This file is auto-generated *\/\n!function(d,l){\"use strict\";l.querySelector&&d.addEventListener&&\"undefined\"!=typeof URL&&(d.wp=d.wp||{},d.wp.receiveEmbedMessage||(d.wp.receiveEmbedMessage=function(e){var t=e.data;if((t||t.secret||t.message||t.value)&&!\/[^a-zA-Z0-9]\/.test(t.secret)){for(var s,r,n,a=l.querySelectorAll('iframe[data-secret=\"'+t.secret+'\"]'),o=l.querySelectorAll('blockquote[data-secret=\"'+t.secret+'\"]'),c=new RegExp(\"^https?:$\",\"i\"),i=0;i<o.length;i++)o[i].style.display=\"none\";for(i=0;i<a.length;i++)s=a[i],e.source===s.contentWindow&&(s.removeAttribute(\"style\"),\"height\"===t.message?(1e3<(r=parseInt(t.value,10))?r=1e3:~~r<200&&(r=200),s.height=r):\"link\"===t.message&&(r=new URL(s.getAttribute(\"src\")),n=new URL(t.value),c.test(n.protocol))&&n.host===r.host&&l.activeElement===s&&(d.top.location.href=t.value))}},d.addEventListener(\"message\",d.wp.receiveEmbedMessage,!1),l.addEventListener(\"DOMContentLoaded\",function(){for(var e,t,s=l.querySelectorAll(\"iframe.wp-embedded-content\"),r=0;r<s.length;r++)(t=(e=s[r]).getAttribute(\"data-secret\"))||(t=Math.random().toString(36).substring(2,12),e.src+=\"#?secret=\"+t,e.setAttribute(\"data-secret\",t)),e.contentWindow.postMessage({message:\"ready\",secret:t},\"*\")},!1)))}(window,document);\n\/\/# sourceURL=https:\/\/seed.hu\/wp-includes\/js\/wp-embed.min.js\n\/* ]]> *\/\n<\/script>\n","thumbnail_url":"https:\/\/seed.hu\/wp-content\/uploads\/2021\/04\/Orsza\u0301gos-Va\u0301llalkozo\u0301i-Mentorprogram.png","thumbnail_width":773,"thumbnail_height":774,"description":"Van m\u00e9g n\u00e9h\u00e1ny kiad\u00f3 hely mentor\u00e1ltak sz\u00e1m\u00e1ra a Szem\u00e9lyes V\u00e1llalkoz\u00f3i Mentorprogramban. Ez\u00e9rt arra k\u00e9rj\u00fck h\u00edrlevel\u00fcnk\u00a0 minden kedves Olvas\u00f3j\u00e1t, hogy vagy \u0151 maga gondolkodjon el a jelentkez\u00e9sen, vagy sz\u00f3ljon egy v\u00e1llalkoz\u00f3 bar\u00e1tj\u00e1nak, s h\u00edvja fel a figyelm\u00e9t erre a lehet\u0151s\u00e9gre. Budapestieket \u00e9s Pest megyeieket a program megk\u00f6t\u00e9se miatt m\u00e1r nem tudunk fogadni, de m\u00e1shonnan \u00f6r\u00f6mmel v\u00e1rjuk [&hellip;]"}

Személyes Vállalkozói Mentorprogram - szólj a barátodnak! - Seed

<blockquote class="wp-embedded-content" data-secret="dcA94ah4wH"><a href="https://seed.hu/en/hirek/szemelyes-vallalkozoi-mentorprogram-szolj-a-baratodnak/">Személyes Vállalkozói Mentorprogram &#8211; szólj a barátodnak!</a></blockquote><iframe sandbox="allow-scripts" security="restricted" src="https://seed.hu/en/hirek/szemelyes-vallalkozoi-mentorprogram-szolj-a-baratodnak/embed/#?secret=dcA94ah4wH" width="600" height="338" title="&#8220;Személyes Vállalkozói Mentorprogram &#8211; szólj a barátodnak!&#8221; &#8212; Seed" data-secret="dcA94ah4wH" frameborder="0" marginwidth="0" marginheight="0" scrolling="no" class="wp-embedded-content"></iframe><script type="text/javascript">
/* <![CDATA[ */
/*! This file is auto-generated */
!function(d,l){"use strict";l.querySelector&&d.addEventListener&&"undefined"!=typeof URL&&(d.wp=d.wp||{},d.wp.receiveEmbedMessage||(d.wp.receiveEmbedMessage=function(e){var t=e.data;if((t||t.secret||t.message||t.value)&&!/[^a-zA-Z0-9]/.test(t.secret)){for(var s,r,n,a=l.querySelectorAll('iframe[data-secret="'+t.secret+'"]'),o=l.querySelectorAll('blockquote[data-secret="'+t.secret+'"]'),c=new RegExp("^https?:$","i"),i=0;i<o.length;i++)o[i].style.display="none";for(i=0;i<a.length;i++)s=a[i],e.source===s.contentWindow&&(s.removeAttribute("style"),"height"===t.message?(1e3<(r=parseInt(t.value,10))?r=1e3:~~r<200&&(r=200),s.height=r):"link"===t.message&&(r=new URL(s.getAttribute("src")),n=new URL(t.value),c.test(n.protocol))&&n.host===r.host&&l.activeElement===s&&(d.top.location.href=t.value))}},d.addEventListener("message",d.wp.receiveEmbedMessage,!1),l.addEventListener("DOMContentLoaded",function(){for(var e,t,s=l.querySelectorAll("iframe.wp-embedded-content"),r=0;r<s.length;r++)(t=(e=s[r]).getAttribute("data-secret"))||(t=Math.random().toString(36).substring(2,12),e.src+="#?secret="+t,e.setAttribute("data-secret",t)),e.contentWindow.postMessage({message:"ready",secret:t},"*")},!1)))}(window,document);
//# sourceURL=https://seed.hu/wp-includes/js/wp-embed.min.js
/* ]]> */
</script>

Van még néhány kiadó hely mentoráltak számára a Személyes Vállalkozói Mentorprogramban. Ezért arra kérjük hírlevelünk  minden kedves Olvasóját, hogy vagy ő maga gondolkodjon el a jelentkezésen, vagy szóljon egy vállalkozó barátjának, s hívja fel a figyelmét erre a lehetőségre. Budapestieket és Pest megyeieket a program megkötése miatt már nem tudunk fogadni, de máshonnan örömmel várjuk [&hellip;]
