{"version":"1.0","provider_name":"Seed","provider_url":"https:\/\/seed.hu\/en\/","author_name":"superadmin","author_url":"https:\/\/seed.hu\/en\/author\/superadmin\/","title":"\u00daj irod\u00e1ba k\u00f6lt\u00f6z\u00f6tt a SEED Alap\u00edtv\u00e1ny - Seed","type":"rich","width":600,"height":338,"html":"<blockquote class=\"wp-embedded-content\" data-secret=\"zvLrr4WFif\"><a href=\"https:\/\/seed.hu\/en\/hirek\/uj-irodaba-koltozott-a-seed-alapitvany\/\">\u00daj irod\u00e1ba k\u00f6lt\u00f6z\u00f6tt a SEED Alap\u00edtv\u00e1ny<\/a><\/blockquote><iframe sandbox=\"allow-scripts\" security=\"restricted\" src=\"https:\/\/seed.hu\/en\/hirek\/uj-irodaba-koltozott-a-seed-alapitvany\/embed\/#?secret=zvLrr4WFif\" width=\"600\" height=\"338\" title=\"&#8220;\u00daj irod\u00e1ba k\u00f6lt\u00f6z\u00f6tt a SEED Alap\u00edtv\u00e1ny&#8221; &#8212; Seed\" data-secret=\"zvLrr4WFif\" frameborder=\"0\" marginwidth=\"0\" marginheight=\"0\" scrolling=\"no\" class=\"wp-embedded-content\"><\/iframe><script type=\"text\/javascript\">\n\/* <![CDATA[ *\/\n\/*! This file is auto-generated *\/\n!function(d,l){\"use strict\";l.querySelector&&d.addEventListener&&\"undefined\"!=typeof URL&&(d.wp=d.wp||{},d.wp.receiveEmbedMessage||(d.wp.receiveEmbedMessage=function(e){var t=e.data;if((t||t.secret||t.message||t.value)&&!\/[^a-zA-Z0-9]\/.test(t.secret)){for(var s,r,n,a=l.querySelectorAll('iframe[data-secret=\"'+t.secret+'\"]'),o=l.querySelectorAll('blockquote[data-secret=\"'+t.secret+'\"]'),c=new RegExp(\"^https?:$\",\"i\"),i=0;i<o.length;i++)o[i].style.display=\"none\";for(i=0;i<a.length;i++)s=a[i],e.source===s.contentWindow&&(s.removeAttribute(\"style\"),\"height\"===t.message?(1e3<(r=parseInt(t.value,10))?r=1e3:~~r<200&&(r=200),s.height=r):\"link\"===t.message&&(r=new URL(s.getAttribute(\"src\")),n=new URL(t.value),c.test(n.protocol))&&n.host===r.host&&l.activeElement===s&&(d.top.location.href=t.value))}},d.addEventListener(\"message\",d.wp.receiveEmbedMessage,!1),l.addEventListener(\"DOMContentLoaded\",function(){for(var e,t,s=l.querySelectorAll(\"iframe.wp-embedded-content\"),r=0;r<s.length;r++)(t=(e=s[r]).getAttribute(\"data-secret\"))||(t=Math.random().toString(36).substring(2,12),e.src+=\"#?secret=\"+t,e.setAttribute(\"data-secret\",t)),e.contentWindow.postMessage({message:\"ready\",secret:t},\"*\")},!1)))}(window,document);\n\/\/# sourceURL=https:\/\/seed.hu\/wp-includes\/js\/wp-embed.min.js\n\/* ]]> *\/\n<\/script>\n","thumbnail_url":"https:\/\/seed.hu\/wp-content\/uploads\/2018\/04\/SEED_logo.png","thumbnail_width":250,"thumbnail_height":206,"description":"Tekintettel a SEED Alap\u00edtv\u00e1ny megn\u00f6vekedett feladatmennyis\u00e9g\u00e9re, valamint az ezzel j\u00e1r\u00f3 potenci\u00e1lis l\u00e9tsz\u00e1mb\u0151v\u00fcl\u00e9sre, az Alap\u00edtv\u00e1ny \u00e1prilis 1-j\u00e9n \u00faj irod\u00e1ba k\u00f6lt\u00f6z\u00f6tt. Az eddigi, R\u00f3mer Fl\u00f3ris utcai iroda tov\u00e1bbra is a SEED Alap\u00edtv\u00e1ny sz\u00e9khelye marad, a k\u00f6lt\u00f6z\u00e9s nyom\u00e1n felszabadul\u00f3 irodai kapacit\u00e1st a SEED Alap\u00edtv\u00e1ny inkub\u00e1ci\u00f3s tev\u00e9kenys\u00e9g\u00e9nek felfuttat\u00e1s\u00e1ra haszn\u00e1lja fel: itt ny\u00fajt majd inkub\u00e1ci\u00f3s szolg\u00e1ltat\u00e1sokat mikro- \u00e9s kisv\u00e1llalkoz\u00f3knak. Az [&hellip;]"}

Új irodába költözött a SEED Alapítvány - Seed

<blockquote class="wp-embedded-content" data-secret="zvLrr4WFif"><a href="https://seed.hu/en/hirek/uj-irodaba-koltozott-a-seed-alapitvany/">Új irodába költözött a SEED Alapítvány</a></blockquote><iframe sandbox="allow-scripts" security="restricted" src="https://seed.hu/en/hirek/uj-irodaba-koltozott-a-seed-alapitvany/embed/#?secret=zvLrr4WFif" width="600" height="338" title="&#8220;Új irodába költözött a SEED Alapítvány&#8221; &#8212; Seed" data-secret="zvLrr4WFif" frameborder="0" marginwidth="0" marginheight="0" scrolling="no" class="wp-embedded-content"></iframe><script type="text/javascript">
/* <![CDATA[ */
/*! This file is auto-generated */
!function(d,l){"use strict";l.querySelector&&d.addEventListener&&"undefined"!=typeof URL&&(d.wp=d.wp||{},d.wp.receiveEmbedMessage||(d.wp.receiveEmbedMessage=function(e){var t=e.data;if((t||t.secret||t.message||t.value)&&!/[^a-zA-Z0-9]/.test(t.secret)){for(var s,r,n,a=l.querySelectorAll('iframe[data-secret="'+t.secret+'"]'),o=l.querySelectorAll('blockquote[data-secret="'+t.secret+'"]'),c=new RegExp("^https?:$","i"),i=0;i<o.length;i++)o[i].style.display="none";for(i=0;i<a.length;i++)s=a[i],e.source===s.contentWindow&&(s.removeAttribute("style"),"height"===t.message?(1e3<(r=parseInt(t.value,10))?r=1e3:~~r<200&&(r=200),s.height=r):"link"===t.message&&(r=new URL(s.getAttribute("src")),n=new URL(t.value),c.test(n.protocol))&&n.host===r.host&&l.activeElement===s&&(d.top.location.href=t.value))}},d.addEventListener("message",d.wp.receiveEmbedMessage,!1),l.addEventListener("DOMContentLoaded",function(){for(var e,t,s=l.querySelectorAll("iframe.wp-embedded-content"),r=0;r<s.length;r++)(t=(e=s[r]).getAttribute("data-secret"))||(t=Math.random().toString(36).substring(2,12),e.src+="#?secret="+t,e.setAttribute("data-secret",t)),e.contentWindow.postMessage({message:"ready",secret:t},"*")},!1)))}(window,document);
//# sourceURL=https://seed.hu/wp-includes/js/wp-embed.min.js
/* ]]> */
</script>

Tekintettel a SEED Alapítvány megnövekedett feladatmennyiségére, valamint az ezzel járó potenciális létszámbővülésre, az Alapítvány április 1-jén új irodába költözött. Az eddigi, Rómer Flóris utcai iroda továbbra is a SEED Alapítvány székhelye marad, a költözés nyomán felszabaduló irodai kapacitást a SEED Alapítvány inkubációs tevékenységének felfuttatására használja fel: itt nyújt majd inkubációs szolgáltatásokat mikro- és kisvállalkozóknak. Az [&hellip;]
