{"id":1020,"date":"2020-07-12T18:09:44","date_gmt":"2020-07-12T16:09:44","guid":{"rendered":"https:\/\/seed.hu\/?post_type=hirek&#038;p=1020"},"modified":"2022-01-23T18:02:43","modified_gmt":"2022-01-23T17:02:43","slug":"svedorszagi-akceleracio-innovativ-vallalkozasoknak-jelentkezes-augusztus-23-ig","status":"publish","type":"hirek","link":"https:\/\/seed.hu\/en\/hirek\/svedorszagi-akceleracio-innovativ-vallalkozasoknak-jelentkezes-augusztus-23-ig\/","title":{"rendered":"Sv\u00e9dorsz\u00e1gi akceler\u00e1ci\u00f3 innovat\u00edv v\u00e1llalkoz\u00e1soknak &#8211; jelentkez\u00e9s augusztus 23-ig"},"content":{"rendered":"<p>Sziasztok!<\/p>\n<p>Szeretn\u00e9nk felh\u00edvni a figyelmeteket a Scellefte\u00e5 Akceler\u00e1tor programra, amelyet az az EIT InnoEnergy, a Skellefte\u00e5 Kraft \u00e9s a Skellefte\u00e5 Science City k\u00f6z\u00f6sen szervez.<\/p>\n<p>Amennyiben energiat\u00e1rol\u00e1ssal, fenntarthat\u00f3 mobilit\u00e1ssal, energiarendszer rugalmass\u00e1g\u00e1val vagy a fenntarthat\u00f3 energi\u00e1val foglalkozol \u00e9s van egy innovat\u00edv \u00f6tleted, term\u00e9ked vagy szolg\u00e1ltat\u00e1sod a tiszta \u00e9s fenntarthat\u00f3 energia ter\u00fclet\u00e9n,\u00a0<u><strong>jelentkezz augusztus 23-ig az akceler\u00e1tor programra<\/strong><\/u>. A h\u00e1rom h\u00f3nap alatt k\u00fcl\u00f6nb\u00f6z\u0151 workshopokon \u00e9s egy\u00e9ni konzult\u00e1ci\u00f3kon vehetsz r\u00e9szt a v\u00e1llalkoz\u00e1sod fejleszt\u00e9se \u00e9rdek\u00e9ben. \u00c9rd el, hogy az energetika, az innov\u00e1ci\u00f3 \u00e9s a n\u00f6veked\u00e9s skandin\u00e1v k\u00f6zpontj\u00e1ban fejleszthesd a c\u00e9ged.<\/p>\n<p>&nbsp;<\/p>\n<p>Jelentkez\u00e9s \u00e9s tov\u00e1bbi r\u00e9szletek:<br \/>\n<a href=\"https:\/\/www.accelerateskelleftea.com\/\" target=\"_blank\" rel=\"noopener\">https:\/\/www.accelerateskelleftea.com\/<\/a><\/p>\n<p>Amennyiben tov\u00e1bbi k\u00e9rd\u00e9s felmer\u00fcl, jelezd k\u00e9rlek dr. L\u0151rincz Andr\u00e1s Inkub\u00e1ci\u00f3s Menedzser koll\u00e9g\u00e1knak (<a href=\"mailto:andras.loerincz@innoenergy.com?subject=Sv%C3%A9dorsz%C3%A1gi%20akceler%C3%A1ci%C3%B3%20innovat%C3%ADv%20v%C3%A1llalkoz%C3%A1soknak\">andras.loerincz@innoenergy.com<\/a>).<\/p>\n<p><img decoding=\"async\" style=\"width: 496px; height: 391px;\" src=\"http:\/\/seed.hu\/files\/attachments\/inline\/sved-akceleracio2.png\" alt=\"\" \/><\/p>\n","protected":false},"featured_media":792,"menu_order":0,"template":"","meta":{"_acf_changed":false},"class_list":["post-1020","hirek","type-hirek","status-publish","has-post-thumbnail","hentry"],"acf":[],"yoast_head":"<!-- This site is optimized with the Yoast SEO plugin v27.4 - https:\/\/yoast.com\/product\/yoast-seo-wordpress\/ -->\n<title>Sv\u00e9dorsz\u00e1gi akceler\u00e1ci\u00f3 innovat\u00edv v\u00e1llalkoz\u00e1soknak - jelentkez\u00e9s augusztus 23-ig - Seed<\/title>\n<meta name=\"robots\" content=\"index, follow, max-snippet:-1, max-image-preview:large, max-video-preview:-1\" \/>\n<link rel=\"canonical\" href=\"https:\/\/seed.hu\/hirek\/svedorszagi-akceleracio-innovativ-vallalkozasoknak-jelentkezes-augusztus-23-ig\/\" \/>\n<meta property=\"og:locale\" content=\"en_US\" \/>\n<meta property=\"og:type\" content=\"article\" \/>\n<meta property=\"og:title\" content=\"Sv\u00e9dorsz\u00e1gi akceler\u00e1ci\u00f3 innovat\u00edv v\u00e1llalkoz\u00e1soknak - jelentkez\u00e9s augusztus 23-ig - Seed\" \/>\n<meta property=\"og:description\" content=\"Sziasztok! Szeretn\u00e9nk felh\u00edvni a figyelmeteket a Scellefte\u00e5 Akceler\u00e1tor programra, amelyet az az EIT InnoEnergy, a Skellefte\u00e5 Kraft \u00e9s a Skellefte\u00e5 Science City k\u00f6z\u00f6sen szervez. Amennyiben energiat\u00e1rol\u00e1ssal, fenntarthat\u00f3 mobilit\u00e1ssal, energiarendszer rugalmass\u00e1g\u00e1val vagy a fenntarthat\u00f3 energi\u00e1val foglalkozol \u00e9s van egy innovat\u00edv \u00f6tleted, term\u00e9ked vagy szolg\u00e1ltat\u00e1sod a tiszta \u00e9s fenntarthat\u00f3 energia ter\u00fclet\u00e9n,\u00a0jelentkezz augusztus 23-ig az akceler\u00e1tor programra. A [&hellip;]\" \/>\n<meta property=\"og:url\" content=\"https:\/\/seed.hu\/hirek\/svedorszagi-akceleracio-innovativ-vallalkozasoknak-jelentkezes-augusztus-23-ig\/\" \/>\n<meta property=\"og:site_name\" content=\"Seed\" \/>\n<meta property=\"article:modified_time\" content=\"2022-01-23T17:02:43+00:00\" \/>\n<meta property=\"og:image\" content=\"https:\/\/seed.hu\/wp-content\/uploads\/2018\/04\/SEED_logo.png\" \/>\n\t<meta property=\"og:image:width\" content=\"250\" \/>\n\t<meta property=\"og:image:height\" content=\"206\" \/>\n\t<meta property=\"og:image:type\" content=\"image\/png\" \/>\n<meta name=\"twitter:card\" content=\"summary_large_image\" \/>\n<meta name=\"twitter:label1\" content=\"Est. reading time\" \/>\n\t<meta name=\"twitter:data1\" content=\"1 minute\" \/>\n<script type=\"application\/ld+json\" class=\"yoast-schema-graph\">{\"@context\":\"https:\\\/\\\/schema.org\",\"@graph\":[{\"@type\":\"WebPage\",\"@id\":\"https:\\\/\\\/seed.hu\\\/hirek\\\/svedorszagi-akceleracio-innovativ-vallalkozasoknak-jelentkezes-augusztus-23-ig\\\/\",\"url\":\"https:\\\/\\\/seed.hu\\\/hirek\\\/svedorszagi-akceleracio-innovativ-vallalkozasoknak-jelentkezes-augusztus-23-ig\\\/\",\"name\":\"Sv\u00e9dorsz\u00e1gi akceler\u00e1ci\u00f3 innovat\u00edv v\u00e1llalkoz\u00e1soknak - jelentkez\u00e9s augusztus 23-ig - Seed\",\"isPartOf\":{\"@id\":\"https:\\\/\\\/seed.hu\\\/#website\"},\"primaryImageOfPage\":{\"@id\":\"https:\\\/\\\/seed.hu\\\/hirek\\\/svedorszagi-akceleracio-innovativ-vallalkozasoknak-jelentkezes-augusztus-23-ig\\\/#primaryimage\"},\"image\":{\"@id\":\"https:\\\/\\\/seed.hu\\\/hirek\\\/svedorszagi-akceleracio-innovativ-vallalkozasoknak-jelentkezes-augusztus-23-ig\\\/#primaryimage\"},\"thumbnailUrl\":\"https:\\\/\\\/seed.hu\\\/wp-content\\\/uploads\\\/2018\\\/04\\\/SEED_logo.png\",\"datePublished\":\"2020-07-12T16:09:44+00:00\",\"dateModified\":\"2022-01-23T17:02:43+00:00\",\"breadcrumb\":{\"@id\":\"https:\\\/\\\/seed.hu\\\/hirek\\\/svedorszagi-akceleracio-innovativ-vallalkozasoknak-jelentkezes-augusztus-23-ig\\\/#breadcrumb\"},\"inLanguage\":\"en-US\",\"potentialAction\":[{\"@type\":\"ReadAction\",\"target\":[\"https:\\\/\\\/seed.hu\\\/hirek\\\/svedorszagi-akceleracio-innovativ-vallalkozasoknak-jelentkezes-augusztus-23-ig\\\/\"]}]},{\"@type\":\"ImageObject\",\"inLanguage\":\"en-US\",\"@id\":\"https:\\\/\\\/seed.hu\\\/hirek\\\/svedorszagi-akceleracio-innovativ-vallalkozasoknak-jelentkezes-augusztus-23-ig\\\/#primaryimage\",\"url\":\"https:\\\/\\\/seed.hu\\\/wp-content\\\/uploads\\\/2018\\\/04\\\/SEED_logo.png\",\"contentUrl\":\"https:\\\/\\\/seed.hu\\\/wp-content\\\/uploads\\\/2018\\\/04\\\/SEED_logo.png\",\"width\":250,\"height\":206},{\"@type\":\"BreadcrumbList\",\"@id\":\"https:\\\/\\\/seed.hu\\\/hirek\\\/svedorszagi-akceleracio-innovativ-vallalkozasoknak-jelentkezes-augusztus-23-ig\\\/#breadcrumb\",\"itemListElement\":[{\"@type\":\"ListItem\",\"position\":1,\"name\":\"H\u00edrek\",\"item\":\"https:\\\/\\\/seed.hu\\\/hirek\\\/\"},{\"@type\":\"ListItem\",\"position\":2,\"name\":\"Sv\u00e9dorsz\u00e1gi akceler\u00e1ci\u00f3 innovat\u00edv v\u00e1llalkoz\u00e1soknak &#8211; jelentkez\u00e9s augusztus 23-ig\"}]},{\"@type\":\"WebSite\",\"@id\":\"https:\\\/\\\/seed.hu\\\/#website\",\"url\":\"https:\\\/\\\/seed.hu\\\/\",\"name\":\"Seed\",\"description\":\"\",\"potentialAction\":[{\"@type\":\"SearchAction\",\"target\":{\"@type\":\"EntryPoint\",\"urlTemplate\":\"https:\\\/\\\/seed.hu\\\/?s={search_term_string}\"},\"query-input\":{\"@type\":\"PropertyValueSpecification\",\"valueRequired\":true,\"valueName\":\"search_term_string\"}}],\"inLanguage\":\"en-US\"}]}<\/script>\n<!-- \/ Yoast SEO plugin. -->","yoast_head_json":{"title":"Sv\u00e9dorsz\u00e1gi akceler\u00e1ci\u00f3 innovat\u00edv v\u00e1llalkoz\u00e1soknak - jelentkez\u00e9s augusztus 23-ig - Seed","robots":{"index":"index","follow":"follow","max-snippet":"max-snippet:-1","max-image-preview":"max-image-preview:large","max-video-preview":"max-video-preview:-1"},"canonical":"https:\/\/seed.hu\/hirek\/svedorszagi-akceleracio-innovativ-vallalkozasoknak-jelentkezes-augusztus-23-ig\/","og_locale":"en_US","og_type":"article","og_title":"Sv\u00e9dorsz\u00e1gi akceler\u00e1ci\u00f3 innovat\u00edv v\u00e1llalkoz\u00e1soknak - jelentkez\u00e9s augusztus 23-ig - Seed","og_description":"Sziasztok! Szeretn\u00e9nk felh\u00edvni a figyelmeteket a Scellefte\u00e5 Akceler\u00e1tor programra, amelyet az az EIT InnoEnergy, a Skellefte\u00e5 Kraft \u00e9s a Skellefte\u00e5 Science City k\u00f6z\u00f6sen szervez. Amennyiben energiat\u00e1rol\u00e1ssal, fenntarthat\u00f3 mobilit\u00e1ssal, energiarendszer rugalmass\u00e1g\u00e1val vagy a fenntarthat\u00f3 energi\u00e1val foglalkozol \u00e9s van egy innovat\u00edv \u00f6tleted, term\u00e9ked vagy szolg\u00e1ltat\u00e1sod a tiszta \u00e9s fenntarthat\u00f3 energia ter\u00fclet\u00e9n,\u00a0jelentkezz augusztus 23-ig az akceler\u00e1tor programra. A [&hellip;]","og_url":"https:\/\/seed.hu\/hirek\/svedorszagi-akceleracio-innovativ-vallalkozasoknak-jelentkezes-augusztus-23-ig\/","og_site_name":"Seed","article_modified_time":"2022-01-23T17:02:43+00:00","og_image":[{"width":250,"height":206,"url":"https:\/\/seed.hu\/wp-content\/uploads\/2018\/04\/SEED_logo.png","type":"image\/png"}],"twitter_card":"summary_large_image","twitter_misc":{"Est. reading time":"1 minute"},"schema":{"@context":"https:\/\/schema.org","@graph":[{"@type":"WebPage","@id":"https:\/\/seed.hu\/hirek\/svedorszagi-akceleracio-innovativ-vallalkozasoknak-jelentkezes-augusztus-23-ig\/","url":"https:\/\/seed.hu\/hirek\/svedorszagi-akceleracio-innovativ-vallalkozasoknak-jelentkezes-augusztus-23-ig\/","name":"Sv\u00e9dorsz\u00e1gi akceler\u00e1ci\u00f3 innovat\u00edv v\u00e1llalkoz\u00e1soknak - jelentkez\u00e9s augusztus 23-ig - Seed","isPartOf":{"@id":"https:\/\/seed.hu\/#website"},"primaryImageOfPage":{"@id":"https:\/\/seed.hu\/hirek\/svedorszagi-akceleracio-innovativ-vallalkozasoknak-jelentkezes-augusztus-23-ig\/#primaryimage"},"image":{"@id":"https:\/\/seed.hu\/hirek\/svedorszagi-akceleracio-innovativ-vallalkozasoknak-jelentkezes-augusztus-23-ig\/#primaryimage"},"thumbnailUrl":"https:\/\/seed.hu\/wp-content\/uploads\/2018\/04\/SEED_logo.png","datePublished":"2020-07-12T16:09:44+00:00","dateModified":"2022-01-23T17:02:43+00:00","breadcrumb":{"@id":"https:\/\/seed.hu\/hirek\/svedorszagi-akceleracio-innovativ-vallalkozasoknak-jelentkezes-augusztus-23-ig\/#breadcrumb"},"inLanguage":"en-US","potentialAction":[{"@type":"ReadAction","target":["https:\/\/seed.hu\/hirek\/svedorszagi-akceleracio-innovativ-vallalkozasoknak-jelentkezes-augusztus-23-ig\/"]}]},{"@type":"ImageObject","inLanguage":"en-US","@id":"https:\/\/seed.hu\/hirek\/svedorszagi-akceleracio-innovativ-vallalkozasoknak-jelentkezes-augusztus-23-ig\/#primaryimage","url":"https:\/\/seed.hu\/wp-content\/uploads\/2018\/04\/SEED_logo.png","contentUrl":"https:\/\/seed.hu\/wp-content\/uploads\/2018\/04\/SEED_logo.png","width":250,"height":206},{"@type":"BreadcrumbList","@id":"https:\/\/seed.hu\/hirek\/svedorszagi-akceleracio-innovativ-vallalkozasoknak-jelentkezes-augusztus-23-ig\/#breadcrumb","itemListElement":[{"@type":"ListItem","position":1,"name":"H\u00edrek","item":"https:\/\/seed.hu\/hirek\/"},{"@type":"ListItem","position":2,"name":"Sv\u00e9dorsz\u00e1gi akceler\u00e1ci\u00f3 innovat\u00edv v\u00e1llalkoz\u00e1soknak &#8211; jelentkez\u00e9s augusztus 23-ig"}]},{"@type":"WebSite","@id":"https:\/\/seed.hu\/#website","url":"https:\/\/seed.hu\/","name":"Seed","description":"","potentialAction":[{"@type":"SearchAction","target":{"@type":"EntryPoint","urlTemplate":"https:\/\/seed.hu\/?s={search_term_string}"},"query-input":{"@type":"PropertyValueSpecification","valueRequired":true,"valueName":"search_term_string"}}],"inLanguage":"en-US"}]}},"_links":{"self":[{"href":"https:\/\/seed.hu\/en\/wp-json\/wp\/v2\/hirek\/1020","targetHints":{"allow":["GET"]}}],"collection":[{"href":"https:\/\/seed.hu\/en\/wp-json\/wp\/v2\/hirek"}],"about":[{"href":"https:\/\/seed.hu\/en\/wp-json\/wp\/v2\/types\/hirek"}],"wp:featuredmedia":[{"embeddable":true,"href":"https:\/\/seed.hu\/en\/wp-json\/wp\/v2\/media\/792"}],"wp:attachment":[{"href":"https:\/\/seed.hu\/en\/wp-json\/wp\/v2\/media?parent=1020"}],"curies":[{"name":"wp","href":"https:\/\/api.w.org\/{rel}","templated":true}]}}

Svédországi akceleráció innovatív vállalkozásoknak &#8211; jelentkezés augusztus 23-ig

<p>Sziasztok!</p>
<p>Szeretnénk felhívni a figyelmeteket a Scellefteå Akcelerátor programra, amelyet az az EIT InnoEnergy, a Skellefteå Kraft és a Skellefteå Science City közösen szervez.</p>
<p>Amennyiben energiatárolással, fenntartható mobilitással, energiarendszer rugalmasságával vagy a fenntartható energiával foglalkozol és van egy innovatív ötleted, terméked vagy szolgáltatásod a tiszta és fenntartható energia területén, <u><strong>jelentkezz augusztus 23-ig az akcelerátor programra</strong></u>. A három hónap alatt különböző workshopokon és egyéni konzultációkon vehetsz részt a vállalkozásod fejlesztése érdekében. Érd el, hogy az energetika, az innováció és a növekedés skandináv központjában fejleszthesd a céged.</p>
<p>&nbsp;</p>
<p>Jelentkezés és további részletek:<br />
<a href="https://www.accelerateskelleftea.com/" target="_blank" rel="noopener">https://www.accelerateskelleftea.com/</a></p>
<p>Amennyiben további kérdés felmerül, jelezd kérlek dr. Lőrincz András Inkubációs Menedzser kollégáknak (<a href="mailto:andras.loerincz@innoenergy.com?subject=Sv%C3%A9dorsz%C3%A1gi%20akceler%C3%A1ci%C3%B3%20innovat%C3%ADv%20v%C3%A1llalkoz%C3%A1soknak">andras.loerincz@innoenergy.com</a>).</p>
<p><img decoding="async" style="width: 496px; height: 391px;" src="http://seed.hu/files/attachments/inline/sved-akceleracio2.png" alt="" /></p>

<!-- This site is optimized with the Yoast SEO plugin v27.4 - https://yoast.com/product/yoast-seo-wordpress/ -->
<title>Svédországi akceleráció innovatív vállalkozásoknak - jelentkezés augusztus 23-ig - Seed</title>
<meta name="robots" content="index, follow, max-snippet:-1, max-image-preview:large, max-video-preview:-1" />
<link rel="canonical" href="https://seed.hu/hirek/svedorszagi-akceleracio-innovativ-vallalkozasoknak-jelentkezes-augusztus-23-ig/" />
<meta property="og:locale" content="en_US" />
<meta property="og:type" content="article" />
<meta property="og:title" content="Svédországi akceleráció innovatív vállalkozásoknak - jelentkezés augusztus 23-ig - Seed" />
<meta property="og:description" content="Sziasztok! Szeretnénk felhívni a figyelmeteket a Scellefteå Akcelerátor programra, amelyet az az EIT InnoEnergy, a Skellefteå Kraft és a Skellefteå Science City közösen szervez. Amennyiben energiatárolással, fenntartható mobilitással, energiarendszer rugalmasságával vagy a fenntartható energiával foglalkozol és van egy innovatív ötleted, terméked vagy szolgáltatásod a tiszta és fenntartható energia területén, jelentkezz augusztus 23-ig az akcelerátor programra. A [&hellip;]" />
<meta property="og:url" content="https://seed.hu/hirek/svedorszagi-akceleracio-innovativ-vallalkozasoknak-jelentkezes-augusztus-23-ig/" />
<meta property="og:site_name" content="Seed" />
<meta property="article:modified_time" content="2022-01-23T17:02:43+00:00" />
<meta property="og:image" content="https://seed.hu/wp-content/uploads/2018/04/SEED_logo.png" />
	<meta property="og:image:width" content="250" />
	<meta property="og:image:height" content="206" />
	<meta property="og:image:type" content="image/png" />
<meta name="twitter:card" content="summary_large_image" />
<meta name="twitter:label1" content="Est. reading time" />
	<meta name="twitter:data1" content="1 minute" />
<script type="application/ld+json" class="yoast-schema-graph">{"@context":"https:\/\/schema.org","@graph":[{"@type":"WebPage","@id":"https:\/\/seed.hu\/hirek\/svedorszagi-akceleracio-innovativ-vallalkozasoknak-jelentkezes-augusztus-23-ig\/","url":"https:\/\/seed.hu\/hirek\/svedorszagi-akceleracio-innovativ-vallalkozasoknak-jelentkezes-augusztus-23-ig\/","name":"Svédországi akceleráció innovatív vállalkozásoknak - jelentkezés augusztus 23-ig - Seed","isPartOf":{"@id":"https:\/\/seed.hu\/#website"},"primaryImageOfPage":{"@id":"https:\/\/seed.hu\/hirek\/svedorszagi-akceleracio-innovativ-vallalkozasoknak-jelentkezes-augusztus-23-ig\/#primaryimage"},"image":{"@id":"https:\/\/seed.hu\/hirek\/svedorszagi-akceleracio-innovativ-vallalkozasoknak-jelentkezes-augusztus-23-ig\/#primaryimage"},"thumbnailUrl":"https:\/\/seed.hu\/wp-content\/uploads\/2018\/04\/SEED_logo.png","datePublished":"2020-07-12T16:09:44+00:00","dateModified":"2022-01-23T17:02:43+00:00","breadcrumb":{"@id":"https:\/\/seed.hu\/hirek\/svedorszagi-akceleracio-innovativ-vallalkozasoknak-jelentkezes-augusztus-23-ig\/#breadcrumb"},"inLanguage":"en-US","potentialAction":[{"@type":"ReadAction","target":["https:\/\/seed.hu\/hirek\/svedorszagi-akceleracio-innovativ-vallalkozasoknak-jelentkezes-augusztus-23-ig\/"]}]},{"@type":"ImageObject","inLanguage":"en-US","@id":"https:\/\/seed.hu\/hirek\/svedorszagi-akceleracio-innovativ-vallalkozasoknak-jelentkezes-augusztus-23-ig\/#primaryimage","url":"https:\/\/seed.hu\/wp-content\/uploads\/2018\/04\/SEED_logo.png","contentUrl":"https:\/\/seed.hu\/wp-content\/uploads\/2018\/04\/SEED_logo.png","width":250,"height":206},{"@type":"BreadcrumbList","@id":"https:\/\/seed.hu\/hirek\/svedorszagi-akceleracio-innovativ-vallalkozasoknak-jelentkezes-augusztus-23-ig\/#breadcrumb","itemListElement":[{"@type":"ListItem","position":1,"name":"Hírek","item":"https:\/\/seed.hu\/hirek\/"},{"@type":"ListItem","position":2,"name":"Svédországi akceleráció innovatív vállalkozásoknak &#8211; jelentkezés augusztus 23-ig"}]},{"@type":"WebSite","@id":"https:\/\/seed.hu\/#website","url":"https:\/\/seed.hu\/","name":"Seed","description":"","potentialAction":[{"@type":"SearchAction","target":{"@type":"EntryPoint","urlTemplate":"https:\/\/seed.hu\/?s={search_term_string}"},"query-input":{"@type":"PropertyValueSpecification","valueRequired":true,"valueName":"search_term_string"}}],"inLanguage":"en-US"}]}</script>
<!-- / Yoast SEO plugin. -->

Svédországi akceleráció innovatív vállalkozásoknak - jelentkezés augusztus 23-ig - Seed

Sziasztok! Szeretnénk felhívni a figyelmeteket a Scellefteå Akcelerátor programra, amelyet az az EIT InnoEnergy, a Skellefteå Kraft és a Skellefteå Science City közösen szervez. Amennyiben energiatárolással, fenntartható mobilitással, energiarendszer rugalmasságával vagy a fenntartható energiával foglalkozol és van egy innovatív ötleted, terméked vagy szolgáltatásod a tiszta és fenntartható energia területén, jelentkezz augusztus 23-ig az akcelerátor programra. A [&hellip;]

Hírek
