{"id":1021,"date":"2020-07-12T18:11:54","date_gmt":"2020-07-12T16:11:54","guid":{"rendered":"https:\/\/seed.hu\/?post_type=hirek&#038;p=1021"},"modified":"2022-01-23T18:03:47","modified_gmt":"2022-01-23T17:03:47","slug":"hogyan-velekedunk-a-marketingkommunikaciorol","status":"publish","type":"hirek","link":"https:\/\/seed.hu\/en\/hirek\/hogyan-velekedunk-a-marketingkommunikaciorol\/","title":{"rendered":"Hogyan v\u00e9leked\u00fcnk a marketingkommunik\u00e1ci\u00f3r\u00f3l?"},"content":{"rendered":"<p>Buv\u00e1r \u00c1gnes, az E\u00f6tv\u00f6s Lor\u00e1nd Tudom\u00e1nyegyetem Pedag\u00f3giai \u00e9s Pszichol\u00f3giai Kar\u00e1nak adjunktusa \u00e1ltal vezetett kutat\u00e1sb\u00f3l megtudhatjuk.<\/p>\n<p>Az ELTE a Budapesti Corvinus Egyetemmel \u00e9s a SEED Kisv\u00e1llalkoz\u00e1s-fejleszt\u00e9si Alap\u00edtv\u00e1nnyal k\u00f6z\u00f6sen tudom\u00e1nyos vizsg\u00e1latot v\u00e9gez a magyar mikrov\u00e1llalkoz\u00e1sok k\u00e9pvisel\u0151inek k\u00f6r\u00e9ben marketingkommunik\u00e1ci\u00f3val kapcsolatos t\u00e9m\u00e1ban.<\/p>\n<p>K\u00e9r\u00fcnk, az al\u00e1bbi linken tal\u00e1lhat\u00f3,maximum 15-20 percet vesz ig\u00e9nybe vev\u0151 k\u00e9rd\u0151\u00edv kit\u00f6lt\u00e9s\u00e9vel seg\u00edtsd a kutat\u00e1si eredm\u00e9ny l\u00e9trej\u00f6tt\u00e9t, melyet az \u0151sszel folytatand\u00f3 Online V\u00e1llalkoz\u00f3i F\u00f3rumaink egyik\u00e9n megismerhet\u00fcnk r\u00e9szletesen is.<\/p>\n<p>Az adatgy\u0171jt\u00e9s sor\u00e1n semmilyen olyan adatot nem k\u00e9r\u00fcnk, ami alapj\u00e1n szem\u00e9lyed vagy a c\u00e9g beazonos\u00edthat\u00f3 lenne, az adatokat kiz\u00e1r\u00f3lag tudom\u00e1nyos kutat\u00e1s c\u00e9lj\u00e1ra haszn\u00e1ljuk fel. A k\u00e9rd\u0151\u00edv kit\u00f6lt\u00e9se \u00f6nk\u00e9ntes, nem j\u00e1r d\u00edjaz\u00e1ssal.<\/p>\n<p>A k\u00e9rd\u0151\u00edv linkje:\u00a0<a href=\"https:\/\/elteppk.eu.qualtrics.com\/jfe\/form\/SV_5A9eMmsg6gxkRxP\" target=\"_blank\" rel=\"noopener\">https:\/\/elteppk.eu.qualtrics.com\/jfe\/form\/SV_5A9eMmsg6gxkRxP<\/a><\/p>\n<p>El\u0151re is k\u00f6sz\u00f6nj\u00fck, hogy v\u00e1laszaiddal hozz\u00e1j\u00e1rulsz a vizsg\u00e1lat sikeress\u00e9g\u00e9hez!<\/p>\n","protected":false},"featured_media":792,"menu_order":0,"template":"","meta":{"_acf_changed":false},"class_list":["post-1021","hirek","type-hirek","status-publish","has-post-thumbnail","hentry"],"acf":[],"yoast_head":"<!-- This site is optimized with the Yoast SEO plugin v27.4 - https:\/\/yoast.com\/product\/yoast-seo-wordpress\/ -->\n<title>Hogyan v\u00e9leked\u00fcnk a marketingkommunik\u00e1ci\u00f3r\u00f3l? - Seed<\/title>\n<meta name=\"robots\" content=\"index, follow, max-snippet:-1, max-image-preview:large, max-video-preview:-1\" \/>\n<link rel=\"canonical\" href=\"https:\/\/seed.hu\/hirek\/hogyan-velekedunk-a-marketingkommunikaciorol\/\" \/>\n<meta property=\"og:locale\" content=\"en_US\" \/>\n<meta property=\"og:type\" content=\"article\" \/>\n<meta property=\"og:title\" content=\"Hogyan v\u00e9leked\u00fcnk a marketingkommunik\u00e1ci\u00f3r\u00f3l? - Seed\" \/>\n<meta property=\"og:description\" content=\"Buv\u00e1r \u00c1gnes, az E\u00f6tv\u00f6s Lor\u00e1nd Tudom\u00e1nyegyetem Pedag\u00f3giai \u00e9s Pszichol\u00f3giai Kar\u00e1nak adjunktusa \u00e1ltal vezetett kutat\u00e1sb\u00f3l megtudhatjuk. Az ELTE a Budapesti Corvinus Egyetemmel \u00e9s a SEED Kisv\u00e1llalkoz\u00e1s-fejleszt\u00e9si Alap\u00edtv\u00e1nnyal k\u00f6z\u00f6sen tudom\u00e1nyos vizsg\u00e1latot v\u00e9gez a magyar mikrov\u00e1llalkoz\u00e1sok k\u00e9pvisel\u0151inek k\u00f6r\u00e9ben marketingkommunik\u00e1ci\u00f3val kapcsolatos t\u00e9m\u00e1ban. K\u00e9r\u00fcnk, az al\u00e1bbi linken tal\u00e1lhat\u00f3,maximum 15-20 percet vesz ig\u00e9nybe vev\u0151 k\u00e9rd\u0151\u00edv kit\u00f6lt\u00e9s\u00e9vel seg\u00edtsd a kutat\u00e1si eredm\u00e9ny l\u00e9trej\u00f6tt\u00e9t, [&hellip;]\" \/>\n<meta property=\"og:url\" content=\"https:\/\/seed.hu\/hirek\/hogyan-velekedunk-a-marketingkommunikaciorol\/\" \/>\n<meta property=\"og:site_name\" content=\"Seed\" \/>\n<meta property=\"article:modified_time\" content=\"2022-01-23T17:03:47+00:00\" \/>\n<meta property=\"og:image\" content=\"https:\/\/seed.hu\/wp-content\/uploads\/2018\/04\/SEED_logo.png\" \/>\n\t<meta property=\"og:image:width\" content=\"250\" \/>\n\t<meta property=\"og:image:height\" content=\"206\" \/>\n\t<meta property=\"og:image:type\" content=\"image\/png\" \/>\n<meta name=\"twitter:card\" content=\"summary_large_image\" \/>\n<meta name=\"twitter:label1\" content=\"Est. reading time\" \/>\n\t<meta name=\"twitter:data1\" content=\"1 minute\" \/>\n<script type=\"application\/ld+json\" class=\"yoast-schema-graph\">{\"@context\":\"https:\\\/\\\/schema.org\",\"@graph\":[{\"@type\":\"WebPage\",\"@id\":\"https:\\\/\\\/seed.hu\\\/hirek\\\/hogyan-velekedunk-a-marketingkommunikaciorol\\\/\",\"url\":\"https:\\\/\\\/seed.hu\\\/hirek\\\/hogyan-velekedunk-a-marketingkommunikaciorol\\\/\",\"name\":\"Hogyan v\u00e9leked\u00fcnk a marketingkommunik\u00e1ci\u00f3r\u00f3l? - Seed\",\"isPartOf\":{\"@id\":\"https:\\\/\\\/seed.hu\\\/#website\"},\"primaryImageOfPage\":{\"@id\":\"https:\\\/\\\/seed.hu\\\/hirek\\\/hogyan-velekedunk-a-marketingkommunikaciorol\\\/#primaryimage\"},\"image\":{\"@id\":\"https:\\\/\\\/seed.hu\\\/hirek\\\/hogyan-velekedunk-a-marketingkommunikaciorol\\\/#primaryimage\"},\"thumbnailUrl\":\"https:\\\/\\\/seed.hu\\\/wp-content\\\/uploads\\\/2018\\\/04\\\/SEED_logo.png\",\"datePublished\":\"2020-07-12T16:11:54+00:00\",\"dateModified\":\"2022-01-23T17:03:47+00:00\",\"breadcrumb\":{\"@id\":\"https:\\\/\\\/seed.hu\\\/hirek\\\/hogyan-velekedunk-a-marketingkommunikaciorol\\\/#breadcrumb\"},\"inLanguage\":\"en-US\",\"potentialAction\":[{\"@type\":\"ReadAction\",\"target\":[\"https:\\\/\\\/seed.hu\\\/hirek\\\/hogyan-velekedunk-a-marketingkommunikaciorol\\\/\"]}]},{\"@type\":\"ImageObject\",\"inLanguage\":\"en-US\",\"@id\":\"https:\\\/\\\/seed.hu\\\/hirek\\\/hogyan-velekedunk-a-marketingkommunikaciorol\\\/#primaryimage\",\"url\":\"https:\\\/\\\/seed.hu\\\/wp-content\\\/uploads\\\/2018\\\/04\\\/SEED_logo.png\",\"contentUrl\":\"https:\\\/\\\/seed.hu\\\/wp-content\\\/uploads\\\/2018\\\/04\\\/SEED_logo.png\",\"width\":250,\"height\":206},{\"@type\":\"BreadcrumbList\",\"@id\":\"https:\\\/\\\/seed.hu\\\/hirek\\\/hogyan-velekedunk-a-marketingkommunikaciorol\\\/#breadcrumb\",\"itemListElement\":[{\"@type\":\"ListItem\",\"position\":1,\"name\":\"H\u00edrek\",\"item\":\"https:\\\/\\\/seed.hu\\\/hirek\\\/\"},{\"@type\":\"ListItem\",\"position\":2,\"name\":\"Hogyan v\u00e9leked\u00fcnk a marketingkommunik\u00e1ci\u00f3r\u00f3l?\"}]},{\"@type\":\"WebSite\",\"@id\":\"https:\\\/\\\/seed.hu\\\/#website\",\"url\":\"https:\\\/\\\/seed.hu\\\/\",\"name\":\"Seed\",\"description\":\"\",\"potentialAction\":[{\"@type\":\"SearchAction\",\"target\":{\"@type\":\"EntryPoint\",\"urlTemplate\":\"https:\\\/\\\/seed.hu\\\/?s={search_term_string}\"},\"query-input\":{\"@type\":\"PropertyValueSpecification\",\"valueRequired\":true,\"valueName\":\"search_term_string\"}}],\"inLanguage\":\"en-US\"}]}<\/script>\n<!-- \/ Yoast SEO plugin. -->","yoast_head_json":{"title":"Hogyan v\u00e9leked\u00fcnk a marketingkommunik\u00e1ci\u00f3r\u00f3l? - Seed","robots":{"index":"index","follow":"follow","max-snippet":"max-snippet:-1","max-image-preview":"max-image-preview:large","max-video-preview":"max-video-preview:-1"},"canonical":"https:\/\/seed.hu\/hirek\/hogyan-velekedunk-a-marketingkommunikaciorol\/","og_locale":"en_US","og_type":"article","og_title":"Hogyan v\u00e9leked\u00fcnk a marketingkommunik\u00e1ci\u00f3r\u00f3l? - Seed","og_description":"Buv\u00e1r \u00c1gnes, az E\u00f6tv\u00f6s Lor\u00e1nd Tudom\u00e1nyegyetem Pedag\u00f3giai \u00e9s Pszichol\u00f3giai Kar\u00e1nak adjunktusa \u00e1ltal vezetett kutat\u00e1sb\u00f3l megtudhatjuk. Az ELTE a Budapesti Corvinus Egyetemmel \u00e9s a SEED Kisv\u00e1llalkoz\u00e1s-fejleszt\u00e9si Alap\u00edtv\u00e1nnyal k\u00f6z\u00f6sen tudom\u00e1nyos vizsg\u00e1latot v\u00e9gez a magyar mikrov\u00e1llalkoz\u00e1sok k\u00e9pvisel\u0151inek k\u00f6r\u00e9ben marketingkommunik\u00e1ci\u00f3val kapcsolatos t\u00e9m\u00e1ban. K\u00e9r\u00fcnk, az al\u00e1bbi linken tal\u00e1lhat\u00f3,maximum 15-20 percet vesz ig\u00e9nybe vev\u0151 k\u00e9rd\u0151\u00edv kit\u00f6lt\u00e9s\u00e9vel seg\u00edtsd a kutat\u00e1si eredm\u00e9ny l\u00e9trej\u00f6tt\u00e9t, [&hellip;]","og_url":"https:\/\/seed.hu\/hirek\/hogyan-velekedunk-a-marketingkommunikaciorol\/","og_site_name":"Seed","article_modified_time":"2022-01-23T17:03:47+00:00","og_image":[{"width":250,"height":206,"url":"https:\/\/seed.hu\/wp-content\/uploads\/2018\/04\/SEED_logo.png","type":"image\/png"}],"twitter_card":"summary_large_image","twitter_misc":{"Est. reading time":"1 minute"},"schema":{"@context":"https:\/\/schema.org","@graph":[{"@type":"WebPage","@id":"https:\/\/seed.hu\/hirek\/hogyan-velekedunk-a-marketingkommunikaciorol\/","url":"https:\/\/seed.hu\/hirek\/hogyan-velekedunk-a-marketingkommunikaciorol\/","name":"Hogyan v\u00e9leked\u00fcnk a marketingkommunik\u00e1ci\u00f3r\u00f3l? - Seed","isPartOf":{"@id":"https:\/\/seed.hu\/#website"},"primaryImageOfPage":{"@id":"https:\/\/seed.hu\/hirek\/hogyan-velekedunk-a-marketingkommunikaciorol\/#primaryimage"},"image":{"@id":"https:\/\/seed.hu\/hirek\/hogyan-velekedunk-a-marketingkommunikaciorol\/#primaryimage"},"thumbnailUrl":"https:\/\/seed.hu\/wp-content\/uploads\/2018\/04\/SEED_logo.png","datePublished":"2020-07-12T16:11:54+00:00","dateModified":"2022-01-23T17:03:47+00:00","breadcrumb":{"@id":"https:\/\/seed.hu\/hirek\/hogyan-velekedunk-a-marketingkommunikaciorol\/#breadcrumb"},"inLanguage":"en-US","potentialAction":[{"@type":"ReadAction","target":["https:\/\/seed.hu\/hirek\/hogyan-velekedunk-a-marketingkommunikaciorol\/"]}]},{"@type":"ImageObject","inLanguage":"en-US","@id":"https:\/\/seed.hu\/hirek\/hogyan-velekedunk-a-marketingkommunikaciorol\/#primaryimage","url":"https:\/\/seed.hu\/wp-content\/uploads\/2018\/04\/SEED_logo.png","contentUrl":"https:\/\/seed.hu\/wp-content\/uploads\/2018\/04\/SEED_logo.png","width":250,"height":206},{"@type":"BreadcrumbList","@id":"https:\/\/seed.hu\/hirek\/hogyan-velekedunk-a-marketingkommunikaciorol\/#breadcrumb","itemListElement":[{"@type":"ListItem","position":1,"name":"H\u00edrek","item":"https:\/\/seed.hu\/hirek\/"},{"@type":"ListItem","position":2,"name":"Hogyan v\u00e9leked\u00fcnk a marketingkommunik\u00e1ci\u00f3r\u00f3l?"}]},{"@type":"WebSite","@id":"https:\/\/seed.hu\/#website","url":"https:\/\/seed.hu\/","name":"Seed","description":"","potentialAction":[{"@type":"SearchAction","target":{"@type":"EntryPoint","urlTemplate":"https:\/\/seed.hu\/?s={search_term_string}"},"query-input":{"@type":"PropertyValueSpecification","valueRequired":true,"valueName":"search_term_string"}}],"inLanguage":"en-US"}]}},"_links":{"self":[{"href":"https:\/\/seed.hu\/en\/wp-json\/wp\/v2\/hirek\/1021","targetHints":{"allow":["GET"]}}],"collection":[{"href":"https:\/\/seed.hu\/en\/wp-json\/wp\/v2\/hirek"}],"about":[{"href":"https:\/\/seed.hu\/en\/wp-json\/wp\/v2\/types\/hirek"}],"wp:featuredmedia":[{"embeddable":true,"href":"https:\/\/seed.hu\/en\/wp-json\/wp\/v2\/media\/792"}],"wp:attachment":[{"href":"https:\/\/seed.hu\/en\/wp-json\/wp\/v2\/media?parent=1021"}],"curies":[{"name":"wp","href":"https:\/\/api.w.org\/{rel}","templated":true}]}}

Hogyan vélekedünk a marketingkommunikációról?

<p>Buvár Ágnes, az Eötvös Loránd Tudományegyetem Pedagógiai és Pszichológiai Karának adjunktusa által vezetett kutatásból megtudhatjuk.</p>
<p>Az ELTE a Budapesti Corvinus Egyetemmel és a SEED Kisvállalkozás-fejlesztési Alapítvánnyal közösen tudományos vizsgálatot végez a magyar mikrovállalkozások képviselőinek körében marketingkommunikációval kapcsolatos témában.</p>
<p>Kérünk, az alábbi linken található,maximum 15-20 percet vesz igénybe vevő kérdőív kitöltésével segítsd a kutatási eredmény létrejöttét, melyet az ősszel folytatandó Online Vállalkozói Fórumaink egyikén megismerhetünk részletesen is.</p>
<p>Az adatgyűjtés során semmilyen olyan adatot nem kérünk, ami alapján személyed vagy a cég beazonosítható lenne, az adatokat kizárólag tudományos kutatás céljára használjuk fel. A kérdőív kitöltése önkéntes, nem jár díjazással.</p>
<p>A kérdőív linkje: <a href="https://elteppk.eu.qualtrics.com/jfe/form/SV_5A9eMmsg6gxkRxP" target="_blank" rel="noopener">https://elteppk.eu.qualtrics.com/jfe/form/SV_5A9eMmsg6gxkRxP</a></p>
<p>Előre is köszönjük, hogy válaszaiddal hozzájárulsz a vizsgálat sikerességéhez!</p>

<!-- This site is optimized with the Yoast SEO plugin v27.4 - https://yoast.com/product/yoast-seo-wordpress/ -->
<title>Hogyan vélekedünk a marketingkommunikációról? - Seed</title>
<meta name="robots" content="index, follow, max-snippet:-1, max-image-preview:large, max-video-preview:-1" />
<link rel="canonical" href="https://seed.hu/hirek/hogyan-velekedunk-a-marketingkommunikaciorol/" />
<meta property="og:locale" content="en_US" />
<meta property="og:type" content="article" />
<meta property="og:title" content="Hogyan vélekedünk a marketingkommunikációról? - Seed" />
<meta property="og:description" content="Buvár Ágnes, az Eötvös Loránd Tudományegyetem Pedagógiai és Pszichológiai Karának adjunktusa által vezetett kutatásból megtudhatjuk. Az ELTE a Budapesti Corvinus Egyetemmel és a SEED Kisvállalkozás-fejlesztési Alapítvánnyal közösen tudományos vizsgálatot végez a magyar mikrovállalkozások képviselőinek körében marketingkommunikációval kapcsolatos témában. Kérünk, az alábbi linken található,maximum 15-20 percet vesz igénybe vevő kérdőív kitöltésével segítsd a kutatási eredmény létrejöttét, [&hellip;]" />
<meta property="og:url" content="https://seed.hu/hirek/hogyan-velekedunk-a-marketingkommunikaciorol/" />
<meta property="og:site_name" content="Seed" />
<meta property="article:modified_time" content="2022-01-23T17:03:47+00:00" />
<meta property="og:image" content="https://seed.hu/wp-content/uploads/2018/04/SEED_logo.png" />
	<meta property="og:image:width" content="250" />
	<meta property="og:image:height" content="206" />
	<meta property="og:image:type" content="image/png" />
<meta name="twitter:card" content="summary_large_image" />
<meta name="twitter:label1" content="Est. reading time" />
	<meta name="twitter:data1" content="1 minute" />
<script type="application/ld+json" class="yoast-schema-graph">{"@context":"https:\/\/schema.org","@graph":[{"@type":"WebPage","@id":"https:\/\/seed.hu\/hirek\/hogyan-velekedunk-a-marketingkommunikaciorol\/","url":"https:\/\/seed.hu\/hirek\/hogyan-velekedunk-a-marketingkommunikaciorol\/","name":"Hogyan vélekedünk a marketingkommunikációról? - Seed","isPartOf":{"@id":"https:\/\/seed.hu\/#website"},"primaryImageOfPage":{"@id":"https:\/\/seed.hu\/hirek\/hogyan-velekedunk-a-marketingkommunikaciorol\/#primaryimage"},"image":{"@id":"https:\/\/seed.hu\/hirek\/hogyan-velekedunk-a-marketingkommunikaciorol\/#primaryimage"},"thumbnailUrl":"https:\/\/seed.hu\/wp-content\/uploads\/2018\/04\/SEED_logo.png","datePublished":"2020-07-12T16:11:54+00:00","dateModified":"2022-01-23T17:03:47+00:00","breadcrumb":{"@id":"https:\/\/seed.hu\/hirek\/hogyan-velekedunk-a-marketingkommunikaciorol\/#breadcrumb"},"inLanguage":"en-US","potentialAction":[{"@type":"ReadAction","target":["https:\/\/seed.hu\/hirek\/hogyan-velekedunk-a-marketingkommunikaciorol\/"]}]},{"@type":"ImageObject","inLanguage":"en-US","@id":"https:\/\/seed.hu\/hirek\/hogyan-velekedunk-a-marketingkommunikaciorol\/#primaryimage","url":"https:\/\/seed.hu\/wp-content\/uploads\/2018\/04\/SEED_logo.png","contentUrl":"https:\/\/seed.hu\/wp-content\/uploads\/2018\/04\/SEED_logo.png","width":250,"height":206},{"@type":"BreadcrumbList","@id":"https:\/\/seed.hu\/hirek\/hogyan-velekedunk-a-marketingkommunikaciorol\/#breadcrumb","itemListElement":[{"@type":"ListItem","position":1,"name":"Hírek","item":"https:\/\/seed.hu\/hirek\/"},{"@type":"ListItem","position":2,"name":"Hogyan vélekedünk a marketingkommunikációról?"}]},{"@type":"WebSite","@id":"https:\/\/seed.hu\/#website","url":"https:\/\/seed.hu\/","name":"Seed","description":"","potentialAction":[{"@type":"SearchAction","target":{"@type":"EntryPoint","urlTemplate":"https:\/\/seed.hu\/?s={search_term_string}"},"query-input":{"@type":"PropertyValueSpecification","valueRequired":true,"valueName":"search_term_string"}}],"inLanguage":"en-US"}]}</script>
<!-- / Yoast SEO plugin. -->

Hogyan vélekedünk a marketingkommunikációról? - Seed

Buvár Ágnes, az Eötvös Loránd Tudományegyetem Pedagógiai és Pszichológiai Karának adjunktusa által vezetett kutatásból megtudhatjuk. Az ELTE a Budapesti Corvinus Egyetemmel és a SEED Kisvállalkozás-fejlesztési Alapítvánnyal közösen tudományos vizsgálatot végez a magyar mikrovállalkozások képviselőinek körében marketingkommunikációval kapcsolatos témában. Kérünk, az alábbi linken található,maximum 15-20 percet vesz igénybe vevő kérdőív kitöltésével segítsd a kutatási eredmény létrejöttét, [&hellip;]

Hírek
