{"id":1025,"date":"2020-07-21T12:15:25","date_gmt":"2020-07-21T10:15:25","guid":{"rendered":"https:\/\/seed.hu\/?post_type=hirek&#038;p=1025"},"modified":"2022-01-23T18:09:56","modified_gmt":"2022-01-23T17:09:56","slug":"sikeres-vizsgat-tettek-a-fiatal-vallalkozni-szandozo-allaskeresok","status":"publish","type":"hirek","link":"https:\/\/seed.hu\/en\/hirek\/sikeres-vizsgat-tettek-a-fiatal-vallalkozni-szandozo-allaskeresok\/","title":{"rendered":"Sikeres vizsg\u00e1t tettek a fiatal, v\u00e1llalkozni sz\u00e1ndoz\u00f3 \u00e1ll\u00e1skeres\u0151k"},"content":{"rendered":"<p><a href=\"https:\/\/seed.hu\/hirek\/uj-irodaba-koltozott-a-seed-alapitvany\/seed_logo\/\" rel=\"attachment wp-att-792\"><img loading=\"lazy\" decoding=\"async\" class=\"wp-image-792 size-full aligncenter\" src=\"https:\/\/seed.hu\/wp-content\/uploads\/2018\/04\/SEED_logo.png\" alt=\"\" width=\"250\" height=\"206\" \/><\/a><\/p>\n<p>J\u00falius 17-\u00e9n, a vizsg\u00e1kkal, lez\u00e1rult a SEED Alap\u00edtv\u00e1ny szak\u00e9rt\u0151i\u00a0 \u00e1ltal a GINOP-5.1.9-17-2017-00009\u00a0 &#8220;V\u00e1llalkozz Vel\u00fcnk! \u00c1ll\u00e1skeres\u0151k \u00e9s fiatalok v\u00e1llalkoz\u00f3v\u00e1 v\u00e1l\u00e1s\u00e1nak \u00f6szt\u00f6nz\u00e9se a K\u00f6z\u00e9p-Dun\u00e1nt\u00fali r\u00e9gi\u00f3ban&#8221; c\u00edm\u0171 program keret\u00e9ben Veszpr\u00e9m megyei, \u00e1ll\u00e1skeres\u0151ben l\u00e9v\u0151 fiataloknak tartott kilenc napos felk\u00e9sz\u00edt\u0151 k\u00e9pz\u00e9se. A tr\u00e9ningek k\u00e9t csoportban, p\u00e1rhuzamosan folytak. Csoportonk\u00e9nt 24-26 fiatalt v\u00e9rteztek fel a SEED tr\u00e9nerei a sikeres \u00e1ll\u00e1skeres\u00e9shez sz\u00fcks\u00e9ges tud\u00e1ssal, kompetenci\u00e1kkal.<\/p>\n","protected":false},"featured_media":792,"menu_order":0,"template":"","meta":{"_acf_changed":false},"class_list":["post-1025","hirek","type-hirek","status-publish","has-post-thumbnail","hentry"],"acf":[],"yoast_head":"<!-- This site is optimized with the Yoast SEO plugin v27.4 - https:\/\/yoast.com\/product\/yoast-seo-wordpress\/ -->\n<title>Sikeres vizsg\u00e1t tettek a fiatal, v\u00e1llalkozni sz\u00e1ndoz\u00f3 \u00e1ll\u00e1skeres\u0151k - Seed<\/title>\n<meta name=\"robots\" content=\"index, follow, max-snippet:-1, max-image-preview:large, max-video-preview:-1\" \/>\n<link rel=\"canonical\" href=\"https:\/\/seed.hu\/hirek\/sikeres-vizsgat-tettek-a-fiatal-vallalkozni-szandozo-allaskeresok\/\" \/>\n<meta property=\"og:locale\" content=\"en_US\" \/>\n<meta property=\"og:type\" content=\"article\" \/>\n<meta property=\"og:title\" content=\"Sikeres vizsg\u00e1t tettek a fiatal, v\u00e1llalkozni sz\u00e1ndoz\u00f3 \u00e1ll\u00e1skeres\u0151k - Seed\" \/>\n<meta property=\"og:description\" content=\"J\u00falius 17-\u00e9n, a vizsg\u00e1kkal, lez\u00e1rult a SEED Alap\u00edtv\u00e1ny szak\u00e9rt\u0151i\u00a0 \u00e1ltal a GINOP-5.1.9-17-2017-00009\u00a0 &#8220;V\u00e1llalkozz Vel\u00fcnk! \u00c1ll\u00e1skeres\u0151k \u00e9s fiatalok v\u00e1llalkoz\u00f3v\u00e1 v\u00e1l\u00e1s\u00e1nak \u00f6szt\u00f6nz\u00e9se a K\u00f6z\u00e9p-Dun\u00e1nt\u00fali r\u00e9gi\u00f3ban&#8221; c\u00edm\u0171 program keret\u00e9ben Veszpr\u00e9m megyei, \u00e1ll\u00e1skeres\u0151ben l\u00e9v\u0151 fiataloknak tartott kilenc napos felk\u00e9sz\u00edt\u0151 k\u00e9pz\u00e9se. A tr\u00e9ningek k\u00e9t csoportban, p\u00e1rhuzamosan folytak. Csoportonk\u00e9nt 24-26 fiatalt v\u00e9rteztek fel a SEED tr\u00e9nerei a sikeres \u00e1ll\u00e1skeres\u00e9shez sz\u00fcks\u00e9ges tud\u00e1ssal, [&hellip;]\" \/>\n<meta property=\"og:url\" content=\"https:\/\/seed.hu\/hirek\/sikeres-vizsgat-tettek-a-fiatal-vallalkozni-szandozo-allaskeresok\/\" \/>\n<meta property=\"og:site_name\" content=\"Seed\" \/>\n<meta property=\"article:modified_time\" content=\"2022-01-23T17:09:56+00:00\" \/>\n<meta property=\"og:image\" content=\"https:\/\/seed.hu\/wp-content\/uploads\/2018\/04\/SEED_logo.png\" \/>\n\t<meta property=\"og:image:width\" content=\"250\" \/>\n\t<meta property=\"og:image:height\" content=\"206\" \/>\n\t<meta property=\"og:image:type\" content=\"image\/png\" \/>\n<meta name=\"twitter:card\" content=\"summary_large_image\" \/>\n<meta name=\"twitter:label1\" content=\"Est. reading time\" \/>\n\t<meta name=\"twitter:data1\" content=\"1 minute\" \/>\n<script type=\"application\/ld+json\" class=\"yoast-schema-graph\">{\"@context\":\"https:\\\/\\\/schema.org\",\"@graph\":[{\"@type\":\"WebPage\",\"@id\":\"https:\\\/\\\/seed.hu\\\/hirek\\\/sikeres-vizsgat-tettek-a-fiatal-vallalkozni-szandozo-allaskeresok\\\/\",\"url\":\"https:\\\/\\\/seed.hu\\\/hirek\\\/sikeres-vizsgat-tettek-a-fiatal-vallalkozni-szandozo-allaskeresok\\\/\",\"name\":\"Sikeres vizsg\u00e1t tettek a fiatal, v\u00e1llalkozni sz\u00e1ndoz\u00f3 \u00e1ll\u00e1skeres\u0151k - Seed\",\"isPartOf\":{\"@id\":\"https:\\\/\\\/seed.hu\\\/#website\"},\"primaryImageOfPage\":{\"@id\":\"https:\\\/\\\/seed.hu\\\/hirek\\\/sikeres-vizsgat-tettek-a-fiatal-vallalkozni-szandozo-allaskeresok\\\/#primaryimage\"},\"image\":{\"@id\":\"https:\\\/\\\/seed.hu\\\/hirek\\\/sikeres-vizsgat-tettek-a-fiatal-vallalkozni-szandozo-allaskeresok\\\/#primaryimage\"},\"thumbnailUrl\":\"https:\\\/\\\/seed.hu\\\/wp-content\\\/uploads\\\/2018\\\/04\\\/SEED_logo.png\",\"datePublished\":\"2020-07-21T10:15:25+00:00\",\"dateModified\":\"2022-01-23T17:09:56+00:00\",\"breadcrumb\":{\"@id\":\"https:\\\/\\\/seed.hu\\\/hirek\\\/sikeres-vizsgat-tettek-a-fiatal-vallalkozni-szandozo-allaskeresok\\\/#breadcrumb\"},\"inLanguage\":\"en-US\",\"potentialAction\":[{\"@type\":\"ReadAction\",\"target\":[\"https:\\\/\\\/seed.hu\\\/hirek\\\/sikeres-vizsgat-tettek-a-fiatal-vallalkozni-szandozo-allaskeresok\\\/\"]}]},{\"@type\":\"ImageObject\",\"inLanguage\":\"en-US\",\"@id\":\"https:\\\/\\\/seed.hu\\\/hirek\\\/sikeres-vizsgat-tettek-a-fiatal-vallalkozni-szandozo-allaskeresok\\\/#primaryimage\",\"url\":\"https:\\\/\\\/seed.hu\\\/wp-content\\\/uploads\\\/2018\\\/04\\\/SEED_logo.png\",\"contentUrl\":\"https:\\\/\\\/seed.hu\\\/wp-content\\\/uploads\\\/2018\\\/04\\\/SEED_logo.png\",\"width\":250,\"height\":206},{\"@type\":\"BreadcrumbList\",\"@id\":\"https:\\\/\\\/seed.hu\\\/hirek\\\/sikeres-vizsgat-tettek-a-fiatal-vallalkozni-szandozo-allaskeresok\\\/#breadcrumb\",\"itemListElement\":[{\"@type\":\"ListItem\",\"position\":1,\"name\":\"H\u00edrek\",\"item\":\"https:\\\/\\\/seed.hu\\\/hirek\\\/\"},{\"@type\":\"ListItem\",\"position\":2,\"name\":\"Sikeres vizsg\u00e1t tettek a fiatal, v\u00e1llalkozni sz\u00e1ndoz\u00f3 \u00e1ll\u00e1skeres\u0151k\"}]},{\"@type\":\"WebSite\",\"@id\":\"https:\\\/\\\/seed.hu\\\/#website\",\"url\":\"https:\\\/\\\/seed.hu\\\/\",\"name\":\"Seed\",\"description\":\"\",\"potentialAction\":[{\"@type\":\"SearchAction\",\"target\":{\"@type\":\"EntryPoint\",\"urlTemplate\":\"https:\\\/\\\/seed.hu\\\/?s={search_term_string}\"},\"query-input\":{\"@type\":\"PropertyValueSpecification\",\"valueRequired\":true,\"valueName\":\"search_term_string\"}}],\"inLanguage\":\"en-US\"}]}<\/script>\n<!-- \/ Yoast SEO plugin. -->","yoast_head_json":{"title":"Sikeres vizsg\u00e1t tettek a fiatal, v\u00e1llalkozni sz\u00e1ndoz\u00f3 \u00e1ll\u00e1skeres\u0151k - Seed","robots":{"index":"index","follow":"follow","max-snippet":"max-snippet:-1","max-image-preview":"max-image-preview:large","max-video-preview":"max-video-preview:-1"},"canonical":"https:\/\/seed.hu\/hirek\/sikeres-vizsgat-tettek-a-fiatal-vallalkozni-szandozo-allaskeresok\/","og_locale":"en_US","og_type":"article","og_title":"Sikeres vizsg\u00e1t tettek a fiatal, v\u00e1llalkozni sz\u00e1ndoz\u00f3 \u00e1ll\u00e1skeres\u0151k - Seed","og_description":"J\u00falius 17-\u00e9n, a vizsg\u00e1kkal, lez\u00e1rult a SEED Alap\u00edtv\u00e1ny szak\u00e9rt\u0151i\u00a0 \u00e1ltal a GINOP-5.1.9-17-2017-00009\u00a0 &#8220;V\u00e1llalkozz Vel\u00fcnk! \u00c1ll\u00e1skeres\u0151k \u00e9s fiatalok v\u00e1llalkoz\u00f3v\u00e1 v\u00e1l\u00e1s\u00e1nak \u00f6szt\u00f6nz\u00e9se a K\u00f6z\u00e9p-Dun\u00e1nt\u00fali r\u00e9gi\u00f3ban&#8221; c\u00edm\u0171 program keret\u00e9ben Veszpr\u00e9m megyei, \u00e1ll\u00e1skeres\u0151ben l\u00e9v\u0151 fiataloknak tartott kilenc napos felk\u00e9sz\u00edt\u0151 k\u00e9pz\u00e9se. A tr\u00e9ningek k\u00e9t csoportban, p\u00e1rhuzamosan folytak. Csoportonk\u00e9nt 24-26 fiatalt v\u00e9rteztek fel a SEED tr\u00e9nerei a sikeres \u00e1ll\u00e1skeres\u00e9shez sz\u00fcks\u00e9ges tud\u00e1ssal, [&hellip;]","og_url":"https:\/\/seed.hu\/hirek\/sikeres-vizsgat-tettek-a-fiatal-vallalkozni-szandozo-allaskeresok\/","og_site_name":"Seed","article_modified_time":"2022-01-23T17:09:56+00:00","og_image":[{"width":250,"height":206,"url":"https:\/\/seed.hu\/wp-content\/uploads\/2018\/04\/SEED_logo.png","type":"image\/png"}],"twitter_card":"summary_large_image","twitter_misc":{"Est. reading time":"1 minute"},"schema":{"@context":"https:\/\/schema.org","@graph":[{"@type":"WebPage","@id":"https:\/\/seed.hu\/hirek\/sikeres-vizsgat-tettek-a-fiatal-vallalkozni-szandozo-allaskeresok\/","url":"https:\/\/seed.hu\/hirek\/sikeres-vizsgat-tettek-a-fiatal-vallalkozni-szandozo-allaskeresok\/","name":"Sikeres vizsg\u00e1t tettek a fiatal, v\u00e1llalkozni sz\u00e1ndoz\u00f3 \u00e1ll\u00e1skeres\u0151k - Seed","isPartOf":{"@id":"https:\/\/seed.hu\/#website"},"primaryImageOfPage":{"@id":"https:\/\/seed.hu\/hirek\/sikeres-vizsgat-tettek-a-fiatal-vallalkozni-szandozo-allaskeresok\/#primaryimage"},"image":{"@id":"https:\/\/seed.hu\/hirek\/sikeres-vizsgat-tettek-a-fiatal-vallalkozni-szandozo-allaskeresok\/#primaryimage"},"thumbnailUrl":"https:\/\/seed.hu\/wp-content\/uploads\/2018\/04\/SEED_logo.png","datePublished":"2020-07-21T10:15:25+00:00","dateModified":"2022-01-23T17:09:56+00:00","breadcrumb":{"@id":"https:\/\/seed.hu\/hirek\/sikeres-vizsgat-tettek-a-fiatal-vallalkozni-szandozo-allaskeresok\/#breadcrumb"},"inLanguage":"en-US","potentialAction":[{"@type":"ReadAction","target":["https:\/\/seed.hu\/hirek\/sikeres-vizsgat-tettek-a-fiatal-vallalkozni-szandozo-allaskeresok\/"]}]},{"@type":"ImageObject","inLanguage":"en-US","@id":"https:\/\/seed.hu\/hirek\/sikeres-vizsgat-tettek-a-fiatal-vallalkozni-szandozo-allaskeresok\/#primaryimage","url":"https:\/\/seed.hu\/wp-content\/uploads\/2018\/04\/SEED_logo.png","contentUrl":"https:\/\/seed.hu\/wp-content\/uploads\/2018\/04\/SEED_logo.png","width":250,"height":206},{"@type":"BreadcrumbList","@id":"https:\/\/seed.hu\/hirek\/sikeres-vizsgat-tettek-a-fiatal-vallalkozni-szandozo-allaskeresok\/#breadcrumb","itemListElement":[{"@type":"ListItem","position":1,"name":"H\u00edrek","item":"https:\/\/seed.hu\/hirek\/"},{"@type":"ListItem","position":2,"name":"Sikeres vizsg\u00e1t tettek a fiatal, v\u00e1llalkozni sz\u00e1ndoz\u00f3 \u00e1ll\u00e1skeres\u0151k"}]},{"@type":"WebSite","@id":"https:\/\/seed.hu\/#website","url":"https:\/\/seed.hu\/","name":"Seed","description":"","potentialAction":[{"@type":"SearchAction","target":{"@type":"EntryPoint","urlTemplate":"https:\/\/seed.hu\/?s={search_term_string}"},"query-input":{"@type":"PropertyValueSpecification","valueRequired":true,"valueName":"search_term_string"}}],"inLanguage":"en-US"}]}},"_links":{"self":[{"href":"https:\/\/seed.hu\/en\/wp-json\/wp\/v2\/hirek\/1025","targetHints":{"allow":["GET"]}}],"collection":[{"href":"https:\/\/seed.hu\/en\/wp-json\/wp\/v2\/hirek"}],"about":[{"href":"https:\/\/seed.hu\/en\/wp-json\/wp\/v2\/types\/hirek"}],"wp:featuredmedia":[{"embeddable":true,"href":"https:\/\/seed.hu\/en\/wp-json\/wp\/v2\/media\/792"}],"wp:attachment":[{"href":"https:\/\/seed.hu\/en\/wp-json\/wp\/v2\/media?parent=1025"}],"curies":[{"name":"wp","href":"https:\/\/api.w.org\/{rel}","templated":true}]}}

Sikeres vizsgát tettek a fiatal, vállalkozni szándozó álláskeresők

<p><a href="https://seed.hu/hirek/uj-irodaba-koltozott-a-seed-alapitvany/seed_logo/" rel="attachment wp-att-792"><img loading="lazy" decoding="async" class="wp-image-792 size-full aligncenter" src="https://seed.hu/wp-content/uploads/2018/04/SEED_logo.png" alt="" width="250" height="206" /></a></p>
<p>Július 17-én, a vizsgákkal, lezárult a SEED Alapítvány szakértői  által a GINOP-5.1.9-17-2017-00009  &#8220;Vállalkozz Velünk! Álláskeresők és fiatalok vállalkozóvá válásának ösztönzése a Közép-Dunántúli régióban&#8221; című program keretében Veszprém megyei, álláskeresőben lévő fiataloknak tartott kilenc napos felkészítő képzése. A tréningek két csoportban, párhuzamosan folytak. Csoportonként 24-26 fiatalt vérteztek fel a SEED trénerei a sikeres álláskereséshez szükséges tudással, kompetenciákkal.</p>

<!-- This site is optimized with the Yoast SEO plugin v27.4 - https://yoast.com/product/yoast-seo-wordpress/ -->
<title>Sikeres vizsgát tettek a fiatal, vállalkozni szándozó álláskeresők - Seed</title>
<meta name="robots" content="index, follow, max-snippet:-1, max-image-preview:large, max-video-preview:-1" />
<link rel="canonical" href="https://seed.hu/hirek/sikeres-vizsgat-tettek-a-fiatal-vallalkozni-szandozo-allaskeresok/" />
<meta property="og:locale" content="en_US" />
<meta property="og:type" content="article" />
<meta property="og:title" content="Sikeres vizsgát tettek a fiatal, vállalkozni szándozó álláskeresők - Seed" />
<meta property="og:description" content="Július 17-én, a vizsgákkal, lezárult a SEED Alapítvány szakértői  által a GINOP-5.1.9-17-2017-00009  &#8220;Vállalkozz Velünk! Álláskeresők és fiatalok vállalkozóvá válásának ösztönzése a Közép-Dunántúli régióban&#8221; című program keretében Veszprém megyei, álláskeresőben lévő fiataloknak tartott kilenc napos felkészítő képzése. A tréningek két csoportban, párhuzamosan folytak. Csoportonként 24-26 fiatalt vérteztek fel a SEED trénerei a sikeres álláskereséshez szükséges tudással, [&hellip;]" />
<meta property="og:url" content="https://seed.hu/hirek/sikeres-vizsgat-tettek-a-fiatal-vallalkozni-szandozo-allaskeresok/" />
<meta property="og:site_name" content="Seed" />
<meta property="article:modified_time" content="2022-01-23T17:09:56+00:00" />
<meta property="og:image" content="https://seed.hu/wp-content/uploads/2018/04/SEED_logo.png" />
	<meta property="og:image:width" content="250" />
	<meta property="og:image:height" content="206" />
	<meta property="og:image:type" content="image/png" />
<meta name="twitter:card" content="summary_large_image" />
<meta name="twitter:label1" content="Est. reading time" />
	<meta name="twitter:data1" content="1 minute" />
<script type="application/ld+json" class="yoast-schema-graph">{"@context":"https:\/\/schema.org","@graph":[{"@type":"WebPage","@id":"https:\/\/seed.hu\/hirek\/sikeres-vizsgat-tettek-a-fiatal-vallalkozni-szandozo-allaskeresok\/","url":"https:\/\/seed.hu\/hirek\/sikeres-vizsgat-tettek-a-fiatal-vallalkozni-szandozo-allaskeresok\/","name":"Sikeres vizsgát tettek a fiatal, vállalkozni szándozó álláskeresők - Seed","isPartOf":{"@id":"https:\/\/seed.hu\/#website"},"primaryImageOfPage":{"@id":"https:\/\/seed.hu\/hirek\/sikeres-vizsgat-tettek-a-fiatal-vallalkozni-szandozo-allaskeresok\/#primaryimage"},"image":{"@id":"https:\/\/seed.hu\/hirek\/sikeres-vizsgat-tettek-a-fiatal-vallalkozni-szandozo-allaskeresok\/#primaryimage"},"thumbnailUrl":"https:\/\/seed.hu\/wp-content\/uploads\/2018\/04\/SEED_logo.png","datePublished":"2020-07-21T10:15:25+00:00","dateModified":"2022-01-23T17:09:56+00:00","breadcrumb":{"@id":"https:\/\/seed.hu\/hirek\/sikeres-vizsgat-tettek-a-fiatal-vallalkozni-szandozo-allaskeresok\/#breadcrumb"},"inLanguage":"en-US","potentialAction":[{"@type":"ReadAction","target":["https:\/\/seed.hu\/hirek\/sikeres-vizsgat-tettek-a-fiatal-vallalkozni-szandozo-allaskeresok\/"]}]},{"@type":"ImageObject","inLanguage":"en-US","@id":"https:\/\/seed.hu\/hirek\/sikeres-vizsgat-tettek-a-fiatal-vallalkozni-szandozo-allaskeresok\/#primaryimage","url":"https:\/\/seed.hu\/wp-content\/uploads\/2018\/04\/SEED_logo.png","contentUrl":"https:\/\/seed.hu\/wp-content\/uploads\/2018\/04\/SEED_logo.png","width":250,"height":206},{"@type":"BreadcrumbList","@id":"https:\/\/seed.hu\/hirek\/sikeres-vizsgat-tettek-a-fiatal-vallalkozni-szandozo-allaskeresok\/#breadcrumb","itemListElement":[{"@type":"ListItem","position":1,"name":"Hírek","item":"https:\/\/seed.hu\/hirek\/"},{"@type":"ListItem","position":2,"name":"Sikeres vizsgát tettek a fiatal, vállalkozni szándozó álláskeresők"}]},{"@type":"WebSite","@id":"https:\/\/seed.hu\/#website","url":"https:\/\/seed.hu\/","name":"Seed","description":"","potentialAction":[{"@type":"SearchAction","target":{"@type":"EntryPoint","urlTemplate":"https:\/\/seed.hu\/?s={search_term_string}"},"query-input":{"@type":"PropertyValueSpecification","valueRequired":true,"valueName":"search_term_string"}}],"inLanguage":"en-US"}]}</script>
<!-- / Yoast SEO plugin. -->

Sikeres vizsgát tettek a fiatal, vállalkozni szándozó álláskeresők - Seed

Július 17-én, a vizsgákkal, lezárult a SEED Alapítvány szakértői  által a GINOP-5.1.9-17-2017-00009  &#8220;Vállalkozz Velünk! Álláskeresők és fiatalok vállalkozóvá válásának ösztönzése a Közép-Dunántúli régióban&#8221; című program keretében Veszprém megyei, álláskeresőben lévő fiataloknak tartott kilenc napos felkészítő képzése. A tréningek két csoportban, párhuzamosan folytak. Csoportonként 24-26 fiatalt vérteztek fel a SEED trénerei a sikeres álláskereséshez szükséges tudással, [&hellip;]

Hírek
