{"id":1029,"date":"2020-09-18T09:30:20","date_gmt":"2020-09-18T07:30:20","guid":{"rendered":"https:\/\/seed.hu\/?post_type=hirek&#038;p=1029"},"modified":"2022-01-23T18:24:07","modified_gmt":"2022-01-23T17:24:07","slug":"kapcsolodj-be-kerdezz-es-csatlakozz","status":"publish","type":"hirek","link":"https:\/\/seed.hu\/en\/hirek\/kapcsolodj-be-kerdezz-es-csatlakozz\/","title":{"rendered":"Kapcsol\u00f3dj be, k\u00e9rdezz \u00e9s csatlakozz!"},"content":{"rendered":"<p><a href=\"https:\/\/seed.hu\/hirek\/mentorok-es-mentoraltak-jelentkezeset-varja-a-seed-alapitvany\/ovm\/\" rel=\"attachment wp-att-844\"><img loading=\"lazy\" decoding=\"async\" class=\"alignnone wp-image-844 size-full\" src=\"https:\/\/seed.hu\/wp-content\/uploads\/2022\/01\/OVM.png\" alt=\"\" width=\"601\" height=\"163\" srcset=\"https:\/\/seed.hu\/wp-content\/uploads\/2022\/01\/OVM.png 601w, https:\/\/seed.hu\/wp-content\/uploads\/2022\/01\/OVM-300x81.png 300w\" sizes=\"auto, (max-width: 601px) 100vw, 601px\" \/><\/a><\/p>\n<p>Okt\u00f3ber 7-\u00e9n interakt\u00edv online ny\u00edlt napot tart a SEED Alap\u00edtv\u00e1ny, amelynek keret\u00e9ben bemutatja egyik legsikeresebb programj\u00e1t, a Szem\u00e9lyes V\u00e1llalkoz\u00f3i Mentorprogramot.<\/p>\n<p>Az este 17:30 kor kezd\u0151d\u0151 egy\u00f3r\u00e1s esem\u00e9nyen az Alap\u00edtv\u00e1ny munkat\u00e1rsai bemutatj\u00e1k a programot, a\u00a0projektben r\u00e9szt vev\u0151 mentorok \u00e9s mentor\u00e1ltak pedig a mentor\u00e1l\u00e1si folyamat sor\u00e1n szerzett tapasztalataikat\u00a0osztj\u00e1k meg a k\u00f6z\u00f6ns\u00e9ggel.<br \/>\nA programba mentor\u00e1ltk\u00e9nt\u00a0m\u00e9g lehet jelentkezni.<\/p>\n<p>Minden \u00e9rdekl\u0151d\u0151t szeretettel v\u00e1runk az online rendezv\u00e9nyen.<\/p>\n<p>Regisztr\u00e1lni <strong><a href=\"https:\/\/mentorprogram.seed.hu\/interaktiv-online-nyilt-nap-2020-oktober-07\" target=\"_blank\" rel=\"noopener\">&lt;&lt; ITT &gt;&gt;<\/a><\/strong> lehet.<\/p>\n<p><a href=\"https:\/\/www.youtube.com\/watch?v=3-rgRwhkh1I\" target=\"_blank\" rel=\"noopener\"><img decoding=\"async\" style=\"width: 533px; height: 299px;\" src=\"http:\/\/seed.hu\/files\/attachments\/inline\/start-video.png\" alt=\"\" \/><\/a><\/p>\n<p><img decoding=\"async\" style=\"width: 553px; height: 782px;\" src=\"http:\/\/seed.hu\/files\/attachments\/inline\/ha-vallalkozol-akkor-ez-neked-szol-553.png\" alt=\"\" \/><\/p>\n","protected":false},"featured_media":338,"menu_order":0,"template":"","meta":{"_acf_changed":false},"class_list":["post-1029","hirek","type-hirek","status-publish","has-post-thumbnail","hentry"],"acf":[],"yoast_head":"<!-- This site is optimized with the Yoast SEO plugin v27.4 - https:\/\/yoast.com\/product\/yoast-seo-wordpress\/ -->\n<title>Kapcsol\u00f3dj be, k\u00e9rdezz \u00e9s csatlakozz! - Seed<\/title>\n<meta name=\"robots\" content=\"index, follow, max-snippet:-1, max-image-preview:large, max-video-preview:-1\" \/>\n<link rel=\"canonical\" href=\"https:\/\/seed.hu\/hirek\/kapcsolodj-be-kerdezz-es-csatlakozz\/\" \/>\n<meta property=\"og:locale\" content=\"en_US\" \/>\n<meta property=\"og:type\" content=\"article\" \/>\n<meta property=\"og:title\" content=\"Kapcsol\u00f3dj be, k\u00e9rdezz \u00e9s csatlakozz! - Seed\" \/>\n<meta property=\"og:description\" content=\"Okt\u00f3ber 7-\u00e9n interakt\u00edv online ny\u00edlt napot tart a SEED Alap\u00edtv\u00e1ny, amelynek keret\u00e9ben bemutatja egyik legsikeresebb programj\u00e1t, a Szem\u00e9lyes V\u00e1llalkoz\u00f3i Mentorprogramot. Az este 17:30 kor kezd\u0151d\u0151 egy\u00f3r\u00e1s esem\u00e9nyen az Alap\u00edtv\u00e1ny munkat\u00e1rsai bemutatj\u00e1k a programot, a\u00a0projektben r\u00e9szt vev\u0151 mentorok \u00e9s mentor\u00e1ltak pedig a mentor\u00e1l\u00e1si folyamat sor\u00e1n szerzett tapasztalataikat\u00a0osztj\u00e1k meg a k\u00f6z\u00f6ns\u00e9ggel. A programba mentor\u00e1ltk\u00e9nt\u00a0m\u00e9g lehet jelentkezni. Minden [&hellip;]\" \/>\n<meta property=\"og:url\" content=\"https:\/\/seed.hu\/hirek\/kapcsolodj-be-kerdezz-es-csatlakozz\/\" \/>\n<meta property=\"og:site_name\" content=\"Seed\" \/>\n<meta property=\"article:modified_time\" content=\"2022-01-23T17:24:07+00:00\" \/>\n<meta property=\"og:image\" content=\"https:\/\/seed.hu\/wp-content\/uploads\/2021\/04\/Orsza\u0301gos-Va\u0301llalkozo\u0301i-Mentorprogram.png\" \/>\n\t<meta property=\"og:image:width\" content=\"773\" \/>\n\t<meta property=\"og:image:height\" content=\"774\" \/>\n\t<meta property=\"og:image:type\" content=\"image\/png\" \/>\n<meta name=\"twitter:card\" content=\"summary_large_image\" \/>\n<meta name=\"twitter:label1\" content=\"Est. reading time\" \/>\n\t<meta name=\"twitter:data1\" content=\"1 minute\" \/>\n<script type=\"application\/ld+json\" class=\"yoast-schema-graph\">{\"@context\":\"https:\\\/\\\/schema.org\",\"@graph\":[{\"@type\":\"WebPage\",\"@id\":\"https:\\\/\\\/seed.hu\\\/hirek\\\/kapcsolodj-be-kerdezz-es-csatlakozz\\\/\",\"url\":\"https:\\\/\\\/seed.hu\\\/hirek\\\/kapcsolodj-be-kerdezz-es-csatlakozz\\\/\",\"name\":\"Kapcsol\u00f3dj be, k\u00e9rdezz \u00e9s csatlakozz! - Seed\",\"isPartOf\":{\"@id\":\"https:\\\/\\\/seed.hu\\\/#website\"},\"primaryImageOfPage\":{\"@id\":\"https:\\\/\\\/seed.hu\\\/hirek\\\/kapcsolodj-be-kerdezz-es-csatlakozz\\\/#primaryimage\"},\"image\":{\"@id\":\"https:\\\/\\\/seed.hu\\\/hirek\\\/kapcsolodj-be-kerdezz-es-csatlakozz\\\/#primaryimage\"},\"thumbnailUrl\":\"https:\\\/\\\/seed.hu\\\/wp-content\\\/uploads\\\/2021\\\/04\\\/Orsza\u0301gos-Va\u0301llalkozo\u0301i-Mentorprogram.png\",\"datePublished\":\"2020-09-18T07:30:20+00:00\",\"dateModified\":\"2022-01-23T17:24:07+00:00\",\"breadcrumb\":{\"@id\":\"https:\\\/\\\/seed.hu\\\/hirek\\\/kapcsolodj-be-kerdezz-es-csatlakozz\\\/#breadcrumb\"},\"inLanguage\":\"en-US\",\"potentialAction\":[{\"@type\":\"ReadAction\",\"target\":[\"https:\\\/\\\/seed.hu\\\/hirek\\\/kapcsolodj-be-kerdezz-es-csatlakozz\\\/\"]}]},{\"@type\":\"ImageObject\",\"inLanguage\":\"en-US\",\"@id\":\"https:\\\/\\\/seed.hu\\\/hirek\\\/kapcsolodj-be-kerdezz-es-csatlakozz\\\/#primaryimage\",\"url\":\"https:\\\/\\\/seed.hu\\\/wp-content\\\/uploads\\\/2021\\\/04\\\/Orsza\u0301gos-Va\u0301llalkozo\u0301i-Mentorprogram.png\",\"contentUrl\":\"https:\\\/\\\/seed.hu\\\/wp-content\\\/uploads\\\/2021\\\/04\\\/Orsza\u0301gos-Va\u0301llalkozo\u0301i-Mentorprogram.png\",\"width\":773,\"height\":774},{\"@type\":\"BreadcrumbList\",\"@id\":\"https:\\\/\\\/seed.hu\\\/hirek\\\/kapcsolodj-be-kerdezz-es-csatlakozz\\\/#breadcrumb\",\"itemListElement\":[{\"@type\":\"ListItem\",\"position\":1,\"name\":\"H\u00edrek\",\"item\":\"https:\\\/\\\/seed.hu\\\/hirek\\\/\"},{\"@type\":\"ListItem\",\"position\":2,\"name\":\"Kapcsol\u00f3dj be, k\u00e9rdezz \u00e9s csatlakozz!\"}]},{\"@type\":\"WebSite\",\"@id\":\"https:\\\/\\\/seed.hu\\\/#website\",\"url\":\"https:\\\/\\\/seed.hu\\\/\",\"name\":\"Seed\",\"description\":\"\",\"potentialAction\":[{\"@type\":\"SearchAction\",\"target\":{\"@type\":\"EntryPoint\",\"urlTemplate\":\"https:\\\/\\\/seed.hu\\\/?s={search_term_string}\"},\"query-input\":{\"@type\":\"PropertyValueSpecification\",\"valueRequired\":true,\"valueName\":\"search_term_string\"}}],\"inLanguage\":\"en-US\"}]}<\/script>\n<!-- \/ Yoast SEO plugin. -->","yoast_head_json":{"title":"Kapcsol\u00f3dj be, k\u00e9rdezz \u00e9s csatlakozz! - Seed","robots":{"index":"index","follow":"follow","max-snippet":"max-snippet:-1","max-image-preview":"max-image-preview:large","max-video-preview":"max-video-preview:-1"},"canonical":"https:\/\/seed.hu\/hirek\/kapcsolodj-be-kerdezz-es-csatlakozz\/","og_locale":"en_US","og_type":"article","og_title":"Kapcsol\u00f3dj be, k\u00e9rdezz \u00e9s csatlakozz! - Seed","og_description":"Okt\u00f3ber 7-\u00e9n interakt\u00edv online ny\u00edlt napot tart a SEED Alap\u00edtv\u00e1ny, amelynek keret\u00e9ben bemutatja egyik legsikeresebb programj\u00e1t, a Szem\u00e9lyes V\u00e1llalkoz\u00f3i Mentorprogramot. Az este 17:30 kor kezd\u0151d\u0151 egy\u00f3r\u00e1s esem\u00e9nyen az Alap\u00edtv\u00e1ny munkat\u00e1rsai bemutatj\u00e1k a programot, a\u00a0projektben r\u00e9szt vev\u0151 mentorok \u00e9s mentor\u00e1ltak pedig a mentor\u00e1l\u00e1si folyamat sor\u00e1n szerzett tapasztalataikat\u00a0osztj\u00e1k meg a k\u00f6z\u00f6ns\u00e9ggel. A programba mentor\u00e1ltk\u00e9nt\u00a0m\u00e9g lehet jelentkezni. Minden [&hellip;]","og_url":"https:\/\/seed.hu\/hirek\/kapcsolodj-be-kerdezz-es-csatlakozz\/","og_site_name":"Seed","article_modified_time":"2022-01-23T17:24:07+00:00","og_image":[{"width":773,"height":774,"url":"https:\/\/seed.hu\/wp-content\/uploads\/2021\/04\/Orsza\u0301gos-Va\u0301llalkozo\u0301i-Mentorprogram.png","type":"image\/png"}],"twitter_card":"summary_large_image","twitter_misc":{"Est. reading time":"1 minute"},"schema":{"@context":"https:\/\/schema.org","@graph":[{"@type":"WebPage","@id":"https:\/\/seed.hu\/hirek\/kapcsolodj-be-kerdezz-es-csatlakozz\/","url":"https:\/\/seed.hu\/hirek\/kapcsolodj-be-kerdezz-es-csatlakozz\/","name":"Kapcsol\u00f3dj be, k\u00e9rdezz \u00e9s csatlakozz! - Seed","isPartOf":{"@id":"https:\/\/seed.hu\/#website"},"primaryImageOfPage":{"@id":"https:\/\/seed.hu\/hirek\/kapcsolodj-be-kerdezz-es-csatlakozz\/#primaryimage"},"image":{"@id":"https:\/\/seed.hu\/hirek\/kapcsolodj-be-kerdezz-es-csatlakozz\/#primaryimage"},"thumbnailUrl":"https:\/\/seed.hu\/wp-content\/uploads\/2021\/04\/Orsza\u0301gos-Va\u0301llalkozo\u0301i-Mentorprogram.png","datePublished":"2020-09-18T07:30:20+00:00","dateModified":"2022-01-23T17:24:07+00:00","breadcrumb":{"@id":"https:\/\/seed.hu\/hirek\/kapcsolodj-be-kerdezz-es-csatlakozz\/#breadcrumb"},"inLanguage":"en-US","potentialAction":[{"@type":"ReadAction","target":["https:\/\/seed.hu\/hirek\/kapcsolodj-be-kerdezz-es-csatlakozz\/"]}]},{"@type":"ImageObject","inLanguage":"en-US","@id":"https:\/\/seed.hu\/hirek\/kapcsolodj-be-kerdezz-es-csatlakozz\/#primaryimage","url":"https:\/\/seed.hu\/wp-content\/uploads\/2021\/04\/Orsza\u0301gos-Va\u0301llalkozo\u0301i-Mentorprogram.png","contentUrl":"https:\/\/seed.hu\/wp-content\/uploads\/2021\/04\/Orsza\u0301gos-Va\u0301llalkozo\u0301i-Mentorprogram.png","width":773,"height":774},{"@type":"BreadcrumbList","@id":"https:\/\/seed.hu\/hirek\/kapcsolodj-be-kerdezz-es-csatlakozz\/#breadcrumb","itemListElement":[{"@type":"ListItem","position":1,"name":"H\u00edrek","item":"https:\/\/seed.hu\/hirek\/"},{"@type":"ListItem","position":2,"name":"Kapcsol\u00f3dj be, k\u00e9rdezz \u00e9s csatlakozz!"}]},{"@type":"WebSite","@id":"https:\/\/seed.hu\/#website","url":"https:\/\/seed.hu\/","name":"Seed","description":"","potentialAction":[{"@type":"SearchAction","target":{"@type":"EntryPoint","urlTemplate":"https:\/\/seed.hu\/?s={search_term_string}"},"query-input":{"@type":"PropertyValueSpecification","valueRequired":true,"valueName":"search_term_string"}}],"inLanguage":"en-US"}]}},"_links":{"self":[{"href":"https:\/\/seed.hu\/en\/wp-json\/wp\/v2\/hirek\/1029","targetHints":{"allow":["GET"]}}],"collection":[{"href":"https:\/\/seed.hu\/en\/wp-json\/wp\/v2\/hirek"}],"about":[{"href":"https:\/\/seed.hu\/en\/wp-json\/wp\/v2\/types\/hirek"}],"wp:featuredmedia":[{"embeddable":true,"href":"https:\/\/seed.hu\/en\/wp-json\/wp\/v2\/media\/338"}],"wp:attachment":[{"href":"https:\/\/seed.hu\/en\/wp-json\/wp\/v2\/media?parent=1029"}],"curies":[{"name":"wp","href":"https:\/\/api.w.org\/{rel}","templated":true}]}}

Kapcsolódj be, kérdezz és csatlakozz!

<p><a href="https://seed.hu/hirek/mentorok-es-mentoraltak-jelentkezeset-varja-a-seed-alapitvany/ovm/" rel="attachment wp-att-844"><img loading="lazy" decoding="async" class="alignnone wp-image-844 size-full" src="https://seed.hu/wp-content/uploads/2022/01/OVM.png" alt="" width="601" height="163" srcset="https://seed.hu/wp-content/uploads/2022/01/OVM.png 601w, https://seed.hu/wp-content/uploads/2022/01/OVM-300x81.png 300w" sizes="auto, (max-width: 601px) 100vw, 601px" /></a></p>
<p>Október 7-én interaktív online nyílt napot tart a SEED Alapítvány, amelynek keretében bemutatja egyik legsikeresebb programját, a Személyes Vállalkozói Mentorprogramot.</p>
<p>Az este 17:30 kor kezdődő egyórás eseményen az Alapítvány munkatársai bemutatják a programot, a projektben részt vevő mentorok és mentoráltak pedig a mentorálási folyamat során szerzett tapasztalataikat osztják meg a közönséggel.<br />
A programba mentoráltként még lehet jelentkezni.</p>
<p>Minden érdeklődőt szeretettel várunk az online rendezvényen.</p>
<p>Regisztrálni <strong><a href="https://mentorprogram.seed.hu/interaktiv-online-nyilt-nap-2020-oktober-07" target="_blank" rel="noopener">&lt;&lt; ITT &gt;&gt;</a></strong> lehet.</p>
<p><a href="https://www.youtube.com/watch?v=3-rgRwhkh1I" target="_blank" rel="noopener"><img decoding="async" style="width: 533px; height: 299px;" src="http://seed.hu/files/attachments/inline/start-video.png" alt="" /></a></p>
<p><img decoding="async" style="width: 553px; height: 782px;" src="http://seed.hu/files/attachments/inline/ha-vallalkozol-akkor-ez-neked-szol-553.png" alt="" /></p>

<!-- This site is optimized with the Yoast SEO plugin v27.4 - https://yoast.com/product/yoast-seo-wordpress/ -->
<title>Kapcsolódj be, kérdezz és csatlakozz! - Seed</title>
<meta name="robots" content="index, follow, max-snippet:-1, max-image-preview:large, max-video-preview:-1" />
<link rel="canonical" href="https://seed.hu/hirek/kapcsolodj-be-kerdezz-es-csatlakozz/" />
<meta property="og:locale" content="en_US" />
<meta property="og:type" content="article" />
<meta property="og:title" content="Kapcsolódj be, kérdezz és csatlakozz! - Seed" />
<meta property="og:description" content="Október 7-én interaktív online nyílt napot tart a SEED Alapítvány, amelynek keretében bemutatja egyik legsikeresebb programját, a Személyes Vállalkozói Mentorprogramot. Az este 17:30 kor kezdődő egyórás eseményen az Alapítvány munkatársai bemutatják a programot, a projektben részt vevő mentorok és mentoráltak pedig a mentorálási folyamat során szerzett tapasztalataikat osztják meg a közönséggel. A programba mentoráltként még lehet jelentkezni. Minden [&hellip;]" />
<meta property="og:url" content="https://seed.hu/hirek/kapcsolodj-be-kerdezz-es-csatlakozz/" />
<meta property="og:site_name" content="Seed" />
<meta property="article:modified_time" content="2022-01-23T17:24:07+00:00" />
<meta property="og:image" content="https://seed.hu/wp-content/uploads/2021/04/Országos-Vállalkozói-Mentorprogram.png" />
	<meta property="og:image:width" content="773" />
	<meta property="og:image:height" content="774" />
	<meta property="og:image:type" content="image/png" />
<meta name="twitter:card" content="summary_large_image" />
<meta name="twitter:label1" content="Est. reading time" />
	<meta name="twitter:data1" content="1 minute" />
<script type="application/ld+json" class="yoast-schema-graph">{"@context":"https:\/\/schema.org","@graph":[{"@type":"WebPage","@id":"https:\/\/seed.hu\/hirek\/kapcsolodj-be-kerdezz-es-csatlakozz\/","url":"https:\/\/seed.hu\/hirek\/kapcsolodj-be-kerdezz-es-csatlakozz\/","name":"Kapcsolódj be, kérdezz és csatlakozz! - Seed","isPartOf":{"@id":"https:\/\/seed.hu\/#website"},"primaryImageOfPage":{"@id":"https:\/\/seed.hu\/hirek\/kapcsolodj-be-kerdezz-es-csatlakozz\/#primaryimage"},"image":{"@id":"https:\/\/seed.hu\/hirek\/kapcsolodj-be-kerdezz-es-csatlakozz\/#primaryimage"},"thumbnailUrl":"https:\/\/seed.hu\/wp-content\/uploads\/2021\/04\/Országos-Vállalkozói-Mentorprogram.png","datePublished":"2020-09-18T07:30:20+00:00","dateModified":"2022-01-23T17:24:07+00:00","breadcrumb":{"@id":"https:\/\/seed.hu\/hirek\/kapcsolodj-be-kerdezz-es-csatlakozz\/#breadcrumb"},"inLanguage":"en-US","potentialAction":[{"@type":"ReadAction","target":["https:\/\/seed.hu\/hirek\/kapcsolodj-be-kerdezz-es-csatlakozz\/"]}]},{"@type":"ImageObject","inLanguage":"en-US","@id":"https:\/\/seed.hu\/hirek\/kapcsolodj-be-kerdezz-es-csatlakozz\/#primaryimage","url":"https:\/\/seed.hu\/wp-content\/uploads\/2021\/04\/Országos-Vállalkozói-Mentorprogram.png","contentUrl":"https:\/\/seed.hu\/wp-content\/uploads\/2021\/04\/Országos-Vállalkozói-Mentorprogram.png","width":773,"height":774},{"@type":"BreadcrumbList","@id":"https:\/\/seed.hu\/hirek\/kapcsolodj-be-kerdezz-es-csatlakozz\/#breadcrumb","itemListElement":[{"@type":"ListItem","position":1,"name":"Hírek","item":"https:\/\/seed.hu\/hirek\/"},{"@type":"ListItem","position":2,"name":"Kapcsolódj be, kérdezz és csatlakozz!"}]},{"@type":"WebSite","@id":"https:\/\/seed.hu\/#website","url":"https:\/\/seed.hu\/","name":"Seed","description":"","potentialAction":[{"@type":"SearchAction","target":{"@type":"EntryPoint","urlTemplate":"https:\/\/seed.hu\/?s={search_term_string}"},"query-input":{"@type":"PropertyValueSpecification","valueRequired":true,"valueName":"search_term_string"}}],"inLanguage":"en-US"}]}</script>
<!-- / Yoast SEO plugin. -->

Kapcsolódj be, kérdezz és csatlakozz! - Seed

Október 7-én interaktív online nyílt napot tart a SEED Alapítvány, amelynek keretében bemutatja egyik legsikeresebb programját, a Személyes Vállalkozói Mentorprogramot. Az este 17:30 kor kezdődő egyórás eseményen az Alapítvány munkatársai bemutatják a programot, a projektben részt vevő mentorok és mentoráltak pedig a mentorálási folyamat során szerzett tapasztalataikat osztják meg a közönséggel. A programba mentoráltként még lehet jelentkezni. Minden [&hellip;]

Hírek
