{"id":1035,"date":"2020-09-18T14:56:41","date_gmt":"2020-09-18T12:56:41","guid":{"rendered":"https:\/\/seed.hu\/?post_type=hirek&#038;p=1035"},"modified":"2022-01-23T18:37:58","modified_gmt":"2022-01-23T17:37:58","slug":"vallalati-feher-konyv","status":"publish","type":"hirek","link":"https:\/\/seed.hu\/en\/hirek\/vallalati-feher-konyv\/","title":{"rendered":"V\u00e1llalati Feh\u00e9r K\u00f6nyv"},"content":{"rendered":"<p>Az \u00faj, online el\u00e9rhet\u0151 kiadv\u00e1nnyal az Innov\u00e1ci\u00f3s \u00e9s Technol\u00f3giai Miniszt\u00e9rium a j\u00e1rv\u00e1ny terjed\u00e9s\u00e9nek megel\u0151z\u00e9s\u00e9ben, a kock\u00e1zatok cs\u00f6kkent\u00e9s\u00e9ben seg\u00edti a hazai v\u00e1llalkoz\u00e1sokat.<\/p>\n<p>A V\u00e1llalati Feh\u00e9r K\u00f6nyv tudom\u00e1nyos-szakmai megalapozotts\u00e1ggal, nemzetk\u00f6zi esettanulm\u00e1nyokat ismertetve tesz gyakorlati v\u00e9dekez\u00e9si, munkaszervez\u00e9si javaslatokat az \u0151szi-t\u00e9li id\u0151szakra. Alapvet\u0151 c\u00e9lja, hogy a folyamatos \u00e9s biztons\u00e1gos m\u0171k\u00f6d\u00e9s fenntart\u00e1sa \u00e9rdek\u00e9ben praktikus seg\u00edts\u00e9get ny\u00fajtson a nem eg\u00e9szs\u00e9g\u00fcgyi ell\u00e1t\u00e1st ny\u00fajt\u00f3 v\u00e1llalkoz\u00e1sok, szervezetek sz\u00e1m\u00e1ra a k\u00f6vetkez\u0151 j\u00e1rv\u00e1nyhull\u00e1mra val\u00f3 felk\u00e9sz\u00fcl\u00e9sben.<\/p>\n<p>&nbsp;<\/p>\n<p>A kiadv\u00e1ny el\u00e9rhet\u0151 jelen h\u00edr mell\u00e9kletek\u00e9nt, valamint a\u00a0<a href=\"http:\/\/www.kormany.hu\" target=\"_blank\" rel=\"noopener\">www.kormany.hu<\/a>\u00a0oldalon, \u00e9s a\u00a0<a href=\"http:\/\/www.vali.ifka.hu\" target=\"_blank\" rel=\"noopener\">www.vali.ifka.hu<\/a>\u00a0linken a H\u00edrek pontban \/ V\u00e1llalati Feh\u00e9r K\u00f6nyv csempe alatt.<\/p>\n<p>Az Innov\u00e1ci\u00f3s \u00e9s Technol\u00f3giai Miniszt\u00e9rium nev\u00e9ben k\u00f6sz\u00f6nj\u00fck, ha kit\u00f6ltik az ITM MKIK-val k\u00f6z\u00f6s\u00a0<strong>k\u00e9rd\u0151\u00edv\u00e9t<\/strong>,\u00a0amely a k\u00f6vetkez\u0151 linken el\u00e9rhet\u0151:\u00a0<a href=\"https:\/\/kutatas.gvi.hu\/index.php\/688729\" target=\"_blank\" rel=\"noopener\">https:\/\/kutatas.gvi.hu\/index.php\/688729<\/a><\/p>\n<p>A k\u00e9rd\u0151\u00edv c\u00e9lja a v\u00e1llalkoz\u00e1sok v\u00e1rakoz\u00e1sainak, foglalkoztat\u00e1si helyzet\u00e9nek m\u00e9lyebb megismer\u00e9se. (Javasolt b\u00f6ng\u00e9sz\u0151k: Mozilla, Chrome).<\/p>\n<p>&nbsp;<\/p>\n<p><a href=\"http:\/\/seed.hu\/files\/attachments\/inline\/20200901-vallalati-feher-konyv.pdf\" target=\"_blank\" rel=\"noopener\">Mell\u00e9klet megnyit\u00e1sa<\/a><\/p>\n","protected":false},"featured_media":0,"menu_order":0,"template":"","meta":{"_acf_changed":false},"class_list":["post-1035","hirek","type-hirek","status-publish","hentry"],"acf":[],"yoast_head":"<!-- This site is optimized with the Yoast SEO plugin v27.4 - https:\/\/yoast.com\/product\/yoast-seo-wordpress\/ -->\n<title>V\u00e1llalati Feh\u00e9r K\u00f6nyv - Seed<\/title>\n<meta name=\"robots\" content=\"index, follow, max-snippet:-1, max-image-preview:large, max-video-preview:-1\" \/>\n<link rel=\"canonical\" href=\"https:\/\/seed.hu\/hirek\/vallalati-feher-konyv\/\" \/>\n<meta property=\"og:locale\" content=\"en_US\" \/>\n<meta property=\"og:type\" content=\"article\" \/>\n<meta property=\"og:title\" content=\"V\u00e1llalati Feh\u00e9r K\u00f6nyv - Seed\" \/>\n<meta property=\"og:description\" content=\"Az \u00faj, online el\u00e9rhet\u0151 kiadv\u00e1nnyal az Innov\u00e1ci\u00f3s \u00e9s Technol\u00f3giai Miniszt\u00e9rium a j\u00e1rv\u00e1ny terjed\u00e9s\u00e9nek megel\u0151z\u00e9s\u00e9ben, a kock\u00e1zatok cs\u00f6kkent\u00e9s\u00e9ben seg\u00edti a hazai v\u00e1llalkoz\u00e1sokat. A V\u00e1llalati Feh\u00e9r K\u00f6nyv tudom\u00e1nyos-szakmai megalapozotts\u00e1ggal, nemzetk\u00f6zi esettanulm\u00e1nyokat ismertetve tesz gyakorlati v\u00e9dekez\u00e9si, munkaszervez\u00e9si javaslatokat az \u0151szi-t\u00e9li id\u0151szakra. Alapvet\u0151 c\u00e9lja, hogy a folyamatos \u00e9s biztons\u00e1gos m\u0171k\u00f6d\u00e9s fenntart\u00e1sa \u00e9rdek\u00e9ben praktikus seg\u00edts\u00e9get ny\u00fajtson a nem eg\u00e9szs\u00e9g\u00fcgyi ell\u00e1t\u00e1st [&hellip;]\" \/>\n<meta property=\"og:url\" content=\"https:\/\/seed.hu\/hirek\/vallalati-feher-konyv\/\" \/>\n<meta property=\"og:site_name\" content=\"Seed\" \/>\n<meta property=\"article:modified_time\" content=\"2022-01-23T17:37:58+00:00\" \/>\n<meta name=\"twitter:card\" content=\"summary_large_image\" \/>\n<meta name=\"twitter:label1\" content=\"Est. reading time\" \/>\n\t<meta name=\"twitter:data1\" content=\"1 minute\" \/>\n<script type=\"application\/ld+json\" class=\"yoast-schema-graph\">{\"@context\":\"https:\\\/\\\/schema.org\",\"@graph\":[{\"@type\":\"WebPage\",\"@id\":\"https:\\\/\\\/seed.hu\\\/hirek\\\/vallalati-feher-konyv\\\/\",\"url\":\"https:\\\/\\\/seed.hu\\\/hirek\\\/vallalati-feher-konyv\\\/\",\"name\":\"V\u00e1llalati Feh\u00e9r K\u00f6nyv - Seed\",\"isPartOf\":{\"@id\":\"https:\\\/\\\/seed.hu\\\/#website\"},\"datePublished\":\"2020-09-18T12:56:41+00:00\",\"dateModified\":\"2022-01-23T17:37:58+00:00\",\"breadcrumb\":{\"@id\":\"https:\\\/\\\/seed.hu\\\/hirek\\\/vallalati-feher-konyv\\\/#breadcrumb\"},\"inLanguage\":\"en-US\",\"potentialAction\":[{\"@type\":\"ReadAction\",\"target\":[\"https:\\\/\\\/seed.hu\\\/hirek\\\/vallalati-feher-konyv\\\/\"]}]},{\"@type\":\"BreadcrumbList\",\"@id\":\"https:\\\/\\\/seed.hu\\\/hirek\\\/vallalati-feher-konyv\\\/#breadcrumb\",\"itemListElement\":[{\"@type\":\"ListItem\",\"position\":1,\"name\":\"H\u00edrek\",\"item\":\"https:\\\/\\\/seed.hu\\\/hirek\\\/\"},{\"@type\":\"ListItem\",\"position\":2,\"name\":\"V\u00e1llalati Feh\u00e9r K\u00f6nyv\"}]},{\"@type\":\"WebSite\",\"@id\":\"https:\\\/\\\/seed.hu\\\/#website\",\"url\":\"https:\\\/\\\/seed.hu\\\/\",\"name\":\"Seed\",\"description\":\"\",\"potentialAction\":[{\"@type\":\"SearchAction\",\"target\":{\"@type\":\"EntryPoint\",\"urlTemplate\":\"https:\\\/\\\/seed.hu\\\/?s={search_term_string}\"},\"query-input\":{\"@type\":\"PropertyValueSpecification\",\"valueRequired\":true,\"valueName\":\"search_term_string\"}}],\"inLanguage\":\"en-US\"}]}<\/script>\n<!-- \/ Yoast SEO plugin. -->","yoast_head_json":{"title":"V\u00e1llalati Feh\u00e9r K\u00f6nyv - Seed","robots":{"index":"index","follow":"follow","max-snippet":"max-snippet:-1","max-image-preview":"max-image-preview:large","max-video-preview":"max-video-preview:-1"},"canonical":"https:\/\/seed.hu\/hirek\/vallalati-feher-konyv\/","og_locale":"en_US","og_type":"article","og_title":"V\u00e1llalati Feh\u00e9r K\u00f6nyv - Seed","og_description":"Az \u00faj, online el\u00e9rhet\u0151 kiadv\u00e1nnyal az Innov\u00e1ci\u00f3s \u00e9s Technol\u00f3giai Miniszt\u00e9rium a j\u00e1rv\u00e1ny terjed\u00e9s\u00e9nek megel\u0151z\u00e9s\u00e9ben, a kock\u00e1zatok cs\u00f6kkent\u00e9s\u00e9ben seg\u00edti a hazai v\u00e1llalkoz\u00e1sokat. A V\u00e1llalati Feh\u00e9r K\u00f6nyv tudom\u00e1nyos-szakmai megalapozotts\u00e1ggal, nemzetk\u00f6zi esettanulm\u00e1nyokat ismertetve tesz gyakorlati v\u00e9dekez\u00e9si, munkaszervez\u00e9si javaslatokat az \u0151szi-t\u00e9li id\u0151szakra. Alapvet\u0151 c\u00e9lja, hogy a folyamatos \u00e9s biztons\u00e1gos m\u0171k\u00f6d\u00e9s fenntart\u00e1sa \u00e9rdek\u00e9ben praktikus seg\u00edts\u00e9get ny\u00fajtson a nem eg\u00e9szs\u00e9g\u00fcgyi ell\u00e1t\u00e1st [&hellip;]","og_url":"https:\/\/seed.hu\/hirek\/vallalati-feher-konyv\/","og_site_name":"Seed","article_modified_time":"2022-01-23T17:37:58+00:00","twitter_card":"summary_large_image","twitter_misc":{"Est. reading time":"1 minute"},"schema":{"@context":"https:\/\/schema.org","@graph":[{"@type":"WebPage","@id":"https:\/\/seed.hu\/hirek\/vallalati-feher-konyv\/","url":"https:\/\/seed.hu\/hirek\/vallalati-feher-konyv\/","name":"V\u00e1llalati Feh\u00e9r K\u00f6nyv - Seed","isPartOf":{"@id":"https:\/\/seed.hu\/#website"},"datePublished":"2020-09-18T12:56:41+00:00","dateModified":"2022-01-23T17:37:58+00:00","breadcrumb":{"@id":"https:\/\/seed.hu\/hirek\/vallalati-feher-konyv\/#breadcrumb"},"inLanguage":"en-US","potentialAction":[{"@type":"ReadAction","target":["https:\/\/seed.hu\/hirek\/vallalati-feher-konyv\/"]}]},{"@type":"BreadcrumbList","@id":"https:\/\/seed.hu\/hirek\/vallalati-feher-konyv\/#breadcrumb","itemListElement":[{"@type":"ListItem","position":1,"name":"H\u00edrek","item":"https:\/\/seed.hu\/hirek\/"},{"@type":"ListItem","position":2,"name":"V\u00e1llalati Feh\u00e9r K\u00f6nyv"}]},{"@type":"WebSite","@id":"https:\/\/seed.hu\/#website","url":"https:\/\/seed.hu\/","name":"Seed","description":"","potentialAction":[{"@type":"SearchAction","target":{"@type":"EntryPoint","urlTemplate":"https:\/\/seed.hu\/?s={search_term_string}"},"query-input":{"@type":"PropertyValueSpecification","valueRequired":true,"valueName":"search_term_string"}}],"inLanguage":"en-US"}]}},"_links":{"self":[{"href":"https:\/\/seed.hu\/en\/wp-json\/wp\/v2\/hirek\/1035","targetHints":{"allow":["GET"]}}],"collection":[{"href":"https:\/\/seed.hu\/en\/wp-json\/wp\/v2\/hirek"}],"about":[{"href":"https:\/\/seed.hu\/en\/wp-json\/wp\/v2\/types\/hirek"}],"wp:attachment":[{"href":"https:\/\/seed.hu\/en\/wp-json\/wp\/v2\/media?parent=1035"}],"curies":[{"name":"wp","href":"https:\/\/api.w.org\/{rel}","templated":true}]}}

Vállalati Fehér Könyv

<p>Az új, online elérhető kiadvánnyal az Innovációs és Technológiai Minisztérium a járvány terjedésének megelőzésében, a kockázatok csökkentésében segíti a hazai vállalkozásokat.</p>
<p>A Vállalati Fehér Könyv tudományos-szakmai megalapozottsággal, nemzetközi esettanulmányokat ismertetve tesz gyakorlati védekezési, munkaszervezési javaslatokat az őszi-téli időszakra. Alapvető célja, hogy a folyamatos és biztonságos működés fenntartása érdekében praktikus segítséget nyújtson a nem egészségügyi ellátást nyújtó vállalkozások, szervezetek számára a következő járványhullámra való felkészülésben.</p>
<p>&nbsp;</p>
<p>A kiadvány elérhető jelen hír mellékleteként, valamint a <a href="http://www.kormany.hu" target="_blank" rel="noopener">www.kormany.hu</a> oldalon, és a <a href="http://www.vali.ifka.hu" target="_blank" rel="noopener">www.vali.ifka.hu</a> linken a Hírek pontban / Vállalati Fehér Könyv csempe alatt.</p>
<p>Az Innovációs és Technológiai Minisztérium nevében köszönjük, ha kitöltik az ITM MKIK-val közös <strong>kérdőívét</strong>, amely a következő linken elérhető: <a href="https://kutatas.gvi.hu/index.php/688729" target="_blank" rel="noopener">https://kutatas.gvi.hu/index.php/688729</a></p>
<p>A kérdőív célja a vállalkozások várakozásainak, foglalkoztatási helyzetének mélyebb megismerése. (Javasolt böngészők: Mozilla, Chrome).</p>
<p>&nbsp;</p>
<p><a href="http://seed.hu/files/attachments/inline/20200901-vallalati-feher-konyv.pdf" target="_blank" rel="noopener">Melléklet megnyitása</a></p>

<!-- This site is optimized with the Yoast SEO plugin v27.4 - https://yoast.com/product/yoast-seo-wordpress/ -->
<title>Vállalati Fehér Könyv - Seed</title>
<meta name="robots" content="index, follow, max-snippet:-1, max-image-preview:large, max-video-preview:-1" />
<link rel="canonical" href="https://seed.hu/hirek/vallalati-feher-konyv/" />
<meta property="og:locale" content="en_US" />
<meta property="og:type" content="article" />
<meta property="og:title" content="Vállalati Fehér Könyv - Seed" />
<meta property="og:description" content="Az új, online elérhető kiadvánnyal az Innovációs és Technológiai Minisztérium a járvány terjedésének megelőzésében, a kockázatok csökkentésében segíti a hazai vállalkozásokat. A Vállalati Fehér Könyv tudományos-szakmai megalapozottsággal, nemzetközi esettanulmányokat ismertetve tesz gyakorlati védekezési, munkaszervezési javaslatokat az őszi-téli időszakra. Alapvető célja, hogy a folyamatos és biztonságos működés fenntartása érdekében praktikus segítséget nyújtson a nem egészségügyi ellátást [&hellip;]" />
<meta property="og:url" content="https://seed.hu/hirek/vallalati-feher-konyv/" />
<meta property="og:site_name" content="Seed" />
<meta property="article:modified_time" content="2022-01-23T17:37:58+00:00" />
<meta name="twitter:card" content="summary_large_image" />
<meta name="twitter:label1" content="Est. reading time" />
	<meta name="twitter:data1" content="1 minute" />
<script type="application/ld+json" class="yoast-schema-graph">{"@context":"https:\/\/schema.org","@graph":[{"@type":"WebPage","@id":"https:\/\/seed.hu\/hirek\/vallalati-feher-konyv\/","url":"https:\/\/seed.hu\/hirek\/vallalati-feher-konyv\/","name":"Vállalati Fehér Könyv - Seed","isPartOf":{"@id":"https:\/\/seed.hu\/#website"},"datePublished":"2020-09-18T12:56:41+00:00","dateModified":"2022-01-23T17:37:58+00:00","breadcrumb":{"@id":"https:\/\/seed.hu\/hirek\/vallalati-feher-konyv\/#breadcrumb"},"inLanguage":"en-US","potentialAction":[{"@type":"ReadAction","target":["https:\/\/seed.hu\/hirek\/vallalati-feher-konyv\/"]}]},{"@type":"BreadcrumbList","@id":"https:\/\/seed.hu\/hirek\/vallalati-feher-konyv\/#breadcrumb","itemListElement":[{"@type":"ListItem","position":1,"name":"Hírek","item":"https:\/\/seed.hu\/hirek\/"},{"@type":"ListItem","position":2,"name":"Vállalati Fehér Könyv"}]},{"@type":"WebSite","@id":"https:\/\/seed.hu\/#website","url":"https:\/\/seed.hu\/","name":"Seed","description":"","potentialAction":[{"@type":"SearchAction","target":{"@type":"EntryPoint","urlTemplate":"https:\/\/seed.hu\/?s={search_term_string}"},"query-input":{"@type":"PropertyValueSpecification","valueRequired":true,"valueName":"search_term_string"}}],"inLanguage":"en-US"}]}</script>
<!-- / Yoast SEO plugin. -->

Vállalati Fehér Könyv - Seed

Az új, online elérhető kiadvánnyal az Innovációs és Technológiai Minisztérium a járvány terjedésének megelőzésében, a kockázatok csökkentésében segíti a hazai vállalkozásokat. A Vállalati Fehér Könyv tudományos-szakmai megalapozottsággal, nemzetközi esettanulmányokat ismertetve tesz gyakorlati védekezési, munkaszervezési javaslatokat az őszi-téli időszakra. Alapvető célja, hogy a folyamatos és biztonságos működés fenntartása érdekében praktikus segítséget nyújtson a nem egészségügyi ellátást [&hellip;]

Hírek
