{"id":1043,"date":"2020-10-12T11:38:13","date_gmt":"2020-10-12T09:38:13","guid":{"rendered":"https:\/\/seed.hu\/?post_type=hirek&#038;p=1043"},"modified":"2022-01-23T18:54:57","modified_gmt":"2022-01-23T17:54:57","slug":"digitalis-kepzesek-ujratoltve","status":"publish","type":"hirek","link":"https:\/\/seed.hu\/en\/hirek\/digitalis-kepzesek-ujratoltve\/","title":{"rendered":"Digit\u00e1lis k\u00e9pz\u00e9sek &#8211; \u00fajrat\u00f6ltve"},"content":{"rendered":"<p><a href=\"https:\/\/seed.hu\/hirek\/matol-lehet-jelentkezni-az-oszi-kepzesi-programjainkra\/seed_digitalis_kepzes\/\" rel=\"attachment wp-att-1038\"><img loading=\"lazy\" decoding=\"async\" class=\"alignnone wp-image-1038 size-full\" src=\"https:\/\/seed.hu\/wp-content\/uploads\/2022\/01\/SEED_digitalis_kepzes.png\" alt=\"\" width=\"646\" height=\"201\" srcset=\"https:\/\/seed.hu\/wp-content\/uploads\/2022\/01\/SEED_digitalis_kepzes.png 646w, https:\/\/seed.hu\/wp-content\/uploads\/2022\/01\/SEED_digitalis_kepzes-300x93.png 300w\" sizes=\"auto, (max-width: 646px) 100vw, 646px\" \/><\/a><\/p>\n<p>A digit\u00e1lis k\u00e9pz\u00e9sportf\u00f3li\u00f3 keret\u00e9ben \u0151sszel is v\u00e1rjuk a fejl\u0151dni-tanulni v\u00e1gy\u00f3 v\u00e1llalkoz\u00f3k\u00a0 jelentkez\u00e9s\u00e9t. A r\u00f6videbb workshopok\u00a0 a t\u00e1vmunka megval\u00f3s\u00edt\u00e1s\u00e1t \u00e9s a hat\u00e9konys\u00e1g m\u00e9r\u00e9s\u00e9t helyezik el\u0151t\u00e9rbe. Az \u00e1tfog\u00f3 digit\u00e1lis tud\u00e1s megszerz\u00e9s\u00e9t c\u00e9lozza a QuickIT nev\u0171, 2&#215;1\/2 napos k\u00e9pz\u00e9s, amely az alapvet\u0151 digit\u00e1lis kompetenci\u00e1k elsaj\u00e1t\u00edt\u00e1s\u00e1r\u00f3l sz\u00f3l, m\u00edg a digITall, 4 napos digit\u00e1lis kompetenciafejleszt\u0151 tr\u00e9ningen m\u00e1r j\u00f3val \u00f6sszetettebb digit\u00e1lis probl\u00e9m\u00e1kra is megold\u00e1st \u00e9s v\u00e1laszt kapnak az \u00e9rdekl\u0151d\u0151k. A workshopok, k\u00e9pz\u00e9sek c\u00e9lja, tartalma, az id\u0151pontok a frissen elk\u00e9sz\u00fclt\u00a0<a href=\"http:\/\/digital.seed.hu\" target=\"_blank\" rel=\"noopener\"><strong>digital.seed.hu<\/strong><\/a>\u00a0oldalon \u00e9rhet\u0151k el.<\/p>\n<p><a href=\"https:\/\/www.facebook.com\/watch\/?v=255385255864506\" target=\"_blank\" rel=\"noopener\"><img decoding=\"async\" style=\"width: 411px; height: 279px;\" src=\"https:\/\/seed.hu\/files\/attachments\/inline\/digital-seed-hu.png\" alt=\"\" \/><\/a><\/p>\n<p><a href=\"https:\/\/www.facebook.com\/watch\/?v=255385255864506\" target=\"_blank\" rel=\"noopener\"><strong>https:\/\/www.facebook.com\/watch\/?v=255385255864506<\/strong><\/a><\/p>\n","protected":false},"featured_media":792,"menu_order":0,"template":"","meta":{"_acf_changed":false},"class_list":["post-1043","hirek","type-hirek","status-publish","has-post-thumbnail","hentry"],"acf":[],"yoast_head":"<!-- This site is optimized with the Yoast SEO plugin v27.4 - https:\/\/yoast.com\/product\/yoast-seo-wordpress\/ -->\n<title>Digit\u00e1lis k\u00e9pz\u00e9sek - \u00fajrat\u00f6ltve - Seed<\/title>\n<meta name=\"robots\" content=\"index, follow, max-snippet:-1, max-image-preview:large, max-video-preview:-1\" \/>\n<link rel=\"canonical\" href=\"https:\/\/seed.hu\/hirek\/digitalis-kepzesek-ujratoltve\/\" \/>\n<meta property=\"og:locale\" content=\"en_US\" \/>\n<meta property=\"og:type\" content=\"article\" \/>\n<meta property=\"og:title\" content=\"Digit\u00e1lis k\u00e9pz\u00e9sek - \u00fajrat\u00f6ltve - Seed\" \/>\n<meta property=\"og:description\" content=\"A digit\u00e1lis k\u00e9pz\u00e9sportf\u00f3li\u00f3 keret\u00e9ben \u0151sszel is v\u00e1rjuk a fejl\u0151dni-tanulni v\u00e1gy\u00f3 v\u00e1llalkoz\u00f3k\u00a0 jelentkez\u00e9s\u00e9t. A r\u00f6videbb workshopok\u00a0 a t\u00e1vmunka megval\u00f3s\u00edt\u00e1s\u00e1t \u00e9s a hat\u00e9konys\u00e1g m\u00e9r\u00e9s\u00e9t helyezik el\u0151t\u00e9rbe. Az \u00e1tfog\u00f3 digit\u00e1lis tud\u00e1s megszerz\u00e9s\u00e9t c\u00e9lozza a QuickIT nev\u0171, 2&#215;1\/2 napos k\u00e9pz\u00e9s, amely az alapvet\u0151 digit\u00e1lis kompetenci\u00e1k elsaj\u00e1t\u00edt\u00e1s\u00e1r\u00f3l sz\u00f3l, m\u00edg a digITall, 4 napos digit\u00e1lis kompetenciafejleszt\u0151 tr\u00e9ningen m\u00e1r j\u00f3val \u00f6sszetettebb digit\u00e1lis [&hellip;]\" \/>\n<meta property=\"og:url\" content=\"https:\/\/seed.hu\/hirek\/digitalis-kepzesek-ujratoltve\/\" \/>\n<meta property=\"og:site_name\" content=\"Seed\" \/>\n<meta property=\"article:modified_time\" content=\"2022-01-23T17:54:57+00:00\" \/>\n<meta property=\"og:image\" content=\"https:\/\/seed.hu\/wp-content\/uploads\/2018\/04\/SEED_logo.png\" \/>\n\t<meta property=\"og:image:width\" content=\"250\" \/>\n\t<meta property=\"og:image:height\" content=\"206\" \/>\n\t<meta property=\"og:image:type\" content=\"image\/png\" \/>\n<meta name=\"twitter:card\" content=\"summary_large_image\" \/>\n<meta name=\"twitter:label1\" content=\"Est. reading time\" \/>\n\t<meta name=\"twitter:data1\" content=\"1 minute\" \/>\n<script type=\"application\/ld+json\" class=\"yoast-schema-graph\">{\"@context\":\"https:\\\/\\\/schema.org\",\"@graph\":[{\"@type\":\"WebPage\",\"@id\":\"https:\\\/\\\/seed.hu\\\/hirek\\\/digitalis-kepzesek-ujratoltve\\\/\",\"url\":\"https:\\\/\\\/seed.hu\\\/hirek\\\/digitalis-kepzesek-ujratoltve\\\/\",\"name\":\"Digit\u00e1lis k\u00e9pz\u00e9sek - \u00fajrat\u00f6ltve - Seed\",\"isPartOf\":{\"@id\":\"https:\\\/\\\/seed.hu\\\/#website\"},\"primaryImageOfPage\":{\"@id\":\"https:\\\/\\\/seed.hu\\\/hirek\\\/digitalis-kepzesek-ujratoltve\\\/#primaryimage\"},\"image\":{\"@id\":\"https:\\\/\\\/seed.hu\\\/hirek\\\/digitalis-kepzesek-ujratoltve\\\/#primaryimage\"},\"thumbnailUrl\":\"https:\\\/\\\/seed.hu\\\/wp-content\\\/uploads\\\/2018\\\/04\\\/SEED_logo.png\",\"datePublished\":\"2020-10-12T09:38:13+00:00\",\"dateModified\":\"2022-01-23T17:54:57+00:00\",\"breadcrumb\":{\"@id\":\"https:\\\/\\\/seed.hu\\\/hirek\\\/digitalis-kepzesek-ujratoltve\\\/#breadcrumb\"},\"inLanguage\":\"en-US\",\"potentialAction\":[{\"@type\":\"ReadAction\",\"target\":[\"https:\\\/\\\/seed.hu\\\/hirek\\\/digitalis-kepzesek-ujratoltve\\\/\"]}]},{\"@type\":\"ImageObject\",\"inLanguage\":\"en-US\",\"@id\":\"https:\\\/\\\/seed.hu\\\/hirek\\\/digitalis-kepzesek-ujratoltve\\\/#primaryimage\",\"url\":\"https:\\\/\\\/seed.hu\\\/wp-content\\\/uploads\\\/2018\\\/04\\\/SEED_logo.png\",\"contentUrl\":\"https:\\\/\\\/seed.hu\\\/wp-content\\\/uploads\\\/2018\\\/04\\\/SEED_logo.png\",\"width\":250,\"height\":206},{\"@type\":\"BreadcrumbList\",\"@id\":\"https:\\\/\\\/seed.hu\\\/hirek\\\/digitalis-kepzesek-ujratoltve\\\/#breadcrumb\",\"itemListElement\":[{\"@type\":\"ListItem\",\"position\":1,\"name\":\"H\u00edrek\",\"item\":\"https:\\\/\\\/seed.hu\\\/hirek\\\/\"},{\"@type\":\"ListItem\",\"position\":2,\"name\":\"Digit\u00e1lis k\u00e9pz\u00e9sek &#8211; \u00fajrat\u00f6ltve\"}]},{\"@type\":\"WebSite\",\"@id\":\"https:\\\/\\\/seed.hu\\\/#website\",\"url\":\"https:\\\/\\\/seed.hu\\\/\",\"name\":\"Seed\",\"description\":\"\",\"potentialAction\":[{\"@type\":\"SearchAction\",\"target\":{\"@type\":\"EntryPoint\",\"urlTemplate\":\"https:\\\/\\\/seed.hu\\\/?s={search_term_string}\"},\"query-input\":{\"@type\":\"PropertyValueSpecification\",\"valueRequired\":true,\"valueName\":\"search_term_string\"}}],\"inLanguage\":\"en-US\"}]}<\/script>\n<!-- \/ Yoast SEO plugin. -->","yoast_head_json":{"title":"Digit\u00e1lis k\u00e9pz\u00e9sek - \u00fajrat\u00f6ltve - Seed","robots":{"index":"index","follow":"follow","max-snippet":"max-snippet:-1","max-image-preview":"max-image-preview:large","max-video-preview":"max-video-preview:-1"},"canonical":"https:\/\/seed.hu\/hirek\/digitalis-kepzesek-ujratoltve\/","og_locale":"en_US","og_type":"article","og_title":"Digit\u00e1lis k\u00e9pz\u00e9sek - \u00fajrat\u00f6ltve - Seed","og_description":"A digit\u00e1lis k\u00e9pz\u00e9sportf\u00f3li\u00f3 keret\u00e9ben \u0151sszel is v\u00e1rjuk a fejl\u0151dni-tanulni v\u00e1gy\u00f3 v\u00e1llalkoz\u00f3k\u00a0 jelentkez\u00e9s\u00e9t. A r\u00f6videbb workshopok\u00a0 a t\u00e1vmunka megval\u00f3s\u00edt\u00e1s\u00e1t \u00e9s a hat\u00e9konys\u00e1g m\u00e9r\u00e9s\u00e9t helyezik el\u0151t\u00e9rbe. Az \u00e1tfog\u00f3 digit\u00e1lis tud\u00e1s megszerz\u00e9s\u00e9t c\u00e9lozza a QuickIT nev\u0171, 2&#215;1\/2 napos k\u00e9pz\u00e9s, amely az alapvet\u0151 digit\u00e1lis kompetenci\u00e1k elsaj\u00e1t\u00edt\u00e1s\u00e1r\u00f3l sz\u00f3l, m\u00edg a digITall, 4 napos digit\u00e1lis kompetenciafejleszt\u0151 tr\u00e9ningen m\u00e1r j\u00f3val \u00f6sszetettebb digit\u00e1lis [&hellip;]","og_url":"https:\/\/seed.hu\/hirek\/digitalis-kepzesek-ujratoltve\/","og_site_name":"Seed","article_modified_time":"2022-01-23T17:54:57+00:00","og_image":[{"width":250,"height":206,"url":"https:\/\/seed.hu\/wp-content\/uploads\/2018\/04\/SEED_logo.png","type":"image\/png"}],"twitter_card":"summary_large_image","twitter_misc":{"Est. reading time":"1 minute"},"schema":{"@context":"https:\/\/schema.org","@graph":[{"@type":"WebPage","@id":"https:\/\/seed.hu\/hirek\/digitalis-kepzesek-ujratoltve\/","url":"https:\/\/seed.hu\/hirek\/digitalis-kepzesek-ujratoltve\/","name":"Digit\u00e1lis k\u00e9pz\u00e9sek - \u00fajrat\u00f6ltve - Seed","isPartOf":{"@id":"https:\/\/seed.hu\/#website"},"primaryImageOfPage":{"@id":"https:\/\/seed.hu\/hirek\/digitalis-kepzesek-ujratoltve\/#primaryimage"},"image":{"@id":"https:\/\/seed.hu\/hirek\/digitalis-kepzesek-ujratoltve\/#primaryimage"},"thumbnailUrl":"https:\/\/seed.hu\/wp-content\/uploads\/2018\/04\/SEED_logo.png","datePublished":"2020-10-12T09:38:13+00:00","dateModified":"2022-01-23T17:54:57+00:00","breadcrumb":{"@id":"https:\/\/seed.hu\/hirek\/digitalis-kepzesek-ujratoltve\/#breadcrumb"},"inLanguage":"en-US","potentialAction":[{"@type":"ReadAction","target":["https:\/\/seed.hu\/hirek\/digitalis-kepzesek-ujratoltve\/"]}]},{"@type":"ImageObject","inLanguage":"en-US","@id":"https:\/\/seed.hu\/hirek\/digitalis-kepzesek-ujratoltve\/#primaryimage","url":"https:\/\/seed.hu\/wp-content\/uploads\/2018\/04\/SEED_logo.png","contentUrl":"https:\/\/seed.hu\/wp-content\/uploads\/2018\/04\/SEED_logo.png","width":250,"height":206},{"@type":"BreadcrumbList","@id":"https:\/\/seed.hu\/hirek\/digitalis-kepzesek-ujratoltve\/#breadcrumb","itemListElement":[{"@type":"ListItem","position":1,"name":"H\u00edrek","item":"https:\/\/seed.hu\/hirek\/"},{"@type":"ListItem","position":2,"name":"Digit\u00e1lis k\u00e9pz\u00e9sek &#8211; \u00fajrat\u00f6ltve"}]},{"@type":"WebSite","@id":"https:\/\/seed.hu\/#website","url":"https:\/\/seed.hu\/","name":"Seed","description":"","potentialAction":[{"@type":"SearchAction","target":{"@type":"EntryPoint","urlTemplate":"https:\/\/seed.hu\/?s={search_term_string}"},"query-input":{"@type":"PropertyValueSpecification","valueRequired":true,"valueName":"search_term_string"}}],"inLanguage":"en-US"}]}},"_links":{"self":[{"href":"https:\/\/seed.hu\/en\/wp-json\/wp\/v2\/hirek\/1043","targetHints":{"allow":["GET"]}}],"collection":[{"href":"https:\/\/seed.hu\/en\/wp-json\/wp\/v2\/hirek"}],"about":[{"href":"https:\/\/seed.hu\/en\/wp-json\/wp\/v2\/types\/hirek"}],"wp:featuredmedia":[{"embeddable":true,"href":"https:\/\/seed.hu\/en\/wp-json\/wp\/v2\/media\/792"}],"wp:attachment":[{"href":"https:\/\/seed.hu\/en\/wp-json\/wp\/v2\/media?parent=1043"}],"curies":[{"name":"wp","href":"https:\/\/api.w.org\/{rel}","templated":true}]}}

Digitális képzések &#8211; újratöltve

<p><a href="https://seed.hu/hirek/matol-lehet-jelentkezni-az-oszi-kepzesi-programjainkra/seed_digitalis_kepzes/" rel="attachment wp-att-1038"><img loading="lazy" decoding="async" class="alignnone wp-image-1038 size-full" src="https://seed.hu/wp-content/uploads/2022/01/SEED_digitalis_kepzes.png" alt="" width="646" height="201" srcset="https://seed.hu/wp-content/uploads/2022/01/SEED_digitalis_kepzes.png 646w, https://seed.hu/wp-content/uploads/2022/01/SEED_digitalis_kepzes-300x93.png 300w" sizes="auto, (max-width: 646px) 100vw, 646px" /></a></p>
<p>A digitális képzésportfólió keretében ősszel is várjuk a fejlődni-tanulni vágyó vállalkozók  jelentkezését. A rövidebb workshopok  a távmunka megvalósítását és a hatékonyság mérését helyezik előtérbe. Az átfogó digitális tudás megszerzését célozza a QuickIT nevű, 2&#215;1/2 napos képzés, amely az alapvető digitális kompetenciák elsajátításáról szól, míg a digITall, 4 napos digitális kompetenciafejlesztő tréningen már jóval összetettebb digitális problémákra is megoldást és választ kapnak az érdeklődők. A workshopok, képzések célja, tartalma, az időpontok a frissen elkészült <a href="http://digital.seed.hu" target="_blank" rel="noopener"><strong>digital.seed.hu</strong></a> oldalon érhetők el.</p>
<p><a href="https://www.facebook.com/watch/?v=255385255864506" target="_blank" rel="noopener"><img decoding="async" style="width: 411px; height: 279px;" src="https://seed.hu/files/attachments/inline/digital-seed-hu.png" alt="" /></a></p>
<p><a href="https://www.facebook.com/watch/?v=255385255864506" target="_blank" rel="noopener"><strong>https://www.facebook.com/watch/?v=255385255864506</strong></a></p>

<!-- This site is optimized with the Yoast SEO plugin v27.4 - https://yoast.com/product/yoast-seo-wordpress/ -->
<title>Digitális képzések - újratöltve - Seed</title>
<meta name="robots" content="index, follow, max-snippet:-1, max-image-preview:large, max-video-preview:-1" />
<link rel="canonical" href="https://seed.hu/hirek/digitalis-kepzesek-ujratoltve/" />
<meta property="og:locale" content="en_US" />
<meta property="og:type" content="article" />
<meta property="og:title" content="Digitális képzések - újratöltve - Seed" />
<meta property="og:description" content="A digitális képzésportfólió keretében ősszel is várjuk a fejlődni-tanulni vágyó vállalkozók  jelentkezését. A rövidebb workshopok  a távmunka megvalósítását és a hatékonyság mérését helyezik előtérbe. Az átfogó digitális tudás megszerzését célozza a QuickIT nevű, 2&#215;1/2 napos képzés, amely az alapvető digitális kompetenciák elsajátításáról szól, míg a digITall, 4 napos digitális kompetenciafejlesztő tréningen már jóval összetettebb digitális [&hellip;]" />
<meta property="og:url" content="https://seed.hu/hirek/digitalis-kepzesek-ujratoltve/" />
<meta property="og:site_name" content="Seed" />
<meta property="article:modified_time" content="2022-01-23T17:54:57+00:00" />
<meta property="og:image" content="https://seed.hu/wp-content/uploads/2018/04/SEED_logo.png" />
	<meta property="og:image:width" content="250" />
	<meta property="og:image:height" content="206" />
	<meta property="og:image:type" content="image/png" />
<meta name="twitter:card" content="summary_large_image" />
<meta name="twitter:label1" content="Est. reading time" />
	<meta name="twitter:data1" content="1 minute" />
<script type="application/ld+json" class="yoast-schema-graph">{"@context":"https:\/\/schema.org","@graph":[{"@type":"WebPage","@id":"https:\/\/seed.hu\/hirek\/digitalis-kepzesek-ujratoltve\/","url":"https:\/\/seed.hu\/hirek\/digitalis-kepzesek-ujratoltve\/","name":"Digitális képzések - újratöltve - Seed","isPartOf":{"@id":"https:\/\/seed.hu\/#website"},"primaryImageOfPage":{"@id":"https:\/\/seed.hu\/hirek\/digitalis-kepzesek-ujratoltve\/#primaryimage"},"image":{"@id":"https:\/\/seed.hu\/hirek\/digitalis-kepzesek-ujratoltve\/#primaryimage"},"thumbnailUrl":"https:\/\/seed.hu\/wp-content\/uploads\/2018\/04\/SEED_logo.png","datePublished":"2020-10-12T09:38:13+00:00","dateModified":"2022-01-23T17:54:57+00:00","breadcrumb":{"@id":"https:\/\/seed.hu\/hirek\/digitalis-kepzesek-ujratoltve\/#breadcrumb"},"inLanguage":"en-US","potentialAction":[{"@type":"ReadAction","target":["https:\/\/seed.hu\/hirek\/digitalis-kepzesek-ujratoltve\/"]}]},{"@type":"ImageObject","inLanguage":"en-US","@id":"https:\/\/seed.hu\/hirek\/digitalis-kepzesek-ujratoltve\/#primaryimage","url":"https:\/\/seed.hu\/wp-content\/uploads\/2018\/04\/SEED_logo.png","contentUrl":"https:\/\/seed.hu\/wp-content\/uploads\/2018\/04\/SEED_logo.png","width":250,"height":206},{"@type":"BreadcrumbList","@id":"https:\/\/seed.hu\/hirek\/digitalis-kepzesek-ujratoltve\/#breadcrumb","itemListElement":[{"@type":"ListItem","position":1,"name":"Hírek","item":"https:\/\/seed.hu\/hirek\/"},{"@type":"ListItem","position":2,"name":"Digitális képzések &#8211; újratöltve"}]},{"@type":"WebSite","@id":"https:\/\/seed.hu\/#website","url":"https:\/\/seed.hu\/","name":"Seed","description":"","potentialAction":[{"@type":"SearchAction","target":{"@type":"EntryPoint","urlTemplate":"https:\/\/seed.hu\/?s={search_term_string}"},"query-input":{"@type":"PropertyValueSpecification","valueRequired":true,"valueName":"search_term_string"}}],"inLanguage":"en-US"}]}</script>
<!-- / Yoast SEO plugin. -->

Digitális képzések - újratöltve - Seed

A digitális képzésportfólió keretében ősszel is várjuk a fejlődni-tanulni vágyó vállalkozók  jelentkezését. A rövidebb workshopok  a távmunka megvalósítását és a hatékonyság mérését helyezik előtérbe. Az átfogó digitális tudás megszerzését célozza a QuickIT nevű, 2&#215;1/2 napos képzés, amely az alapvető digitális kompetenciák elsajátításáról szól, míg a digITall, 4 napos digitális kompetenciafejlesztő tréningen már jóval összetettebb digitális [&hellip;]

Hírek
