{"id":1107,"date":"2020-12-03T08:57:45","date_gmt":"2020-12-03T07:57:45","guid":{"rendered":"https:\/\/seed.hu\/?post_type=hirek&#038;p=1107"},"modified":"2022-01-24T14:26:56","modified_gmt":"2022-01-24T13:26:56","slug":"a-tudasbarat-szervezet-dij-beadasi-hatarideje-meghosszabodik","status":"publish","type":"hirek","link":"https:\/\/seed.hu\/en\/hirek\/a-tudasbarat-szervezet-dij-beadasi-hatarideje-meghosszabodik\/","title":{"rendered":"A Tud\u00e1sbar\u00e1t szervezet d\u00edj bead\u00e1si hat\u00e1rideje meghosszabodik!"},"content":{"rendered":"<p><a href=\"https:\/\/seed.hu\/hirek\/tudasbarat-szervezet-dij-december-3-aig-lehet-palyazni-a-tudasbarat-szervezet-2020-elismeresre\/seed_tudasbarat\/\" rel=\"attachment wp-att-1060\"><img loading=\"lazy\" decoding=\"async\" class=\"alignnone wp-image-1060 size-full\" src=\"https:\/\/seed.hu\/wp-content\/uploads\/2022\/01\/SEED_Tudasbarat.png\" alt=\"\" width=\"578\" height=\"219\" srcset=\"https:\/\/seed.hu\/wp-content\/uploads\/2022\/01\/SEED_Tudasbarat.png 578w, https:\/\/seed.hu\/wp-content\/uploads\/2022\/01\/SEED_Tudasbarat-300x114.png 300w\" sizes=\"auto, (max-width: 578px) 100vw, 578px\" \/><\/a><\/p>\n<p>\u00c9rz\u00e9kelve \u00e9s meghallva a v\u00e1llalkoz\u00e1sok r\u00e9sz\u00e9r\u0151l azt a gondolatis\u00e1got \u00e9s kimondott szavakat, melyek az \u00e9v v\u00e9gi hajr\u00e1r\u00f3l, az idei, neh\u00e9zs\u00e9gekkel terhelt hossz\u00fa \u00e9v okozta extra er\u0151fesz\u00edt\u00e9sek \u00e9s koncentr\u00e1ci\u00f3 okozta f\u00e1radalmakr\u00f3l sz\u00f3l, a Tud\u00e1sbar\u00e1t szervezet d\u00edj 2020 p\u00e1ly\u00e1zat bead\u00e1si hat\u00e1ridej\u00e9t<strong> 2021. febru\u00e1r 28-\u00e1ig meghosszabb\u00edtottuk<\/strong>!<\/p>\n<p>A k\u00f6r\u00fcl\u00f6tt\u00fcnk l\u00e9v\u0151 v\u00e1llalkoz\u00e1sok k\u00f6z\u00fcl egyre t\u00f6bben ismerik fel a tud\u00e1svagyon fontoss\u00e1g\u00e1t \u00e9s tesznek konkr\u00e9t int\u00e9zked\u00e9seket annak megragad\u00e1sa, m\u00e9r\u00e9se, n\u00f6vel\u00e9se \u00e9rdek\u00e9ben.<\/p>\n<p>C\u00e9lunk a hat\u00e1rid\u0151 meghosszabb\u00edt\u00e1s\u00e1ra, hogy &#8211; id\u0151t adva a p\u00e1ly\u00e1zatok kidolgoz\u00e1s\u00e1ra &#8211; min\u00e9l t\u00f6bb j\u00f3 gyakorlatot ismerhess\u00fcnk meg.<\/p>\n","protected":false},"featured_media":792,"menu_order":0,"template":"","meta":{"_acf_changed":false},"class_list":["post-1107","hirek","type-hirek","status-publish","has-post-thumbnail","hentry"],"acf":[],"yoast_head":"<!-- This site is optimized with the Yoast SEO plugin v27.4 - https:\/\/yoast.com\/product\/yoast-seo-wordpress\/ -->\n<title>A Tud\u00e1sbar\u00e1t szervezet d\u00edj bead\u00e1si hat\u00e1rideje meghosszabodik! - Seed<\/title>\n<meta name=\"robots\" content=\"index, follow, max-snippet:-1, max-image-preview:large, max-video-preview:-1\" \/>\n<link rel=\"canonical\" href=\"https:\/\/seed.hu\/hirek\/a-tudasbarat-szervezet-dij-beadasi-hatarideje-meghosszabodik\/\" \/>\n<meta property=\"og:locale\" content=\"en_US\" \/>\n<meta property=\"og:type\" content=\"article\" \/>\n<meta property=\"og:title\" content=\"A Tud\u00e1sbar\u00e1t szervezet d\u00edj bead\u00e1si hat\u00e1rideje meghosszabodik! - Seed\" \/>\n<meta property=\"og:description\" content=\"\u00c9rz\u00e9kelve \u00e9s meghallva a v\u00e1llalkoz\u00e1sok r\u00e9sz\u00e9r\u0151l azt a gondolatis\u00e1got \u00e9s kimondott szavakat, melyek az \u00e9v v\u00e9gi hajr\u00e1r\u00f3l, az idei, neh\u00e9zs\u00e9gekkel terhelt hossz\u00fa \u00e9v okozta extra er\u0151fesz\u00edt\u00e9sek \u00e9s koncentr\u00e1ci\u00f3 okozta f\u00e1radalmakr\u00f3l sz\u00f3l, a Tud\u00e1sbar\u00e1t szervezet d\u00edj 2020 p\u00e1ly\u00e1zat bead\u00e1si hat\u00e1ridej\u00e9t 2021. febru\u00e1r 28-\u00e1ig meghosszabb\u00edtottuk! A k\u00f6r\u00fcl\u00f6tt\u00fcnk l\u00e9v\u0151 v\u00e1llalkoz\u00e1sok k\u00f6z\u00fcl egyre t\u00f6bben ismerik fel a tud\u00e1svagyon fontoss\u00e1g\u00e1t [&hellip;]\" \/>\n<meta property=\"og:url\" content=\"https:\/\/seed.hu\/hirek\/a-tudasbarat-szervezet-dij-beadasi-hatarideje-meghosszabodik\/\" \/>\n<meta property=\"og:site_name\" content=\"Seed\" \/>\n<meta property=\"article:modified_time\" content=\"2022-01-24T13:26:56+00:00\" \/>\n<meta property=\"og:image\" content=\"https:\/\/seed.hu\/wp-content\/uploads\/2018\/04\/SEED_logo.png\" \/>\n\t<meta property=\"og:image:width\" content=\"250\" \/>\n\t<meta property=\"og:image:height\" content=\"206\" \/>\n\t<meta property=\"og:image:type\" content=\"image\/png\" \/>\n<meta name=\"twitter:card\" content=\"summary_large_image\" \/>\n<meta name=\"twitter:label1\" content=\"Est. reading time\" \/>\n\t<meta name=\"twitter:data1\" content=\"1 minute\" \/>\n<script type=\"application\/ld+json\" class=\"yoast-schema-graph\">{\"@context\":\"https:\\\/\\\/schema.org\",\"@graph\":[{\"@type\":\"WebPage\",\"@id\":\"https:\\\/\\\/seed.hu\\\/hirek\\\/a-tudasbarat-szervezet-dij-beadasi-hatarideje-meghosszabodik\\\/\",\"url\":\"https:\\\/\\\/seed.hu\\\/hirek\\\/a-tudasbarat-szervezet-dij-beadasi-hatarideje-meghosszabodik\\\/\",\"name\":\"A Tud\u00e1sbar\u00e1t szervezet d\u00edj bead\u00e1si hat\u00e1rideje meghosszabodik! - Seed\",\"isPartOf\":{\"@id\":\"https:\\\/\\\/seed.hu\\\/#website\"},\"primaryImageOfPage\":{\"@id\":\"https:\\\/\\\/seed.hu\\\/hirek\\\/a-tudasbarat-szervezet-dij-beadasi-hatarideje-meghosszabodik\\\/#primaryimage\"},\"image\":{\"@id\":\"https:\\\/\\\/seed.hu\\\/hirek\\\/a-tudasbarat-szervezet-dij-beadasi-hatarideje-meghosszabodik\\\/#primaryimage\"},\"thumbnailUrl\":\"https:\\\/\\\/seed.hu\\\/wp-content\\\/uploads\\\/2018\\\/04\\\/SEED_logo.png\",\"datePublished\":\"2020-12-03T07:57:45+00:00\",\"dateModified\":\"2022-01-24T13:26:56+00:00\",\"breadcrumb\":{\"@id\":\"https:\\\/\\\/seed.hu\\\/hirek\\\/a-tudasbarat-szervezet-dij-beadasi-hatarideje-meghosszabodik\\\/#breadcrumb\"},\"inLanguage\":\"en-US\",\"potentialAction\":[{\"@type\":\"ReadAction\",\"target\":[\"https:\\\/\\\/seed.hu\\\/hirek\\\/a-tudasbarat-szervezet-dij-beadasi-hatarideje-meghosszabodik\\\/\"]}]},{\"@type\":\"ImageObject\",\"inLanguage\":\"en-US\",\"@id\":\"https:\\\/\\\/seed.hu\\\/hirek\\\/a-tudasbarat-szervezet-dij-beadasi-hatarideje-meghosszabodik\\\/#primaryimage\",\"url\":\"https:\\\/\\\/seed.hu\\\/wp-content\\\/uploads\\\/2018\\\/04\\\/SEED_logo.png\",\"contentUrl\":\"https:\\\/\\\/seed.hu\\\/wp-content\\\/uploads\\\/2018\\\/04\\\/SEED_logo.png\",\"width\":250,\"height\":206},{\"@type\":\"BreadcrumbList\",\"@id\":\"https:\\\/\\\/seed.hu\\\/hirek\\\/a-tudasbarat-szervezet-dij-beadasi-hatarideje-meghosszabodik\\\/#breadcrumb\",\"itemListElement\":[{\"@type\":\"ListItem\",\"position\":1,\"name\":\"H\u00edrek\",\"item\":\"https:\\\/\\\/seed.hu\\\/hirek\\\/\"},{\"@type\":\"ListItem\",\"position\":2,\"name\":\"A Tud\u00e1sbar\u00e1t szervezet d\u00edj bead\u00e1si hat\u00e1rideje meghosszabodik!\"}]},{\"@type\":\"WebSite\",\"@id\":\"https:\\\/\\\/seed.hu\\\/#website\",\"url\":\"https:\\\/\\\/seed.hu\\\/\",\"name\":\"Seed\",\"description\":\"\",\"potentialAction\":[{\"@type\":\"SearchAction\",\"target\":{\"@type\":\"EntryPoint\",\"urlTemplate\":\"https:\\\/\\\/seed.hu\\\/?s={search_term_string}\"},\"query-input\":{\"@type\":\"PropertyValueSpecification\",\"valueRequired\":true,\"valueName\":\"search_term_string\"}}],\"inLanguage\":\"en-US\"}]}<\/script>\n<!-- \/ Yoast SEO plugin. -->","yoast_head_json":{"title":"A Tud\u00e1sbar\u00e1t szervezet d\u00edj bead\u00e1si hat\u00e1rideje meghosszabodik! - Seed","robots":{"index":"index","follow":"follow","max-snippet":"max-snippet:-1","max-image-preview":"max-image-preview:large","max-video-preview":"max-video-preview:-1"},"canonical":"https:\/\/seed.hu\/hirek\/a-tudasbarat-szervezet-dij-beadasi-hatarideje-meghosszabodik\/","og_locale":"en_US","og_type":"article","og_title":"A Tud\u00e1sbar\u00e1t szervezet d\u00edj bead\u00e1si hat\u00e1rideje meghosszabodik! - Seed","og_description":"\u00c9rz\u00e9kelve \u00e9s meghallva a v\u00e1llalkoz\u00e1sok r\u00e9sz\u00e9r\u0151l azt a gondolatis\u00e1got \u00e9s kimondott szavakat, melyek az \u00e9v v\u00e9gi hajr\u00e1r\u00f3l, az idei, neh\u00e9zs\u00e9gekkel terhelt hossz\u00fa \u00e9v okozta extra er\u0151fesz\u00edt\u00e9sek \u00e9s koncentr\u00e1ci\u00f3 okozta f\u00e1radalmakr\u00f3l sz\u00f3l, a Tud\u00e1sbar\u00e1t szervezet d\u00edj 2020 p\u00e1ly\u00e1zat bead\u00e1si hat\u00e1ridej\u00e9t 2021. febru\u00e1r 28-\u00e1ig meghosszabb\u00edtottuk! A k\u00f6r\u00fcl\u00f6tt\u00fcnk l\u00e9v\u0151 v\u00e1llalkoz\u00e1sok k\u00f6z\u00fcl egyre t\u00f6bben ismerik fel a tud\u00e1svagyon fontoss\u00e1g\u00e1t [&hellip;]","og_url":"https:\/\/seed.hu\/hirek\/a-tudasbarat-szervezet-dij-beadasi-hatarideje-meghosszabodik\/","og_site_name":"Seed","article_modified_time":"2022-01-24T13:26:56+00:00","og_image":[{"width":250,"height":206,"url":"https:\/\/seed.hu\/wp-content\/uploads\/2018\/04\/SEED_logo.png","type":"image\/png"}],"twitter_card":"summary_large_image","twitter_misc":{"Est. reading time":"1 minute"},"schema":{"@context":"https:\/\/schema.org","@graph":[{"@type":"WebPage","@id":"https:\/\/seed.hu\/hirek\/a-tudasbarat-szervezet-dij-beadasi-hatarideje-meghosszabodik\/","url":"https:\/\/seed.hu\/hirek\/a-tudasbarat-szervezet-dij-beadasi-hatarideje-meghosszabodik\/","name":"A Tud\u00e1sbar\u00e1t szervezet d\u00edj bead\u00e1si hat\u00e1rideje meghosszabodik! - Seed","isPartOf":{"@id":"https:\/\/seed.hu\/#website"},"primaryImageOfPage":{"@id":"https:\/\/seed.hu\/hirek\/a-tudasbarat-szervezet-dij-beadasi-hatarideje-meghosszabodik\/#primaryimage"},"image":{"@id":"https:\/\/seed.hu\/hirek\/a-tudasbarat-szervezet-dij-beadasi-hatarideje-meghosszabodik\/#primaryimage"},"thumbnailUrl":"https:\/\/seed.hu\/wp-content\/uploads\/2018\/04\/SEED_logo.png","datePublished":"2020-12-03T07:57:45+00:00","dateModified":"2022-01-24T13:26:56+00:00","breadcrumb":{"@id":"https:\/\/seed.hu\/hirek\/a-tudasbarat-szervezet-dij-beadasi-hatarideje-meghosszabodik\/#breadcrumb"},"inLanguage":"en-US","potentialAction":[{"@type":"ReadAction","target":["https:\/\/seed.hu\/hirek\/a-tudasbarat-szervezet-dij-beadasi-hatarideje-meghosszabodik\/"]}]},{"@type":"ImageObject","inLanguage":"en-US","@id":"https:\/\/seed.hu\/hirek\/a-tudasbarat-szervezet-dij-beadasi-hatarideje-meghosszabodik\/#primaryimage","url":"https:\/\/seed.hu\/wp-content\/uploads\/2018\/04\/SEED_logo.png","contentUrl":"https:\/\/seed.hu\/wp-content\/uploads\/2018\/04\/SEED_logo.png","width":250,"height":206},{"@type":"BreadcrumbList","@id":"https:\/\/seed.hu\/hirek\/a-tudasbarat-szervezet-dij-beadasi-hatarideje-meghosszabodik\/#breadcrumb","itemListElement":[{"@type":"ListItem","position":1,"name":"H\u00edrek","item":"https:\/\/seed.hu\/hirek\/"},{"@type":"ListItem","position":2,"name":"A Tud\u00e1sbar\u00e1t szervezet d\u00edj bead\u00e1si hat\u00e1rideje meghosszabodik!"}]},{"@type":"WebSite","@id":"https:\/\/seed.hu\/#website","url":"https:\/\/seed.hu\/","name":"Seed","description":"","potentialAction":[{"@type":"SearchAction","target":{"@type":"EntryPoint","urlTemplate":"https:\/\/seed.hu\/?s={search_term_string}"},"query-input":{"@type":"PropertyValueSpecification","valueRequired":true,"valueName":"search_term_string"}}],"inLanguage":"en-US"}]}},"_links":{"self":[{"href":"https:\/\/seed.hu\/en\/wp-json\/wp\/v2\/hirek\/1107","targetHints":{"allow":["GET"]}}],"collection":[{"href":"https:\/\/seed.hu\/en\/wp-json\/wp\/v2\/hirek"}],"about":[{"href":"https:\/\/seed.hu\/en\/wp-json\/wp\/v2\/types\/hirek"}],"wp:featuredmedia":[{"embeddable":true,"href":"https:\/\/seed.hu\/en\/wp-json\/wp\/v2\/media\/792"}],"wp:attachment":[{"href":"https:\/\/seed.hu\/en\/wp-json\/wp\/v2\/media?parent=1107"}],"curies":[{"name":"wp","href":"https:\/\/api.w.org\/{rel}","templated":true}]}}

A Tudásbarát szervezet díj beadási határideje meghosszabodik!

<p><a href="https://seed.hu/hirek/tudasbarat-szervezet-dij-december-3-aig-lehet-palyazni-a-tudasbarat-szervezet-2020-elismeresre/seed_tudasbarat/" rel="attachment wp-att-1060"><img loading="lazy" decoding="async" class="alignnone wp-image-1060 size-full" src="https://seed.hu/wp-content/uploads/2022/01/SEED_Tudasbarat.png" alt="" width="578" height="219" srcset="https://seed.hu/wp-content/uploads/2022/01/SEED_Tudasbarat.png 578w, https://seed.hu/wp-content/uploads/2022/01/SEED_Tudasbarat-300x114.png 300w" sizes="auto, (max-width: 578px) 100vw, 578px" /></a></p>
<p>Érzékelve és meghallva a vállalkozások részéről azt a gondolatiságot és kimondott szavakat, melyek az év végi hajráról, az idei, nehézségekkel terhelt hosszú év okozta extra erőfeszítések és koncentráció okozta fáradalmakról szól, a Tudásbarát szervezet díj 2020 pályázat beadási határidejét<strong> 2021. február 28-áig meghosszabbítottuk</strong>!</p>
<p>A körülöttünk lévő vállalkozások közül egyre többen ismerik fel a tudásvagyon fontosságát és tesznek konkrét intézkedéseket annak megragadása, mérése, növelése érdekében.</p>
<p>Célunk a határidő meghosszabbítására, hogy &#8211; időt adva a pályázatok kidolgozására &#8211; minél több jó gyakorlatot ismerhessünk meg.</p>

<!-- This site is optimized with the Yoast SEO plugin v27.4 - https://yoast.com/product/yoast-seo-wordpress/ -->
<title>A Tudásbarát szervezet díj beadási határideje meghosszabodik! - Seed</title>
<meta name="robots" content="index, follow, max-snippet:-1, max-image-preview:large, max-video-preview:-1" />
<link rel="canonical" href="https://seed.hu/hirek/a-tudasbarat-szervezet-dij-beadasi-hatarideje-meghosszabodik/" />
<meta property="og:locale" content="en_US" />
<meta property="og:type" content="article" />
<meta property="og:title" content="A Tudásbarát szervezet díj beadási határideje meghosszabodik! - Seed" />
<meta property="og:description" content="Érzékelve és meghallva a vállalkozások részéről azt a gondolatiságot és kimondott szavakat, melyek az év végi hajráról, az idei, nehézségekkel terhelt hosszú év okozta extra erőfeszítések és koncentráció okozta fáradalmakról szól, a Tudásbarát szervezet díj 2020 pályázat beadási határidejét 2021. február 28-áig meghosszabbítottuk! A körülöttünk lévő vállalkozások közül egyre többen ismerik fel a tudásvagyon fontosságát [&hellip;]" />
<meta property="og:url" content="https://seed.hu/hirek/a-tudasbarat-szervezet-dij-beadasi-hatarideje-meghosszabodik/" />
<meta property="og:site_name" content="Seed" />
<meta property="article:modified_time" content="2022-01-24T13:26:56+00:00" />
<meta property="og:image" content="https://seed.hu/wp-content/uploads/2018/04/SEED_logo.png" />
	<meta property="og:image:width" content="250" />
	<meta property="og:image:height" content="206" />
	<meta property="og:image:type" content="image/png" />
<meta name="twitter:card" content="summary_large_image" />
<meta name="twitter:label1" content="Est. reading time" />
	<meta name="twitter:data1" content="1 minute" />
<script type="application/ld+json" class="yoast-schema-graph">{"@context":"https:\/\/schema.org","@graph":[{"@type":"WebPage","@id":"https:\/\/seed.hu\/hirek\/a-tudasbarat-szervezet-dij-beadasi-hatarideje-meghosszabodik\/","url":"https:\/\/seed.hu\/hirek\/a-tudasbarat-szervezet-dij-beadasi-hatarideje-meghosszabodik\/","name":"A Tudásbarát szervezet díj beadási határideje meghosszabodik! - Seed","isPartOf":{"@id":"https:\/\/seed.hu\/#website"},"primaryImageOfPage":{"@id":"https:\/\/seed.hu\/hirek\/a-tudasbarat-szervezet-dij-beadasi-hatarideje-meghosszabodik\/#primaryimage"},"image":{"@id":"https:\/\/seed.hu\/hirek\/a-tudasbarat-szervezet-dij-beadasi-hatarideje-meghosszabodik\/#primaryimage"},"thumbnailUrl":"https:\/\/seed.hu\/wp-content\/uploads\/2018\/04\/SEED_logo.png","datePublished":"2020-12-03T07:57:45+00:00","dateModified":"2022-01-24T13:26:56+00:00","breadcrumb":{"@id":"https:\/\/seed.hu\/hirek\/a-tudasbarat-szervezet-dij-beadasi-hatarideje-meghosszabodik\/#breadcrumb"},"inLanguage":"en-US","potentialAction":[{"@type":"ReadAction","target":["https:\/\/seed.hu\/hirek\/a-tudasbarat-szervezet-dij-beadasi-hatarideje-meghosszabodik\/"]}]},{"@type":"ImageObject","inLanguage":"en-US","@id":"https:\/\/seed.hu\/hirek\/a-tudasbarat-szervezet-dij-beadasi-hatarideje-meghosszabodik\/#primaryimage","url":"https:\/\/seed.hu\/wp-content\/uploads\/2018\/04\/SEED_logo.png","contentUrl":"https:\/\/seed.hu\/wp-content\/uploads\/2018\/04\/SEED_logo.png","width":250,"height":206},{"@type":"BreadcrumbList","@id":"https:\/\/seed.hu\/hirek\/a-tudasbarat-szervezet-dij-beadasi-hatarideje-meghosszabodik\/#breadcrumb","itemListElement":[{"@type":"ListItem","position":1,"name":"Hírek","item":"https:\/\/seed.hu\/hirek\/"},{"@type":"ListItem","position":2,"name":"A Tudásbarát szervezet díj beadási határideje meghosszabodik!"}]},{"@type":"WebSite","@id":"https:\/\/seed.hu\/#website","url":"https:\/\/seed.hu\/","name":"Seed","description":"","potentialAction":[{"@type":"SearchAction","target":{"@type":"EntryPoint","urlTemplate":"https:\/\/seed.hu\/?s={search_term_string}"},"query-input":{"@type":"PropertyValueSpecification","valueRequired":true,"valueName":"search_term_string"}}],"inLanguage":"en-US"}]}</script>
<!-- / Yoast SEO plugin. -->

A Tudásbarát szervezet díj beadási határideje meghosszabodik! - Seed

Érzékelve és meghallva a vállalkozások részéről azt a gondolatiságot és kimondott szavakat, melyek az év végi hajráról, az idei, nehézségekkel terhelt hosszú év okozta extra erőfeszítések és koncentráció okozta fáradalmakról szól, a Tudásbarát szervezet díj 2020 pályázat beadási határidejét 2021. február 28-áig meghosszabbítottuk! A körülöttünk lévő vállalkozások közül egyre többen ismerik fel a tudásvagyon fontosságát [&hellip;]

Hírek
