{"id":1126,"date":"2021-02-11T16:35:00","date_gmt":"2021-02-11T15:35:00","guid":{"rendered":"https:\/\/seed.hu\/?post_type=hirek&#038;p=1126"},"modified":"2022-01-24T14:49:05","modified_gmt":"2022-01-24T13:49:05","slug":"ceget-atadni-tervezo-tulajdonosok-vezetok-es-atvenni-keszulo-fiatalok-figyelem","status":"publish","type":"hirek","link":"https:\/\/seed.hu\/en\/hirek\/ceget-atadni-tervezo-tulajdonosok-vezetok-es-atvenni-keszulo-fiatalok-figyelem\/","title":{"rendered":"C\u00e9get \u00e1tadni tervez\u0151 tulajdonosok, vezet\u0151k \u00e9s \u00e1tvenni k\u00e9sz\u00fcl\u0151 fiatalok FIGYELEM!"},"content":{"rendered":"<p><a href=\"https:\/\/seed.hu\/fooldal\/kurazsi_konzorcium\/\" rel=\"attachment wp-att-769\"><img loading=\"lazy\" decoding=\"async\" class=\"alignnone wp-image-769 size-full\" src=\"https:\/\/seed.hu\/wp-content\/uploads\/2021\/11\/Kurazsi_Konzorcium.png\" alt=\"\" width=\"442\" height=\"156\" srcset=\"https:\/\/seed.hu\/wp-content\/uploads\/2021\/11\/Kurazsi_Konzorcium.png 442w, https:\/\/seed.hu\/wp-content\/uploads\/2021\/11\/Kurazsi_Konzorcium-300x106.png 300w\" sizes=\"auto, (max-width: 442px) 100vw, 442px\" \/><\/a><\/p>\n<p>A tavaly a SEED Alap\u00edtv\u00e1ny vezet\u00e9s\u00e9vel ind\u00edtott\u00a0<strong>Kur\u00e1zsi Konzorcium<\/strong>\u00a0munk\u00e1ja r\u00e9szek\u00e9nt 2021. els\u0151 f\u00e9l\u00e9v\u00e9ben workshopok \u00e9s kerekasztalbesz\u00e9lget\u00e9sek keret\u00e9ben m\u00e9g t\u00f6bb v\u00e1llalkoz\u00e1s k\u00e9pvisel\u0151j\u00e9vel, \u00e1tad\u00f3val \u00e9s \u00e1tvev\u0151vel ismerkedhetsz meg, ami a tapasztalataik megismer\u00e9se mellett kapcsolataid b\u0151v\u00edt\u00e9s\u00e9re is j\u00f3 szolg\u00e1latot tehet.<\/p>\n<p>Szavazz, T\u00e9ged melyik t\u00e9ma \u00e9rdekel legink\u00e1bb?<br \/>\n<strong><a href=\"http:\/\/kurazsi.com\/szamit-a-velemenye\/\" target=\"_blank\" rel=\"noopener\">http:\/\/kurazsi.com\/szamit-a-velemenye\/<\/a><\/strong><\/p>\n<p>Az esem\u00e9nyek meghirdet\u00e9s\u00e9re a szavazatok figyelembe v\u00e9tele mellett ker\u00fcl sor hamarosan.<\/p>\n<p><img decoding=\"async\" style=\"width: 400px; height: 302px;\" src=\"https:\/\/seed.hu\/files\/attachments\/inline\/pexels-photo-2422280-kurazsi.jpeg\" alt=\"\" \/><\/p>\n","protected":false},"featured_media":0,"menu_order":0,"template":"","meta":{"_acf_changed":false},"class_list":["post-1126","hirek","type-hirek","status-publish","hentry"],"acf":[],"yoast_head":"<!-- This site is optimized with the Yoast SEO plugin v27.4 - https:\/\/yoast.com\/product\/yoast-seo-wordpress\/ -->\n<title>C\u00e9get \u00e1tadni tervez\u0151 tulajdonosok, vezet\u0151k \u00e9s \u00e1tvenni k\u00e9sz\u00fcl\u0151 fiatalok FIGYELEM! - Seed<\/title>\n<meta name=\"robots\" content=\"index, follow, max-snippet:-1, max-image-preview:large, max-video-preview:-1\" \/>\n<link rel=\"canonical\" href=\"https:\/\/seed.hu\/hirek\/ceget-atadni-tervezo-tulajdonosok-vezetok-es-atvenni-keszulo-fiatalok-figyelem\/\" \/>\n<meta property=\"og:locale\" content=\"en_US\" \/>\n<meta property=\"og:type\" content=\"article\" \/>\n<meta property=\"og:title\" content=\"C\u00e9get \u00e1tadni tervez\u0151 tulajdonosok, vezet\u0151k \u00e9s \u00e1tvenni k\u00e9sz\u00fcl\u0151 fiatalok FIGYELEM! - Seed\" \/>\n<meta property=\"og:description\" content=\"A tavaly a SEED Alap\u00edtv\u00e1ny vezet\u00e9s\u00e9vel ind\u00edtott\u00a0Kur\u00e1zsi Konzorcium\u00a0munk\u00e1ja r\u00e9szek\u00e9nt 2021. els\u0151 f\u00e9l\u00e9v\u00e9ben workshopok \u00e9s kerekasztalbesz\u00e9lget\u00e9sek keret\u00e9ben m\u00e9g t\u00f6bb v\u00e1llalkoz\u00e1s k\u00e9pvisel\u0151j\u00e9vel, \u00e1tad\u00f3val \u00e9s \u00e1tvev\u0151vel ismerkedhetsz meg, ami a tapasztalataik megismer\u00e9se mellett kapcsolataid b\u0151v\u00edt\u00e9s\u00e9re is j\u00f3 szolg\u00e1latot tehet. Szavazz, T\u00e9ged melyik t\u00e9ma \u00e9rdekel legink\u00e1bb? http:\/\/kurazsi.com\/szamit-a-velemenye\/ Az esem\u00e9nyek meghirdet\u00e9s\u00e9re a szavazatok figyelembe v\u00e9tele mellett ker\u00fcl sor hamarosan.\" \/>\n<meta property=\"og:url\" content=\"https:\/\/seed.hu\/hirek\/ceget-atadni-tervezo-tulajdonosok-vezetok-es-atvenni-keszulo-fiatalok-figyelem\/\" \/>\n<meta property=\"og:site_name\" content=\"Seed\" \/>\n<meta property=\"article:modified_time\" content=\"2022-01-24T13:49:05+00:00\" \/>\n<meta property=\"og:image\" content=\"https:\/\/seed.hu\/wp-content\/uploads\/2021\/11\/Kurazsi_Konzorcium.png\" \/>\n<meta name=\"twitter:card\" content=\"summary_large_image\" \/>\n<script type=\"application\/ld+json\" class=\"yoast-schema-graph\">{\"@context\":\"https:\\\/\\\/schema.org\",\"@graph\":[{\"@type\":\"WebPage\",\"@id\":\"https:\\\/\\\/seed.hu\\\/hirek\\\/ceget-atadni-tervezo-tulajdonosok-vezetok-es-atvenni-keszulo-fiatalok-figyelem\\\/\",\"url\":\"https:\\\/\\\/seed.hu\\\/hirek\\\/ceget-atadni-tervezo-tulajdonosok-vezetok-es-atvenni-keszulo-fiatalok-figyelem\\\/\",\"name\":\"C\u00e9get \u00e1tadni tervez\u0151 tulajdonosok, vezet\u0151k \u00e9s \u00e1tvenni k\u00e9sz\u00fcl\u0151 fiatalok FIGYELEM! - Seed\",\"isPartOf\":{\"@id\":\"https:\\\/\\\/seed.hu\\\/#website\"},\"primaryImageOfPage\":{\"@id\":\"https:\\\/\\\/seed.hu\\\/hirek\\\/ceget-atadni-tervezo-tulajdonosok-vezetok-es-atvenni-keszulo-fiatalok-figyelem\\\/#primaryimage\"},\"image\":{\"@id\":\"https:\\\/\\\/seed.hu\\\/hirek\\\/ceget-atadni-tervezo-tulajdonosok-vezetok-es-atvenni-keszulo-fiatalok-figyelem\\\/#primaryimage\"},\"thumbnailUrl\":\"https:\\\/\\\/seed.hu\\\/wp-content\\\/uploads\\\/2021\\\/11\\\/Kurazsi_Konzorcium.png\",\"datePublished\":\"2021-02-11T15:35:00+00:00\",\"dateModified\":\"2022-01-24T13:49:05+00:00\",\"breadcrumb\":{\"@id\":\"https:\\\/\\\/seed.hu\\\/hirek\\\/ceget-atadni-tervezo-tulajdonosok-vezetok-es-atvenni-keszulo-fiatalok-figyelem\\\/#breadcrumb\"},\"inLanguage\":\"en-US\",\"potentialAction\":[{\"@type\":\"ReadAction\",\"target\":[\"https:\\\/\\\/seed.hu\\\/hirek\\\/ceget-atadni-tervezo-tulajdonosok-vezetok-es-atvenni-keszulo-fiatalok-figyelem\\\/\"]}]},{\"@type\":\"ImageObject\",\"inLanguage\":\"en-US\",\"@id\":\"https:\\\/\\\/seed.hu\\\/hirek\\\/ceget-atadni-tervezo-tulajdonosok-vezetok-es-atvenni-keszulo-fiatalok-figyelem\\\/#primaryimage\",\"url\":\"https:\\\/\\\/seed.hu\\\/wp-content\\\/uploads\\\/2021\\\/11\\\/Kurazsi_Konzorcium.png\",\"contentUrl\":\"https:\\\/\\\/seed.hu\\\/wp-content\\\/uploads\\\/2021\\\/11\\\/Kurazsi_Konzorcium.png\"},{\"@type\":\"BreadcrumbList\",\"@id\":\"https:\\\/\\\/seed.hu\\\/hirek\\\/ceget-atadni-tervezo-tulajdonosok-vezetok-es-atvenni-keszulo-fiatalok-figyelem\\\/#breadcrumb\",\"itemListElement\":[{\"@type\":\"ListItem\",\"position\":1,\"name\":\"H\u00edrek\",\"item\":\"https:\\\/\\\/seed.hu\\\/hirek\\\/\"},{\"@type\":\"ListItem\",\"position\":2,\"name\":\"C\u00e9get \u00e1tadni tervez\u0151 tulajdonosok, vezet\u0151k \u00e9s \u00e1tvenni k\u00e9sz\u00fcl\u0151 fiatalok FIGYELEM!\"}]},{\"@type\":\"WebSite\",\"@id\":\"https:\\\/\\\/seed.hu\\\/#website\",\"url\":\"https:\\\/\\\/seed.hu\\\/\",\"name\":\"Seed\",\"description\":\"\",\"potentialAction\":[{\"@type\":\"SearchAction\",\"target\":{\"@type\":\"EntryPoint\",\"urlTemplate\":\"https:\\\/\\\/seed.hu\\\/?s={search_term_string}\"},\"query-input\":{\"@type\":\"PropertyValueSpecification\",\"valueRequired\":true,\"valueName\":\"search_term_string\"}}],\"inLanguage\":\"en-US\"}]}<\/script>\n<!-- \/ Yoast SEO plugin. -->","yoast_head_json":{"title":"C\u00e9get \u00e1tadni tervez\u0151 tulajdonosok, vezet\u0151k \u00e9s \u00e1tvenni k\u00e9sz\u00fcl\u0151 fiatalok FIGYELEM! - Seed","robots":{"index":"index","follow":"follow","max-snippet":"max-snippet:-1","max-image-preview":"max-image-preview:large","max-video-preview":"max-video-preview:-1"},"canonical":"https:\/\/seed.hu\/hirek\/ceget-atadni-tervezo-tulajdonosok-vezetok-es-atvenni-keszulo-fiatalok-figyelem\/","og_locale":"en_US","og_type":"article","og_title":"C\u00e9get \u00e1tadni tervez\u0151 tulajdonosok, vezet\u0151k \u00e9s \u00e1tvenni k\u00e9sz\u00fcl\u0151 fiatalok FIGYELEM! - Seed","og_description":"A tavaly a SEED Alap\u00edtv\u00e1ny vezet\u00e9s\u00e9vel ind\u00edtott\u00a0Kur\u00e1zsi Konzorcium\u00a0munk\u00e1ja r\u00e9szek\u00e9nt 2021. els\u0151 f\u00e9l\u00e9v\u00e9ben workshopok \u00e9s kerekasztalbesz\u00e9lget\u00e9sek keret\u00e9ben m\u00e9g t\u00f6bb v\u00e1llalkoz\u00e1s k\u00e9pvisel\u0151j\u00e9vel, \u00e1tad\u00f3val \u00e9s \u00e1tvev\u0151vel ismerkedhetsz meg, ami a tapasztalataik megismer\u00e9se mellett kapcsolataid b\u0151v\u00edt\u00e9s\u00e9re is j\u00f3 szolg\u00e1latot tehet. Szavazz, T\u00e9ged melyik t\u00e9ma \u00e9rdekel legink\u00e1bb? http:\/\/kurazsi.com\/szamit-a-velemenye\/ Az esem\u00e9nyek meghirdet\u00e9s\u00e9re a szavazatok figyelembe v\u00e9tele mellett ker\u00fcl sor hamarosan.","og_url":"https:\/\/seed.hu\/hirek\/ceget-atadni-tervezo-tulajdonosok-vezetok-es-atvenni-keszulo-fiatalok-figyelem\/","og_site_name":"Seed","article_modified_time":"2022-01-24T13:49:05+00:00","og_image":[{"url":"https:\/\/seed.hu\/wp-content\/uploads\/2021\/11\/Kurazsi_Konzorcium.png","type":"","width":"","height":""}],"twitter_card":"summary_large_image","schema":{"@context":"https:\/\/schema.org","@graph":[{"@type":"WebPage","@id":"https:\/\/seed.hu\/hirek\/ceget-atadni-tervezo-tulajdonosok-vezetok-es-atvenni-keszulo-fiatalok-figyelem\/","url":"https:\/\/seed.hu\/hirek\/ceget-atadni-tervezo-tulajdonosok-vezetok-es-atvenni-keszulo-fiatalok-figyelem\/","name":"C\u00e9get \u00e1tadni tervez\u0151 tulajdonosok, vezet\u0151k \u00e9s \u00e1tvenni k\u00e9sz\u00fcl\u0151 fiatalok FIGYELEM! - Seed","isPartOf":{"@id":"https:\/\/seed.hu\/#website"},"primaryImageOfPage":{"@id":"https:\/\/seed.hu\/hirek\/ceget-atadni-tervezo-tulajdonosok-vezetok-es-atvenni-keszulo-fiatalok-figyelem\/#primaryimage"},"image":{"@id":"https:\/\/seed.hu\/hirek\/ceget-atadni-tervezo-tulajdonosok-vezetok-es-atvenni-keszulo-fiatalok-figyelem\/#primaryimage"},"thumbnailUrl":"https:\/\/seed.hu\/wp-content\/uploads\/2021\/11\/Kurazsi_Konzorcium.png","datePublished":"2021-02-11T15:35:00+00:00","dateModified":"2022-01-24T13:49:05+00:00","breadcrumb":{"@id":"https:\/\/seed.hu\/hirek\/ceget-atadni-tervezo-tulajdonosok-vezetok-es-atvenni-keszulo-fiatalok-figyelem\/#breadcrumb"},"inLanguage":"en-US","potentialAction":[{"@type":"ReadAction","target":["https:\/\/seed.hu\/hirek\/ceget-atadni-tervezo-tulajdonosok-vezetok-es-atvenni-keszulo-fiatalok-figyelem\/"]}]},{"@type":"ImageObject","inLanguage":"en-US","@id":"https:\/\/seed.hu\/hirek\/ceget-atadni-tervezo-tulajdonosok-vezetok-es-atvenni-keszulo-fiatalok-figyelem\/#primaryimage","url":"https:\/\/seed.hu\/wp-content\/uploads\/2021\/11\/Kurazsi_Konzorcium.png","contentUrl":"https:\/\/seed.hu\/wp-content\/uploads\/2021\/11\/Kurazsi_Konzorcium.png"},{"@type":"BreadcrumbList","@id":"https:\/\/seed.hu\/hirek\/ceget-atadni-tervezo-tulajdonosok-vezetok-es-atvenni-keszulo-fiatalok-figyelem\/#breadcrumb","itemListElement":[{"@type":"ListItem","position":1,"name":"H\u00edrek","item":"https:\/\/seed.hu\/hirek\/"},{"@type":"ListItem","position":2,"name":"C\u00e9get \u00e1tadni tervez\u0151 tulajdonosok, vezet\u0151k \u00e9s \u00e1tvenni k\u00e9sz\u00fcl\u0151 fiatalok FIGYELEM!"}]},{"@type":"WebSite","@id":"https:\/\/seed.hu\/#website","url":"https:\/\/seed.hu\/","name":"Seed","description":"","potentialAction":[{"@type":"SearchAction","target":{"@type":"EntryPoint","urlTemplate":"https:\/\/seed.hu\/?s={search_term_string}"},"query-input":{"@type":"PropertyValueSpecification","valueRequired":true,"valueName":"search_term_string"}}],"inLanguage":"en-US"}]}},"_links":{"self":[{"href":"https:\/\/seed.hu\/en\/wp-json\/wp\/v2\/hirek\/1126","targetHints":{"allow":["GET"]}}],"collection":[{"href":"https:\/\/seed.hu\/en\/wp-json\/wp\/v2\/hirek"}],"about":[{"href":"https:\/\/seed.hu\/en\/wp-json\/wp\/v2\/types\/hirek"}],"wp:attachment":[{"href":"https:\/\/seed.hu\/en\/wp-json\/wp\/v2\/media?parent=1126"}],"curies":[{"name":"wp","href":"https:\/\/api.w.org\/{rel}","templated":true}]}}

Céget átadni tervező tulajdonosok, vezetők és átvenni készülő fiatalok FIGYELEM!

<p><a href="https://seed.hu/fooldal/kurazsi_konzorcium/" rel="attachment wp-att-769"><img loading="lazy" decoding="async" class="alignnone wp-image-769 size-full" src="https://seed.hu/wp-content/uploads/2021/11/Kurazsi_Konzorcium.png" alt="" width="442" height="156" srcset="https://seed.hu/wp-content/uploads/2021/11/Kurazsi_Konzorcium.png 442w, https://seed.hu/wp-content/uploads/2021/11/Kurazsi_Konzorcium-300x106.png 300w" sizes="auto, (max-width: 442px) 100vw, 442px" /></a></p>
<p>A tavaly a SEED Alapítvány vezetésével indított <strong>Kurázsi Konzorcium</strong> munkája részeként 2021. első félévében workshopok és kerekasztalbeszélgetések keretében még több vállalkozás képviselőjével, átadóval és átvevővel ismerkedhetsz meg, ami a tapasztalataik megismerése mellett kapcsolataid bővítésére is jó szolgálatot tehet.</p>
<p>Szavazz, Téged melyik téma érdekel leginkább?<br />
<strong><a href="http://kurazsi.com/szamit-a-velemenye/" target="_blank" rel="noopener">http://kurazsi.com/szamit-a-velemenye/</a></strong></p>
<p>Az események meghirdetésére a szavazatok figyelembe vétele mellett kerül sor hamarosan.</p>
<p><img decoding="async" style="width: 400px; height: 302px;" src="https://seed.hu/files/attachments/inline/pexels-photo-2422280-kurazsi.jpeg" alt="" /></p>

<!-- This site is optimized with the Yoast SEO plugin v27.4 - https://yoast.com/product/yoast-seo-wordpress/ -->
<title>Céget átadni tervező tulajdonosok, vezetők és átvenni készülő fiatalok FIGYELEM! - Seed</title>
<meta name="robots" content="index, follow, max-snippet:-1, max-image-preview:large, max-video-preview:-1" />
<link rel="canonical" href="https://seed.hu/hirek/ceget-atadni-tervezo-tulajdonosok-vezetok-es-atvenni-keszulo-fiatalok-figyelem/" />
<meta property="og:locale" content="en_US" />
<meta property="og:type" content="article" />
<meta property="og:title" content="Céget átadni tervező tulajdonosok, vezetők és átvenni készülő fiatalok FIGYELEM! - Seed" />
<meta property="og:description" content="A tavaly a SEED Alapítvány vezetésével indított Kurázsi Konzorcium munkája részeként 2021. első félévében workshopok és kerekasztalbeszélgetések keretében még több vállalkozás képviselőjével, átadóval és átvevővel ismerkedhetsz meg, ami a tapasztalataik megismerése mellett kapcsolataid bővítésére is jó szolgálatot tehet. Szavazz, Téged melyik téma érdekel leginkább? http://kurazsi.com/szamit-a-velemenye/ Az események meghirdetésére a szavazatok figyelembe vétele mellett kerül sor hamarosan." />
<meta property="og:url" content="https://seed.hu/hirek/ceget-atadni-tervezo-tulajdonosok-vezetok-es-atvenni-keszulo-fiatalok-figyelem/" />
<meta property="og:site_name" content="Seed" />
<meta property="article:modified_time" content="2022-01-24T13:49:05+00:00" />
<meta property="og:image" content="https://seed.hu/wp-content/uploads/2021/11/Kurazsi_Konzorcium.png" />
<meta name="twitter:card" content="summary_large_image" />
<script type="application/ld+json" class="yoast-schema-graph">{"@context":"https:\/\/schema.org","@graph":[{"@type":"WebPage","@id":"https:\/\/seed.hu\/hirek\/ceget-atadni-tervezo-tulajdonosok-vezetok-es-atvenni-keszulo-fiatalok-figyelem\/","url":"https:\/\/seed.hu\/hirek\/ceget-atadni-tervezo-tulajdonosok-vezetok-es-atvenni-keszulo-fiatalok-figyelem\/","name":"Céget átadni tervező tulajdonosok, vezetők és átvenni készülő fiatalok FIGYELEM! - Seed","isPartOf":{"@id":"https:\/\/seed.hu\/#website"},"primaryImageOfPage":{"@id":"https:\/\/seed.hu\/hirek\/ceget-atadni-tervezo-tulajdonosok-vezetok-es-atvenni-keszulo-fiatalok-figyelem\/#primaryimage"},"image":{"@id":"https:\/\/seed.hu\/hirek\/ceget-atadni-tervezo-tulajdonosok-vezetok-es-atvenni-keszulo-fiatalok-figyelem\/#primaryimage"},"thumbnailUrl":"https:\/\/seed.hu\/wp-content\/uploads\/2021\/11\/Kurazsi_Konzorcium.png","datePublished":"2021-02-11T15:35:00+00:00","dateModified":"2022-01-24T13:49:05+00:00","breadcrumb":{"@id":"https:\/\/seed.hu\/hirek\/ceget-atadni-tervezo-tulajdonosok-vezetok-es-atvenni-keszulo-fiatalok-figyelem\/#breadcrumb"},"inLanguage":"en-US","potentialAction":[{"@type":"ReadAction","target":["https:\/\/seed.hu\/hirek\/ceget-atadni-tervezo-tulajdonosok-vezetok-es-atvenni-keszulo-fiatalok-figyelem\/"]}]},{"@type":"ImageObject","inLanguage":"en-US","@id":"https:\/\/seed.hu\/hirek\/ceget-atadni-tervezo-tulajdonosok-vezetok-es-atvenni-keszulo-fiatalok-figyelem\/#primaryimage","url":"https:\/\/seed.hu\/wp-content\/uploads\/2021\/11\/Kurazsi_Konzorcium.png","contentUrl":"https:\/\/seed.hu\/wp-content\/uploads\/2021\/11\/Kurazsi_Konzorcium.png"},{"@type":"BreadcrumbList","@id":"https:\/\/seed.hu\/hirek\/ceget-atadni-tervezo-tulajdonosok-vezetok-es-atvenni-keszulo-fiatalok-figyelem\/#breadcrumb","itemListElement":[{"@type":"ListItem","position":1,"name":"Hírek","item":"https:\/\/seed.hu\/hirek\/"},{"@type":"ListItem","position":2,"name":"Céget átadni tervező tulajdonosok, vezetők és átvenni készülő fiatalok FIGYELEM!"}]},{"@type":"WebSite","@id":"https:\/\/seed.hu\/#website","url":"https:\/\/seed.hu\/","name":"Seed","description":"","potentialAction":[{"@type":"SearchAction","target":{"@type":"EntryPoint","urlTemplate":"https:\/\/seed.hu\/?s={search_term_string}"},"query-input":{"@type":"PropertyValueSpecification","valueRequired":true,"valueName":"search_term_string"}}],"inLanguage":"en-US"}]}</script>
<!-- / Yoast SEO plugin. -->

Céget átadni tervező tulajdonosok, vezetők és átvenni készülő fiatalok FIGYELEM! - Seed

A tavaly a SEED Alapítvány vezetésével indított Kurázsi Konzorcium munkája részeként 2021. első félévében workshopok és kerekasztalbeszélgetések keretében még több vállalkozás képviselőjével, átadóval és átvevővel ismerkedhetsz meg, ami a tapasztalataik megismerése mellett kapcsolataid bővítésére is jó szolgálatot tehet. Szavazz, Téged melyik téma érdekel leginkább? http://kurazsi.com/szamit-a-velemenye/ Az események meghirdetésére a szavazatok figyelembe vétele mellett kerül sor hamarosan.

Hírek
