{"id":1129,"date":"2021-02-11T16:47:08","date_gmt":"2021-02-11T15:47:08","guid":{"rendered":"https:\/\/seed.hu\/?post_type=hirek&#038;p=1129"},"modified":"2022-01-24T14:53:27","modified_gmt":"2022-01-24T13:53:27","slug":"jovo-heten-indul-az-online-vallalkozoi-forum-2021-tavaszi-evada","status":"publish","type":"hirek","link":"https:\/\/seed.hu\/en\/hirek\/jovo-heten-indul-az-online-vallalkozoi-forum-2021-tavaszi-evada\/","title":{"rendered":"J\u00f6v\u0151 h\u00e9ten indul az Online V\u00e1llalkoz\u00f3i F\u00f3rum 2021. tavaszi \u00e9vada"},"content":{"rendered":"<p><a href=\"https:\/\/seed.hu\/szolgaltatasok\/kerdezd-a-tanacsadot\/partnerbig2\/\" rel=\"attachment wp-att-41\"><img loading=\"lazy\" decoding=\"async\" class=\"alignnone wp-image-41 size-full\" src=\"https:\/\/seed.hu\/wp-content\/uploads\/2021\/02\/partnerBig2.png\" alt=\"\" width=\"241\" height=\"75\" \/><\/a><\/p>\n<p><strong>Kezdj\u00fck is mindj\u00e1rt azzal, hogy megtudjuk, van-e \u00f6sszef\u00fcgg\u00e9s a v\u00e1llalkoz\u00f3i szem\u00e9lyis\u00e9g\u00fcnk \u00e9s v\u00e1llalkoz\u00e1sunk m\u0171k\u00f6d\u00e9se, eredm\u00e9nyess\u00e9ge k\u00f6z\u00f6tt?<\/strong><\/p>\n<p><strong>A febru\u00e1r 18-\u00e1n 17:30-kor kezd\u0151d\u0151 esem\u00e9nyre itt lehet regisztr\u00e1lni:<\/strong><br \/>\n<strong><a href=\"https:\/\/seed.hu\/node\/1839\" target=\"_blank\" rel=\"noopener\">Online V\u00e1llalkoz\u00f3i F\u00f3rum &#8211; V\u00e1llalkoz\u00f3i szem\u00e9lyis\u00e9g \u00e9s sikeres v\u00e1llalkoz\u00e1s &#8211; van-e \u00f6sszef\u00fcgg\u00e9s?<\/a><\/strong><\/p>\n<p>A tavalyi \u00e9v t\u00e9m\u00e1it k\u00f6vet\u0151en id\u00e9n tavasszal a v\u00e1llalkoz\u00f3i szem\u00e9lyis\u00e9g \u00e9s attit\u0171d v\u00e1llalkoz\u00e1sra gyakorolt hat\u00e1s\u00e1r\u00f3l, a v\u00e1llalkoz\u00e1sok t\u00e1rsadalmi szerepv\u00e1llal\u00e1s\u00e1r\u00f3l \u00e9s annak m\u00e9rhet\u0151s\u00e9g\u00e9r\u0151l, elismer\u00e9s\u00e9r\u0151l, az \u00fczleti prezent\u00e1ci\u00f3r\u00f3l \u00e9s t\u00f6rt\u00e9netmes\u00e9l\u00e9s szerep\u00e9r\u0151l is besz\u00e9lget\u00fcnk r\u00e9szletesebben. Emellett term\u00e9szetesen a finansz\u00edroz\u00e1si forr\u00e1sokat is g\u00f3rcs\u0151 al\u00e1 vessz\u00fck ism\u00e9t, hiszen indul az \u00faj uni\u00f3s programoz\u00e1si id\u0151szak, illetve a t\u00e1mogat\u00e1sok mellett egy\u00e9b finansz\u00edroz\u00e1s, \u00fagymint a kock\u00e1zati t\u0151ke is sz\u00e1m\u00edt\u00e1sba vehet\u0151 a c\u00e9g fejleszt\u00e9se sor\u00e1n.<\/p>\n<p>V\u00e1runk mindenkit egy j\u00f3 kis esti besz\u00e9lget\u00e9sre, ahol a k\u00f6z\u00f6ss\u00e9g mellett tud\u00e1sra is szert tehet\u00fcnk.<\/p>\n<p><img decoding=\"async\" style=\"width: 500px; height: 333px;\" src=\"https:\/\/seed.hu\/files\/attachments\/inline\/pexels-photo-3755494.png\" alt=\"\" \/><\/p>\n","protected":false},"featured_media":792,"menu_order":0,"template":"","meta":{"_acf_changed":false},"class_list":["post-1129","hirek","type-hirek","status-publish","has-post-thumbnail","hentry"],"acf":[],"yoast_head":"<!-- This site is optimized with the Yoast SEO plugin v27.4 - https:\/\/yoast.com\/product\/yoast-seo-wordpress\/ -->\n<title>J\u00f6v\u0151 h\u00e9ten indul az Online V\u00e1llalkoz\u00f3i F\u00f3rum 2021. tavaszi \u00e9vada - Seed<\/title>\n<meta name=\"robots\" content=\"index, follow, max-snippet:-1, max-image-preview:large, max-video-preview:-1\" \/>\n<link rel=\"canonical\" href=\"https:\/\/seed.hu\/hirek\/jovo-heten-indul-az-online-vallalkozoi-forum-2021-tavaszi-evada\/\" \/>\n<meta property=\"og:locale\" content=\"en_US\" \/>\n<meta property=\"og:type\" content=\"article\" \/>\n<meta property=\"og:title\" content=\"J\u00f6v\u0151 h\u00e9ten indul az Online V\u00e1llalkoz\u00f3i F\u00f3rum 2021. tavaszi \u00e9vada - Seed\" \/>\n<meta property=\"og:description\" content=\"Kezdj\u00fck is mindj\u00e1rt azzal, hogy megtudjuk, van-e \u00f6sszef\u00fcgg\u00e9s a v\u00e1llalkoz\u00f3i szem\u00e9lyis\u00e9g\u00fcnk \u00e9s v\u00e1llalkoz\u00e1sunk m\u0171k\u00f6d\u00e9se, eredm\u00e9nyess\u00e9ge k\u00f6z\u00f6tt? A febru\u00e1r 18-\u00e1n 17:30-kor kezd\u0151d\u0151 esem\u00e9nyre itt lehet regisztr\u00e1lni: Online V\u00e1llalkoz\u00f3i F\u00f3rum &#8211; V\u00e1llalkoz\u00f3i szem\u00e9lyis\u00e9g \u00e9s sikeres v\u00e1llalkoz\u00e1s &#8211; van-e \u00f6sszef\u00fcgg\u00e9s? A tavalyi \u00e9v t\u00e9m\u00e1it k\u00f6vet\u0151en id\u00e9n tavasszal a v\u00e1llalkoz\u00f3i szem\u00e9lyis\u00e9g \u00e9s attit\u0171d v\u00e1llalkoz\u00e1sra gyakorolt hat\u00e1s\u00e1r\u00f3l, a v\u00e1llalkoz\u00e1sok t\u00e1rsadalmi [&hellip;]\" \/>\n<meta property=\"og:url\" content=\"https:\/\/seed.hu\/hirek\/jovo-heten-indul-az-online-vallalkozoi-forum-2021-tavaszi-evada\/\" \/>\n<meta property=\"og:site_name\" content=\"Seed\" \/>\n<meta property=\"article:modified_time\" content=\"2022-01-24T13:53:27+00:00\" \/>\n<meta property=\"og:image\" content=\"https:\/\/seed.hu\/wp-content\/uploads\/2018\/04\/SEED_logo.png\" \/>\n\t<meta property=\"og:image:width\" content=\"250\" \/>\n\t<meta property=\"og:image:height\" content=\"206\" \/>\n\t<meta property=\"og:image:type\" content=\"image\/png\" \/>\n<meta name=\"twitter:card\" content=\"summary_large_image\" \/>\n<meta name=\"twitter:label1\" content=\"Est. reading time\" \/>\n\t<meta name=\"twitter:data1\" content=\"1 minute\" \/>\n<script type=\"application\/ld+json\" class=\"yoast-schema-graph\">{\"@context\":\"https:\\\/\\\/schema.org\",\"@graph\":[{\"@type\":\"WebPage\",\"@id\":\"https:\\\/\\\/seed.hu\\\/hirek\\\/jovo-heten-indul-az-online-vallalkozoi-forum-2021-tavaszi-evada\\\/\",\"url\":\"https:\\\/\\\/seed.hu\\\/hirek\\\/jovo-heten-indul-az-online-vallalkozoi-forum-2021-tavaszi-evada\\\/\",\"name\":\"J\u00f6v\u0151 h\u00e9ten indul az Online V\u00e1llalkoz\u00f3i F\u00f3rum 2021. tavaszi \u00e9vada - Seed\",\"isPartOf\":{\"@id\":\"https:\\\/\\\/seed.hu\\\/#website\"},\"primaryImageOfPage\":{\"@id\":\"https:\\\/\\\/seed.hu\\\/hirek\\\/jovo-heten-indul-az-online-vallalkozoi-forum-2021-tavaszi-evada\\\/#primaryimage\"},\"image\":{\"@id\":\"https:\\\/\\\/seed.hu\\\/hirek\\\/jovo-heten-indul-az-online-vallalkozoi-forum-2021-tavaszi-evada\\\/#primaryimage\"},\"thumbnailUrl\":\"https:\\\/\\\/seed.hu\\\/wp-content\\\/uploads\\\/2018\\\/04\\\/SEED_logo.png\",\"datePublished\":\"2021-02-11T15:47:08+00:00\",\"dateModified\":\"2022-01-24T13:53:27+00:00\",\"breadcrumb\":{\"@id\":\"https:\\\/\\\/seed.hu\\\/hirek\\\/jovo-heten-indul-az-online-vallalkozoi-forum-2021-tavaszi-evada\\\/#breadcrumb\"},\"inLanguage\":\"en-US\",\"potentialAction\":[{\"@type\":\"ReadAction\",\"target\":[\"https:\\\/\\\/seed.hu\\\/hirek\\\/jovo-heten-indul-az-online-vallalkozoi-forum-2021-tavaszi-evada\\\/\"]}]},{\"@type\":\"ImageObject\",\"inLanguage\":\"en-US\",\"@id\":\"https:\\\/\\\/seed.hu\\\/hirek\\\/jovo-heten-indul-az-online-vallalkozoi-forum-2021-tavaszi-evada\\\/#primaryimage\",\"url\":\"https:\\\/\\\/seed.hu\\\/wp-content\\\/uploads\\\/2018\\\/04\\\/SEED_logo.png\",\"contentUrl\":\"https:\\\/\\\/seed.hu\\\/wp-content\\\/uploads\\\/2018\\\/04\\\/SEED_logo.png\",\"width\":250,\"height\":206},{\"@type\":\"BreadcrumbList\",\"@id\":\"https:\\\/\\\/seed.hu\\\/hirek\\\/jovo-heten-indul-az-online-vallalkozoi-forum-2021-tavaszi-evada\\\/#breadcrumb\",\"itemListElement\":[{\"@type\":\"ListItem\",\"position\":1,\"name\":\"H\u00edrek\",\"item\":\"https:\\\/\\\/seed.hu\\\/hirek\\\/\"},{\"@type\":\"ListItem\",\"position\":2,\"name\":\"J\u00f6v\u0151 h\u00e9ten indul az Online V\u00e1llalkoz\u00f3i F\u00f3rum 2021. tavaszi \u00e9vada\"}]},{\"@type\":\"WebSite\",\"@id\":\"https:\\\/\\\/seed.hu\\\/#website\",\"url\":\"https:\\\/\\\/seed.hu\\\/\",\"name\":\"Seed\",\"description\":\"\",\"potentialAction\":[{\"@type\":\"SearchAction\",\"target\":{\"@type\":\"EntryPoint\",\"urlTemplate\":\"https:\\\/\\\/seed.hu\\\/?s={search_term_string}\"},\"query-input\":{\"@type\":\"PropertyValueSpecification\",\"valueRequired\":true,\"valueName\":\"search_term_string\"}}],\"inLanguage\":\"en-US\"}]}<\/script>\n<!-- \/ Yoast SEO plugin. -->","yoast_head_json":{"title":"J\u00f6v\u0151 h\u00e9ten indul az Online V\u00e1llalkoz\u00f3i F\u00f3rum 2021. tavaszi \u00e9vada - Seed","robots":{"index":"index","follow":"follow","max-snippet":"max-snippet:-1","max-image-preview":"max-image-preview:large","max-video-preview":"max-video-preview:-1"},"canonical":"https:\/\/seed.hu\/hirek\/jovo-heten-indul-az-online-vallalkozoi-forum-2021-tavaszi-evada\/","og_locale":"en_US","og_type":"article","og_title":"J\u00f6v\u0151 h\u00e9ten indul az Online V\u00e1llalkoz\u00f3i F\u00f3rum 2021. tavaszi \u00e9vada - Seed","og_description":"Kezdj\u00fck is mindj\u00e1rt azzal, hogy megtudjuk, van-e \u00f6sszef\u00fcgg\u00e9s a v\u00e1llalkoz\u00f3i szem\u00e9lyis\u00e9g\u00fcnk \u00e9s v\u00e1llalkoz\u00e1sunk m\u0171k\u00f6d\u00e9se, eredm\u00e9nyess\u00e9ge k\u00f6z\u00f6tt? A febru\u00e1r 18-\u00e1n 17:30-kor kezd\u0151d\u0151 esem\u00e9nyre itt lehet regisztr\u00e1lni: Online V\u00e1llalkoz\u00f3i F\u00f3rum &#8211; V\u00e1llalkoz\u00f3i szem\u00e9lyis\u00e9g \u00e9s sikeres v\u00e1llalkoz\u00e1s &#8211; van-e \u00f6sszef\u00fcgg\u00e9s? A tavalyi \u00e9v t\u00e9m\u00e1it k\u00f6vet\u0151en id\u00e9n tavasszal a v\u00e1llalkoz\u00f3i szem\u00e9lyis\u00e9g \u00e9s attit\u0171d v\u00e1llalkoz\u00e1sra gyakorolt hat\u00e1s\u00e1r\u00f3l, a v\u00e1llalkoz\u00e1sok t\u00e1rsadalmi [&hellip;]","og_url":"https:\/\/seed.hu\/hirek\/jovo-heten-indul-az-online-vallalkozoi-forum-2021-tavaszi-evada\/","og_site_name":"Seed","article_modified_time":"2022-01-24T13:53:27+00:00","og_image":[{"width":250,"height":206,"url":"https:\/\/seed.hu\/wp-content\/uploads\/2018\/04\/SEED_logo.png","type":"image\/png"}],"twitter_card":"summary_large_image","twitter_misc":{"Est. reading time":"1 minute"},"schema":{"@context":"https:\/\/schema.org","@graph":[{"@type":"WebPage","@id":"https:\/\/seed.hu\/hirek\/jovo-heten-indul-az-online-vallalkozoi-forum-2021-tavaszi-evada\/","url":"https:\/\/seed.hu\/hirek\/jovo-heten-indul-az-online-vallalkozoi-forum-2021-tavaszi-evada\/","name":"J\u00f6v\u0151 h\u00e9ten indul az Online V\u00e1llalkoz\u00f3i F\u00f3rum 2021. tavaszi \u00e9vada - Seed","isPartOf":{"@id":"https:\/\/seed.hu\/#website"},"primaryImageOfPage":{"@id":"https:\/\/seed.hu\/hirek\/jovo-heten-indul-az-online-vallalkozoi-forum-2021-tavaszi-evada\/#primaryimage"},"image":{"@id":"https:\/\/seed.hu\/hirek\/jovo-heten-indul-az-online-vallalkozoi-forum-2021-tavaszi-evada\/#primaryimage"},"thumbnailUrl":"https:\/\/seed.hu\/wp-content\/uploads\/2018\/04\/SEED_logo.png","datePublished":"2021-02-11T15:47:08+00:00","dateModified":"2022-01-24T13:53:27+00:00","breadcrumb":{"@id":"https:\/\/seed.hu\/hirek\/jovo-heten-indul-az-online-vallalkozoi-forum-2021-tavaszi-evada\/#breadcrumb"},"inLanguage":"en-US","potentialAction":[{"@type":"ReadAction","target":["https:\/\/seed.hu\/hirek\/jovo-heten-indul-az-online-vallalkozoi-forum-2021-tavaszi-evada\/"]}]},{"@type":"ImageObject","inLanguage":"en-US","@id":"https:\/\/seed.hu\/hirek\/jovo-heten-indul-az-online-vallalkozoi-forum-2021-tavaszi-evada\/#primaryimage","url":"https:\/\/seed.hu\/wp-content\/uploads\/2018\/04\/SEED_logo.png","contentUrl":"https:\/\/seed.hu\/wp-content\/uploads\/2018\/04\/SEED_logo.png","width":250,"height":206},{"@type":"BreadcrumbList","@id":"https:\/\/seed.hu\/hirek\/jovo-heten-indul-az-online-vallalkozoi-forum-2021-tavaszi-evada\/#breadcrumb","itemListElement":[{"@type":"ListItem","position":1,"name":"H\u00edrek","item":"https:\/\/seed.hu\/hirek\/"},{"@type":"ListItem","position":2,"name":"J\u00f6v\u0151 h\u00e9ten indul az Online V\u00e1llalkoz\u00f3i F\u00f3rum 2021. tavaszi \u00e9vada"}]},{"@type":"WebSite","@id":"https:\/\/seed.hu\/#website","url":"https:\/\/seed.hu\/","name":"Seed","description":"","potentialAction":[{"@type":"SearchAction","target":{"@type":"EntryPoint","urlTemplate":"https:\/\/seed.hu\/?s={search_term_string}"},"query-input":{"@type":"PropertyValueSpecification","valueRequired":true,"valueName":"search_term_string"}}],"inLanguage":"en-US"}]}},"_links":{"self":[{"href":"https:\/\/seed.hu\/en\/wp-json\/wp\/v2\/hirek\/1129","targetHints":{"allow":["GET"]}}],"collection":[{"href":"https:\/\/seed.hu\/en\/wp-json\/wp\/v2\/hirek"}],"about":[{"href":"https:\/\/seed.hu\/en\/wp-json\/wp\/v2\/types\/hirek"}],"wp:featuredmedia":[{"embeddable":true,"href":"https:\/\/seed.hu\/en\/wp-json\/wp\/v2\/media\/792"}],"wp:attachment":[{"href":"https:\/\/seed.hu\/en\/wp-json\/wp\/v2\/media?parent=1129"}],"curies":[{"name":"wp","href":"https:\/\/api.w.org\/{rel}","templated":true}]}}

Jövő héten indul az Online Vállalkozói Fórum 2021. tavaszi évada

<p><a href="https://seed.hu/szolgaltatasok/kerdezd-a-tanacsadot/partnerbig2/" rel="attachment wp-att-41"><img loading="lazy" decoding="async" class="alignnone wp-image-41 size-full" src="https://seed.hu/wp-content/uploads/2021/02/partnerBig2.png" alt="" width="241" height="75" /></a></p>
<p><strong>Kezdjük is mindjárt azzal, hogy megtudjuk, van-e összefüggés a vállalkozói személyiségünk és vállalkozásunk működése, eredményessége között?</strong></p>
<p><strong>A február 18-án 17:30-kor kezdődő eseményre itt lehet regisztrálni:</strong><br />
<strong><a href="https://seed.hu/node/1839" target="_blank" rel="noopener">Online Vállalkozói Fórum &#8211; Vállalkozói személyiség és sikeres vállalkozás &#8211; van-e összefüggés?</a></strong></p>
<p>A tavalyi év témáit követően idén tavasszal a vállalkozói személyiség és attitűd vállalkozásra gyakorolt hatásáról, a vállalkozások társadalmi szerepvállalásáról és annak mérhetőségéről, elismeréséről, az üzleti prezentációról és történetmesélés szerepéről is beszélgetünk részletesebben. Emellett természetesen a finanszírozási forrásokat is górcső alá vesszük ismét, hiszen indul az új uniós programozási időszak, illetve a támogatások mellett egyéb finanszírozás, úgymint a kockázati tőke is számításba vehető a cég fejlesztése során.</p>
<p>Várunk mindenkit egy jó kis esti beszélgetésre, ahol a közösség mellett tudásra is szert tehetünk.</p>
<p><img decoding="async" style="width: 500px; height: 333px;" src="https://seed.hu/files/attachments/inline/pexels-photo-3755494.png" alt="" /></p>

<!-- This site is optimized with the Yoast SEO plugin v27.4 - https://yoast.com/product/yoast-seo-wordpress/ -->
<title>Jövő héten indul az Online Vállalkozói Fórum 2021. tavaszi évada - Seed</title>
<meta name="robots" content="index, follow, max-snippet:-1, max-image-preview:large, max-video-preview:-1" />
<link rel="canonical" href="https://seed.hu/hirek/jovo-heten-indul-az-online-vallalkozoi-forum-2021-tavaszi-evada/" />
<meta property="og:locale" content="en_US" />
<meta property="og:type" content="article" />
<meta property="og:title" content="Jövő héten indul az Online Vállalkozói Fórum 2021. tavaszi évada - Seed" />
<meta property="og:description" content="Kezdjük is mindjárt azzal, hogy megtudjuk, van-e összefüggés a vállalkozói személyiségünk és vállalkozásunk működése, eredményessége között? A február 18-án 17:30-kor kezdődő eseményre itt lehet regisztrálni: Online Vállalkozói Fórum &#8211; Vállalkozói személyiség és sikeres vállalkozás &#8211; van-e összefüggés? A tavalyi év témáit követően idén tavasszal a vállalkozói személyiség és attitűd vállalkozásra gyakorolt hatásáról, a vállalkozások társadalmi [&hellip;]" />
<meta property="og:url" content="https://seed.hu/hirek/jovo-heten-indul-az-online-vallalkozoi-forum-2021-tavaszi-evada/" />
<meta property="og:site_name" content="Seed" />
<meta property="article:modified_time" content="2022-01-24T13:53:27+00:00" />
<meta property="og:image" content="https://seed.hu/wp-content/uploads/2018/04/SEED_logo.png" />
	<meta property="og:image:width" content="250" />
	<meta property="og:image:height" content="206" />
	<meta property="og:image:type" content="image/png" />
<meta name="twitter:card" content="summary_large_image" />
<meta name="twitter:label1" content="Est. reading time" />
	<meta name="twitter:data1" content="1 minute" />
<script type="application/ld+json" class="yoast-schema-graph">{"@context":"https:\/\/schema.org","@graph":[{"@type":"WebPage","@id":"https:\/\/seed.hu\/hirek\/jovo-heten-indul-az-online-vallalkozoi-forum-2021-tavaszi-evada\/","url":"https:\/\/seed.hu\/hirek\/jovo-heten-indul-az-online-vallalkozoi-forum-2021-tavaszi-evada\/","name":"Jövő héten indul az Online Vállalkozói Fórum 2021. tavaszi évada - Seed","isPartOf":{"@id":"https:\/\/seed.hu\/#website"},"primaryImageOfPage":{"@id":"https:\/\/seed.hu\/hirek\/jovo-heten-indul-az-online-vallalkozoi-forum-2021-tavaszi-evada\/#primaryimage"},"image":{"@id":"https:\/\/seed.hu\/hirek\/jovo-heten-indul-az-online-vallalkozoi-forum-2021-tavaszi-evada\/#primaryimage"},"thumbnailUrl":"https:\/\/seed.hu\/wp-content\/uploads\/2018\/04\/SEED_logo.png","datePublished":"2021-02-11T15:47:08+00:00","dateModified":"2022-01-24T13:53:27+00:00","breadcrumb":{"@id":"https:\/\/seed.hu\/hirek\/jovo-heten-indul-az-online-vallalkozoi-forum-2021-tavaszi-evada\/#breadcrumb"},"inLanguage":"en-US","potentialAction":[{"@type":"ReadAction","target":["https:\/\/seed.hu\/hirek\/jovo-heten-indul-az-online-vallalkozoi-forum-2021-tavaszi-evada\/"]}]},{"@type":"ImageObject","inLanguage":"en-US","@id":"https:\/\/seed.hu\/hirek\/jovo-heten-indul-az-online-vallalkozoi-forum-2021-tavaszi-evada\/#primaryimage","url":"https:\/\/seed.hu\/wp-content\/uploads\/2018\/04\/SEED_logo.png","contentUrl":"https:\/\/seed.hu\/wp-content\/uploads\/2018\/04\/SEED_logo.png","width":250,"height":206},{"@type":"BreadcrumbList","@id":"https:\/\/seed.hu\/hirek\/jovo-heten-indul-az-online-vallalkozoi-forum-2021-tavaszi-evada\/#breadcrumb","itemListElement":[{"@type":"ListItem","position":1,"name":"Hírek","item":"https:\/\/seed.hu\/hirek\/"},{"@type":"ListItem","position":2,"name":"Jövő héten indul az Online Vállalkozói Fórum 2021. tavaszi évada"}]},{"@type":"WebSite","@id":"https:\/\/seed.hu\/#website","url":"https:\/\/seed.hu\/","name":"Seed","description":"","potentialAction":[{"@type":"SearchAction","target":{"@type":"EntryPoint","urlTemplate":"https:\/\/seed.hu\/?s={search_term_string}"},"query-input":{"@type":"PropertyValueSpecification","valueRequired":true,"valueName":"search_term_string"}}],"inLanguage":"en-US"}]}</script>
<!-- / Yoast SEO plugin. -->

Jövő héten indul az Online Vállalkozói Fórum 2021. tavaszi évada - Seed

Kezdjük is mindjárt azzal, hogy megtudjuk, van-e összefüggés a vállalkozói személyiségünk és vállalkozásunk működése, eredményessége között? A február 18-án 17:30-kor kezdődő eseményre itt lehet regisztrálni: Online Vállalkozói Fórum &#8211; Vállalkozói személyiség és sikeres vállalkozás &#8211; van-e összefüggés? A tavalyi év témáit követően idén tavasszal a vállalkozói személyiség és attitűd vállalkozásra gyakorolt hatásáról, a vállalkozások társadalmi [&hellip;]

Hírek
