{"id":1166,"date":"2021-07-02T12:06:00","date_gmt":"2021-07-02T10:06:00","guid":{"rendered":"https:\/\/seed.hu\/?post_type=hirek&#038;p=1166"},"modified":"2022-01-26T19:30:54","modified_gmt":"2022-01-26T18:30:54","slug":"julius-1-tol-elerhetoek-a-szechenyi-kartya-program-uj-hiteltermekei","status":"publish","type":"hirek","link":"https:\/\/seed.hu\/en\/hirek\/julius-1-tol-elerhetoek-a-szechenyi-kartya-program-uj-hiteltermekei\/","title":{"rendered":"J\u00falius 1-t\u0151l el\u00e9rhet\u0151ek a Sz\u00e9chenyi K\u00e1rtya program \u00faj hitelterm\u00e9kei"},"content":{"rendered":"<p>2021. j\u00falius 1-t\u0151l \u00e9rhet\u0151ek el a <strong>Sz\u00e9chenyi K\u00e1rtya \u00dajraind\u00edt\u00e1si Program<\/strong> \u00faj hitelkonstrukci\u00f3i, amelyek minden eddigin\u00e9l kedvez\u0151bb felt\u00e9telekkel, rendk\u00edv\u00fcl alacsony, k\u00f6zel 0 sz\u00e1zal\u00e9kos, a teljes futamid\u0151 alatt fix kamaton \u00e9rhet\u0151ek el a v\u00e1llalkoz\u00e1sok sz\u00e1m\u00e1ra. Az \u00faj konstrukci\u00f3k a Sz\u00e9chenyi K\u00e1rtya Program eddigi hiteleihez hasonl\u00f3an el\u00e9rhet\u0151k a V\u00e1llalkoz\u00f3k \u00e9s Munk\u00e1ltat\u00f3k Orsz\u00e1gos Sz\u00f6vets\u00e9ge, a ter\u00fcleti kereskedelmi \u00e9s iparkamar\u00e1k, illetve a KAVOSZ Zrt. orsz\u00e1gos lefedetts\u00e9g\u0171 regisztr\u00e1l\u00f3 irod\u00e1iban.<\/p>\n<p>Tov\u00e1bbi inform\u00e1ci\u00f3:\u00a0<strong><a href=\"http:\/\/www.kavosz.hu\" target=\"_blank\" rel=\"noopener\">www.kavosz.hu<\/a><\/strong><\/p>\n","protected":false},"featured_media":792,"menu_order":0,"template":"","meta":{"_acf_changed":false},"class_list":["post-1166","hirek","type-hirek","status-publish","has-post-thumbnail","hentry"],"acf":[],"yoast_head":"<!-- This site is optimized with the Yoast SEO plugin v27.4 - https:\/\/yoast.com\/product\/yoast-seo-wordpress\/ -->\n<title>J\u00falius 1-t\u0151l el\u00e9rhet\u0151ek a Sz\u00e9chenyi K\u00e1rtya program \u00faj hitelterm\u00e9kei - Seed<\/title>\n<meta name=\"robots\" content=\"index, follow, max-snippet:-1, max-image-preview:large, max-video-preview:-1\" \/>\n<link rel=\"canonical\" href=\"https:\/\/seed.hu\/hirek\/julius-1-tol-elerhetoek-a-szechenyi-kartya-program-uj-hiteltermekei\/\" \/>\n<meta property=\"og:locale\" content=\"en_US\" \/>\n<meta property=\"og:type\" content=\"article\" \/>\n<meta property=\"og:title\" content=\"J\u00falius 1-t\u0151l el\u00e9rhet\u0151ek a Sz\u00e9chenyi K\u00e1rtya program \u00faj hitelterm\u00e9kei - Seed\" \/>\n<meta property=\"og:description\" content=\"2021. j\u00falius 1-t\u0151l \u00e9rhet\u0151ek el a Sz\u00e9chenyi K\u00e1rtya \u00dajraind\u00edt\u00e1si Program \u00faj hitelkonstrukci\u00f3i, amelyek minden eddigin\u00e9l kedvez\u0151bb felt\u00e9telekkel, rendk\u00edv\u00fcl alacsony, k\u00f6zel 0 sz\u00e1zal\u00e9kos, a teljes futamid\u0151 alatt fix kamaton \u00e9rhet\u0151ek el a v\u00e1llalkoz\u00e1sok sz\u00e1m\u00e1ra. Az \u00faj konstrukci\u00f3k a Sz\u00e9chenyi K\u00e1rtya Program eddigi hiteleihez hasonl\u00f3an el\u00e9rhet\u0151k a V\u00e1llalkoz\u00f3k \u00e9s Munk\u00e1ltat\u00f3k Orsz\u00e1gos Sz\u00f6vets\u00e9ge, a ter\u00fcleti kereskedelmi \u00e9s iparkamar\u00e1k, [&hellip;]\" \/>\n<meta property=\"og:url\" content=\"https:\/\/seed.hu\/hirek\/julius-1-tol-elerhetoek-a-szechenyi-kartya-program-uj-hiteltermekei\/\" \/>\n<meta property=\"og:site_name\" content=\"Seed\" \/>\n<meta property=\"article:modified_time\" content=\"2022-01-26T18:30:54+00:00\" \/>\n<meta property=\"og:image\" content=\"https:\/\/seed.hu\/wp-content\/uploads\/2018\/04\/SEED_logo.png\" \/>\n\t<meta property=\"og:image:width\" content=\"250\" \/>\n\t<meta property=\"og:image:height\" content=\"206\" \/>\n\t<meta property=\"og:image:type\" content=\"image\/png\" \/>\n<meta name=\"twitter:card\" content=\"summary_large_image\" \/>\n<meta name=\"twitter:label1\" content=\"Est. reading time\" \/>\n\t<meta name=\"twitter:data1\" content=\"1 minute\" \/>\n<script type=\"application\/ld+json\" class=\"yoast-schema-graph\">{\"@context\":\"https:\\\/\\\/schema.org\",\"@graph\":[{\"@type\":\"WebPage\",\"@id\":\"https:\\\/\\\/seed.hu\\\/hirek\\\/julius-1-tol-elerhetoek-a-szechenyi-kartya-program-uj-hiteltermekei\\\/\",\"url\":\"https:\\\/\\\/seed.hu\\\/hirek\\\/julius-1-tol-elerhetoek-a-szechenyi-kartya-program-uj-hiteltermekei\\\/\",\"name\":\"J\u00falius 1-t\u0151l el\u00e9rhet\u0151ek a Sz\u00e9chenyi K\u00e1rtya program \u00faj hitelterm\u00e9kei - Seed\",\"isPartOf\":{\"@id\":\"https:\\\/\\\/seed.hu\\\/#website\"},\"primaryImageOfPage\":{\"@id\":\"https:\\\/\\\/seed.hu\\\/hirek\\\/julius-1-tol-elerhetoek-a-szechenyi-kartya-program-uj-hiteltermekei\\\/#primaryimage\"},\"image\":{\"@id\":\"https:\\\/\\\/seed.hu\\\/hirek\\\/julius-1-tol-elerhetoek-a-szechenyi-kartya-program-uj-hiteltermekei\\\/#primaryimage\"},\"thumbnailUrl\":\"https:\\\/\\\/seed.hu\\\/wp-content\\\/uploads\\\/2018\\\/04\\\/SEED_logo.png\",\"datePublished\":\"2021-07-02T10:06:00+00:00\",\"dateModified\":\"2022-01-26T18:30:54+00:00\",\"breadcrumb\":{\"@id\":\"https:\\\/\\\/seed.hu\\\/hirek\\\/julius-1-tol-elerhetoek-a-szechenyi-kartya-program-uj-hiteltermekei\\\/#breadcrumb\"},\"inLanguage\":\"en-US\",\"potentialAction\":[{\"@type\":\"ReadAction\",\"target\":[\"https:\\\/\\\/seed.hu\\\/hirek\\\/julius-1-tol-elerhetoek-a-szechenyi-kartya-program-uj-hiteltermekei\\\/\"]}]},{\"@type\":\"ImageObject\",\"inLanguage\":\"en-US\",\"@id\":\"https:\\\/\\\/seed.hu\\\/hirek\\\/julius-1-tol-elerhetoek-a-szechenyi-kartya-program-uj-hiteltermekei\\\/#primaryimage\",\"url\":\"https:\\\/\\\/seed.hu\\\/wp-content\\\/uploads\\\/2018\\\/04\\\/SEED_logo.png\",\"contentUrl\":\"https:\\\/\\\/seed.hu\\\/wp-content\\\/uploads\\\/2018\\\/04\\\/SEED_logo.png\",\"width\":250,\"height\":206},{\"@type\":\"BreadcrumbList\",\"@id\":\"https:\\\/\\\/seed.hu\\\/hirek\\\/julius-1-tol-elerhetoek-a-szechenyi-kartya-program-uj-hiteltermekei\\\/#breadcrumb\",\"itemListElement\":[{\"@type\":\"ListItem\",\"position\":1,\"name\":\"H\u00edrek\",\"item\":\"https:\\\/\\\/seed.hu\\\/hirek\\\/\"},{\"@type\":\"ListItem\",\"position\":2,\"name\":\"J\u00falius 1-t\u0151l el\u00e9rhet\u0151ek a Sz\u00e9chenyi K\u00e1rtya program \u00faj hitelterm\u00e9kei\"}]},{\"@type\":\"WebSite\",\"@id\":\"https:\\\/\\\/seed.hu\\\/#website\",\"url\":\"https:\\\/\\\/seed.hu\\\/\",\"name\":\"Seed\",\"description\":\"\",\"potentialAction\":[{\"@type\":\"SearchAction\",\"target\":{\"@type\":\"EntryPoint\",\"urlTemplate\":\"https:\\\/\\\/seed.hu\\\/?s={search_term_string}\"},\"query-input\":{\"@type\":\"PropertyValueSpecification\",\"valueRequired\":true,\"valueName\":\"search_term_string\"}}],\"inLanguage\":\"en-US\"}]}<\/script>\n<!-- \/ Yoast SEO plugin. -->","yoast_head_json":{"title":"J\u00falius 1-t\u0151l el\u00e9rhet\u0151ek a Sz\u00e9chenyi K\u00e1rtya program \u00faj hitelterm\u00e9kei - Seed","robots":{"index":"index","follow":"follow","max-snippet":"max-snippet:-1","max-image-preview":"max-image-preview:large","max-video-preview":"max-video-preview:-1"},"canonical":"https:\/\/seed.hu\/hirek\/julius-1-tol-elerhetoek-a-szechenyi-kartya-program-uj-hiteltermekei\/","og_locale":"en_US","og_type":"article","og_title":"J\u00falius 1-t\u0151l el\u00e9rhet\u0151ek a Sz\u00e9chenyi K\u00e1rtya program \u00faj hitelterm\u00e9kei - Seed","og_description":"2021. j\u00falius 1-t\u0151l \u00e9rhet\u0151ek el a Sz\u00e9chenyi K\u00e1rtya \u00dajraind\u00edt\u00e1si Program \u00faj hitelkonstrukci\u00f3i, amelyek minden eddigin\u00e9l kedvez\u0151bb felt\u00e9telekkel, rendk\u00edv\u00fcl alacsony, k\u00f6zel 0 sz\u00e1zal\u00e9kos, a teljes futamid\u0151 alatt fix kamaton \u00e9rhet\u0151ek el a v\u00e1llalkoz\u00e1sok sz\u00e1m\u00e1ra. Az \u00faj konstrukci\u00f3k a Sz\u00e9chenyi K\u00e1rtya Program eddigi hiteleihez hasonl\u00f3an el\u00e9rhet\u0151k a V\u00e1llalkoz\u00f3k \u00e9s Munk\u00e1ltat\u00f3k Orsz\u00e1gos Sz\u00f6vets\u00e9ge, a ter\u00fcleti kereskedelmi \u00e9s iparkamar\u00e1k, [&hellip;]","og_url":"https:\/\/seed.hu\/hirek\/julius-1-tol-elerhetoek-a-szechenyi-kartya-program-uj-hiteltermekei\/","og_site_name":"Seed","article_modified_time":"2022-01-26T18:30:54+00:00","og_image":[{"width":250,"height":206,"url":"https:\/\/seed.hu\/wp-content\/uploads\/2018\/04\/SEED_logo.png","type":"image\/png"}],"twitter_card":"summary_large_image","twitter_misc":{"Est. reading time":"1 minute"},"schema":{"@context":"https:\/\/schema.org","@graph":[{"@type":"WebPage","@id":"https:\/\/seed.hu\/hirek\/julius-1-tol-elerhetoek-a-szechenyi-kartya-program-uj-hiteltermekei\/","url":"https:\/\/seed.hu\/hirek\/julius-1-tol-elerhetoek-a-szechenyi-kartya-program-uj-hiteltermekei\/","name":"J\u00falius 1-t\u0151l el\u00e9rhet\u0151ek a Sz\u00e9chenyi K\u00e1rtya program \u00faj hitelterm\u00e9kei - Seed","isPartOf":{"@id":"https:\/\/seed.hu\/#website"},"primaryImageOfPage":{"@id":"https:\/\/seed.hu\/hirek\/julius-1-tol-elerhetoek-a-szechenyi-kartya-program-uj-hiteltermekei\/#primaryimage"},"image":{"@id":"https:\/\/seed.hu\/hirek\/julius-1-tol-elerhetoek-a-szechenyi-kartya-program-uj-hiteltermekei\/#primaryimage"},"thumbnailUrl":"https:\/\/seed.hu\/wp-content\/uploads\/2018\/04\/SEED_logo.png","datePublished":"2021-07-02T10:06:00+00:00","dateModified":"2022-01-26T18:30:54+00:00","breadcrumb":{"@id":"https:\/\/seed.hu\/hirek\/julius-1-tol-elerhetoek-a-szechenyi-kartya-program-uj-hiteltermekei\/#breadcrumb"},"inLanguage":"en-US","potentialAction":[{"@type":"ReadAction","target":["https:\/\/seed.hu\/hirek\/julius-1-tol-elerhetoek-a-szechenyi-kartya-program-uj-hiteltermekei\/"]}]},{"@type":"ImageObject","inLanguage":"en-US","@id":"https:\/\/seed.hu\/hirek\/julius-1-tol-elerhetoek-a-szechenyi-kartya-program-uj-hiteltermekei\/#primaryimage","url":"https:\/\/seed.hu\/wp-content\/uploads\/2018\/04\/SEED_logo.png","contentUrl":"https:\/\/seed.hu\/wp-content\/uploads\/2018\/04\/SEED_logo.png","width":250,"height":206},{"@type":"BreadcrumbList","@id":"https:\/\/seed.hu\/hirek\/julius-1-tol-elerhetoek-a-szechenyi-kartya-program-uj-hiteltermekei\/#breadcrumb","itemListElement":[{"@type":"ListItem","position":1,"name":"H\u00edrek","item":"https:\/\/seed.hu\/hirek\/"},{"@type":"ListItem","position":2,"name":"J\u00falius 1-t\u0151l el\u00e9rhet\u0151ek a Sz\u00e9chenyi K\u00e1rtya program \u00faj hitelterm\u00e9kei"}]},{"@type":"WebSite","@id":"https:\/\/seed.hu\/#website","url":"https:\/\/seed.hu\/","name":"Seed","description":"","potentialAction":[{"@type":"SearchAction","target":{"@type":"EntryPoint","urlTemplate":"https:\/\/seed.hu\/?s={search_term_string}"},"query-input":{"@type":"PropertyValueSpecification","valueRequired":true,"valueName":"search_term_string"}}],"inLanguage":"en-US"}]}},"_links":{"self":[{"href":"https:\/\/seed.hu\/en\/wp-json\/wp\/v2\/hirek\/1166","targetHints":{"allow":["GET"]}}],"collection":[{"href":"https:\/\/seed.hu\/en\/wp-json\/wp\/v2\/hirek"}],"about":[{"href":"https:\/\/seed.hu\/en\/wp-json\/wp\/v2\/types\/hirek"}],"wp:featuredmedia":[{"embeddable":true,"href":"https:\/\/seed.hu\/en\/wp-json\/wp\/v2\/media\/792"}],"wp:attachment":[{"href":"https:\/\/seed.hu\/en\/wp-json\/wp\/v2\/media?parent=1166"}],"curies":[{"name":"wp","href":"https:\/\/api.w.org\/{rel}","templated":true}]}}

Július 1-től elérhetőek a Széchenyi Kártya program új hiteltermékei

<p>2021. július 1-től érhetőek el a <strong>Széchenyi Kártya Újraindítási Program</strong> új hitelkonstrukciói, amelyek minden eddiginél kedvezőbb feltételekkel, rendkívül alacsony, közel 0 százalékos, a teljes futamidő alatt fix kamaton érhetőek el a vállalkozások számára. Az új konstrukciók a Széchenyi Kártya Program eddigi hiteleihez hasonlóan elérhetők a Vállalkozók és Munkáltatók Országos Szövetsége, a területi kereskedelmi és iparkamarák, illetve a KAVOSZ Zrt. országos lefedettségű regisztráló irodáiban.</p>
<p>További információ: <strong><a href="http://www.kavosz.hu" target="_blank" rel="noopener">www.kavosz.hu</a></strong></p>

<!-- This site is optimized with the Yoast SEO plugin v27.4 - https://yoast.com/product/yoast-seo-wordpress/ -->
<title>Július 1-től elérhetőek a Széchenyi Kártya program új hiteltermékei - Seed</title>
<meta name="robots" content="index, follow, max-snippet:-1, max-image-preview:large, max-video-preview:-1" />
<link rel="canonical" href="https://seed.hu/hirek/julius-1-tol-elerhetoek-a-szechenyi-kartya-program-uj-hiteltermekei/" />
<meta property="og:locale" content="en_US" />
<meta property="og:type" content="article" />
<meta property="og:title" content="Július 1-től elérhetőek a Széchenyi Kártya program új hiteltermékei - Seed" />
<meta property="og:description" content="2021. július 1-től érhetőek el a Széchenyi Kártya Újraindítási Program új hitelkonstrukciói, amelyek minden eddiginél kedvezőbb feltételekkel, rendkívül alacsony, közel 0 százalékos, a teljes futamidő alatt fix kamaton érhetőek el a vállalkozások számára. Az új konstrukciók a Széchenyi Kártya Program eddigi hiteleihez hasonlóan elérhetők a Vállalkozók és Munkáltatók Országos Szövetsége, a területi kereskedelmi és iparkamarák, [&hellip;]" />
<meta property="og:url" content="https://seed.hu/hirek/julius-1-tol-elerhetoek-a-szechenyi-kartya-program-uj-hiteltermekei/" />
<meta property="og:site_name" content="Seed" />
<meta property="article:modified_time" content="2022-01-26T18:30:54+00:00" />
<meta property="og:image" content="https://seed.hu/wp-content/uploads/2018/04/SEED_logo.png" />
	<meta property="og:image:width" content="250" />
	<meta property="og:image:height" content="206" />
	<meta property="og:image:type" content="image/png" />
<meta name="twitter:card" content="summary_large_image" />
<meta name="twitter:label1" content="Est. reading time" />
	<meta name="twitter:data1" content="1 minute" />
<script type="application/ld+json" class="yoast-schema-graph">{"@context":"https:\/\/schema.org","@graph":[{"@type":"WebPage","@id":"https:\/\/seed.hu\/hirek\/julius-1-tol-elerhetoek-a-szechenyi-kartya-program-uj-hiteltermekei\/","url":"https:\/\/seed.hu\/hirek\/julius-1-tol-elerhetoek-a-szechenyi-kartya-program-uj-hiteltermekei\/","name":"Július 1-től elérhetőek a Széchenyi Kártya program új hiteltermékei - Seed","isPartOf":{"@id":"https:\/\/seed.hu\/#website"},"primaryImageOfPage":{"@id":"https:\/\/seed.hu\/hirek\/julius-1-tol-elerhetoek-a-szechenyi-kartya-program-uj-hiteltermekei\/#primaryimage"},"image":{"@id":"https:\/\/seed.hu\/hirek\/julius-1-tol-elerhetoek-a-szechenyi-kartya-program-uj-hiteltermekei\/#primaryimage"},"thumbnailUrl":"https:\/\/seed.hu\/wp-content\/uploads\/2018\/04\/SEED_logo.png","datePublished":"2021-07-02T10:06:00+00:00","dateModified":"2022-01-26T18:30:54+00:00","breadcrumb":{"@id":"https:\/\/seed.hu\/hirek\/julius-1-tol-elerhetoek-a-szechenyi-kartya-program-uj-hiteltermekei\/#breadcrumb"},"inLanguage":"en-US","potentialAction":[{"@type":"ReadAction","target":["https:\/\/seed.hu\/hirek\/julius-1-tol-elerhetoek-a-szechenyi-kartya-program-uj-hiteltermekei\/"]}]},{"@type":"ImageObject","inLanguage":"en-US","@id":"https:\/\/seed.hu\/hirek\/julius-1-tol-elerhetoek-a-szechenyi-kartya-program-uj-hiteltermekei\/#primaryimage","url":"https:\/\/seed.hu\/wp-content\/uploads\/2018\/04\/SEED_logo.png","contentUrl":"https:\/\/seed.hu\/wp-content\/uploads\/2018\/04\/SEED_logo.png","width":250,"height":206},{"@type":"BreadcrumbList","@id":"https:\/\/seed.hu\/hirek\/julius-1-tol-elerhetoek-a-szechenyi-kartya-program-uj-hiteltermekei\/#breadcrumb","itemListElement":[{"@type":"ListItem","position":1,"name":"Hírek","item":"https:\/\/seed.hu\/hirek\/"},{"@type":"ListItem","position":2,"name":"Július 1-től elérhetőek a Széchenyi Kártya program új hiteltermékei"}]},{"@type":"WebSite","@id":"https:\/\/seed.hu\/#website","url":"https:\/\/seed.hu\/","name":"Seed","description":"","potentialAction":[{"@type":"SearchAction","target":{"@type":"EntryPoint","urlTemplate":"https:\/\/seed.hu\/?s={search_term_string}"},"query-input":{"@type":"PropertyValueSpecification","valueRequired":true,"valueName":"search_term_string"}}],"inLanguage":"en-US"}]}</script>
<!-- / Yoast SEO plugin. -->

Július 1-től elérhetőek a Széchenyi Kártya program új hiteltermékei - Seed

2021. július 1-től érhetőek el a Széchenyi Kártya Újraindítási Program új hitelkonstrukciói, amelyek minden eddiginél kedvezőbb feltételekkel, rendkívül alacsony, közel 0 százalékos, a teljes futamidő alatt fix kamaton érhetőek el a vállalkozások számára. Az új konstrukciók a Széchenyi Kártya Program eddigi hiteleihez hasonlóan elérhetők a Vállalkozók és Munkáltatók Országos Szövetsége, a területi kereskedelmi és iparkamarák, [&hellip;]

Hírek
