{"id":1167,"date":"2021-07-02T12:09:01","date_gmt":"2021-07-02T10:09:01","guid":{"rendered":"https:\/\/seed.hu\/?post_type=hirek&#038;p=1167"},"modified":"2022-01-26T19:32:07","modified_gmt":"2022-01-26T18:32:07","slug":"mar-lehet-jelentkezni-ceglatogatasra-a-modern-mintauzem-programban","status":"publish","type":"hirek","link":"https:\/\/seed.hu\/en\/hirek\/mar-lehet-jelentkezni-ceglatogatasra-a-modern-mintauzem-programban\/","title":{"rendered":"M\u00e1r lehet jelentkezni c\u00e9gl\u00e1togat\u00e1sra a Modern Minta\u00fczem programban"},"content":{"rendered":"<p>\u00datj\u00e1ra indult a <strong>Modern Minta\u00fczemek<\/strong> program, amelynek c\u00e9lja, hogy a v\u00e1llalkoz\u00e1sok m\u0171k\u00f6d\u00e9s k\u00f6zben tekinthess\u00e9k meg a legmodernebb technol\u00f3gi\u00e1kat. Megk\u00e9rdezve a v\u00e1llalkoz\u00f3kat ugyanis azt a visszajelz\u00e9st kaptuk, hogy a legnagyobb seg\u00edts\u00e9get az jelenten\u00e9 sz\u00e1mukra, ha testk\u00f6zelb\u0151l, a gyakorlatban l\u00e1thatn\u00e1k mindazon megold\u00e1sokat, bele\u00e9rtve a j\u00f6v\u0151 technol\u00f3gi\u00e1it (p\u00e9ld\u00e1ul big data, IoT, felh\u0151 alap\u00fa szolg\u00e1ltat\u00e1sok), amelyekkel fejl\u0151dhetn\u00e9nek. A hazai nagyv\u00e1llalatokban pedig partnert tal\u00e1ltunk, \u00f6r\u00f6mmel \u00e9s k\u00e9szs\u00e9gesen nyitj\u00e1k meg kapuikat az \u00e9rdekl\u0151d\u0151k el\u0151tt, a l\u00e1togathat\u00f3 v\u00e1llalatok k\u00f6re folyamatosan b\u0151v\u00fcl (jelenleg 50-n\u00e9l is t\u00f6bb). A Modern Minta\u00fczem programban a v\u00e1llalkoz\u00e1sok c\u00e9gl\u00e1togat\u00e1sokon vehetnek r\u00e9szt, a program egyedi v\u00e1llalati konzult\u00e1ci\u00f3t, tan\u00e1csad\u00e1st, workshopokat biztos\u00edt annak \u00e9rdek\u00e9ben, hogy az \u00e9rdekl\u0151d\u0151k megismerhess\u00e9k a leg\u00fajabb elj\u00e1r\u00e1sokat.<\/p>\n<p>V\u00e1rjuk a l\u00e1togat\u00f3k, valamint az \u00fajonnan csatlakoz\u00f3 minta\u00fczemek jelentkez\u00e9s\u00e9t.<\/p>\n<p>Regisztr\u00e1lni a\u00a0<strong><a href=\"https:\/\/modem4.hu\/\" target=\"_blank\" rel=\"noopener\">modem4.hu<\/a><\/strong>\u00a0oldalon lehet.<\/p>\n","protected":false},"featured_media":792,"menu_order":0,"template":"","meta":{"_acf_changed":false},"class_list":["post-1167","hirek","type-hirek","status-publish","has-post-thumbnail","hentry"],"acf":[],"yoast_head":"<!-- This site is optimized with the Yoast SEO plugin v27.4 - https:\/\/yoast.com\/product\/yoast-seo-wordpress\/ -->\n<title>M\u00e1r lehet jelentkezni c\u00e9gl\u00e1togat\u00e1sra a Modern Minta\u00fczem programban - Seed<\/title>\n<meta name=\"robots\" content=\"index, follow, max-snippet:-1, max-image-preview:large, max-video-preview:-1\" \/>\n<link rel=\"canonical\" href=\"https:\/\/seed.hu\/hirek\/mar-lehet-jelentkezni-ceglatogatasra-a-modern-mintauzem-programban\/\" \/>\n<meta property=\"og:locale\" content=\"en_US\" \/>\n<meta property=\"og:type\" content=\"article\" \/>\n<meta property=\"og:title\" content=\"M\u00e1r lehet jelentkezni c\u00e9gl\u00e1togat\u00e1sra a Modern Minta\u00fczem programban - Seed\" \/>\n<meta property=\"og:description\" content=\"\u00datj\u00e1ra indult a Modern Minta\u00fczemek program, amelynek c\u00e9lja, hogy a v\u00e1llalkoz\u00e1sok m\u0171k\u00f6d\u00e9s k\u00f6zben tekinthess\u00e9k meg a legmodernebb technol\u00f3gi\u00e1kat. Megk\u00e9rdezve a v\u00e1llalkoz\u00f3kat ugyanis azt a visszajelz\u00e9st kaptuk, hogy a legnagyobb seg\u00edts\u00e9get az jelenten\u00e9 sz\u00e1mukra, ha testk\u00f6zelb\u0151l, a gyakorlatban l\u00e1thatn\u00e1k mindazon megold\u00e1sokat, bele\u00e9rtve a j\u00f6v\u0151 technol\u00f3gi\u00e1it (p\u00e9ld\u00e1ul big data, IoT, felh\u0151 alap\u00fa szolg\u00e1ltat\u00e1sok), amelyekkel fejl\u0151dhetn\u00e9nek. A hazai [&hellip;]\" \/>\n<meta property=\"og:url\" content=\"https:\/\/seed.hu\/hirek\/mar-lehet-jelentkezni-ceglatogatasra-a-modern-mintauzem-programban\/\" \/>\n<meta property=\"og:site_name\" content=\"Seed\" \/>\n<meta property=\"article:modified_time\" content=\"2022-01-26T18:32:07+00:00\" \/>\n<meta property=\"og:image\" content=\"https:\/\/seed.hu\/wp-content\/uploads\/2018\/04\/SEED_logo.png\" \/>\n\t<meta property=\"og:image:width\" content=\"250\" \/>\n\t<meta property=\"og:image:height\" content=\"206\" \/>\n\t<meta property=\"og:image:type\" content=\"image\/png\" \/>\n<meta name=\"twitter:card\" content=\"summary_large_image\" \/>\n<meta name=\"twitter:label1\" content=\"Est. reading time\" \/>\n\t<meta name=\"twitter:data1\" content=\"1 minute\" \/>\n<script type=\"application\/ld+json\" class=\"yoast-schema-graph\">{\"@context\":\"https:\\\/\\\/schema.org\",\"@graph\":[{\"@type\":\"WebPage\",\"@id\":\"https:\\\/\\\/seed.hu\\\/hirek\\\/mar-lehet-jelentkezni-ceglatogatasra-a-modern-mintauzem-programban\\\/\",\"url\":\"https:\\\/\\\/seed.hu\\\/hirek\\\/mar-lehet-jelentkezni-ceglatogatasra-a-modern-mintauzem-programban\\\/\",\"name\":\"M\u00e1r lehet jelentkezni c\u00e9gl\u00e1togat\u00e1sra a Modern Minta\u00fczem programban - Seed\",\"isPartOf\":{\"@id\":\"https:\\\/\\\/seed.hu\\\/#website\"},\"primaryImageOfPage\":{\"@id\":\"https:\\\/\\\/seed.hu\\\/hirek\\\/mar-lehet-jelentkezni-ceglatogatasra-a-modern-mintauzem-programban\\\/#primaryimage\"},\"image\":{\"@id\":\"https:\\\/\\\/seed.hu\\\/hirek\\\/mar-lehet-jelentkezni-ceglatogatasra-a-modern-mintauzem-programban\\\/#primaryimage\"},\"thumbnailUrl\":\"https:\\\/\\\/seed.hu\\\/wp-content\\\/uploads\\\/2018\\\/04\\\/SEED_logo.png\",\"datePublished\":\"2021-07-02T10:09:01+00:00\",\"dateModified\":\"2022-01-26T18:32:07+00:00\",\"breadcrumb\":{\"@id\":\"https:\\\/\\\/seed.hu\\\/hirek\\\/mar-lehet-jelentkezni-ceglatogatasra-a-modern-mintauzem-programban\\\/#breadcrumb\"},\"inLanguage\":\"en-US\",\"potentialAction\":[{\"@type\":\"ReadAction\",\"target\":[\"https:\\\/\\\/seed.hu\\\/hirek\\\/mar-lehet-jelentkezni-ceglatogatasra-a-modern-mintauzem-programban\\\/\"]}]},{\"@type\":\"ImageObject\",\"inLanguage\":\"en-US\",\"@id\":\"https:\\\/\\\/seed.hu\\\/hirek\\\/mar-lehet-jelentkezni-ceglatogatasra-a-modern-mintauzem-programban\\\/#primaryimage\",\"url\":\"https:\\\/\\\/seed.hu\\\/wp-content\\\/uploads\\\/2018\\\/04\\\/SEED_logo.png\",\"contentUrl\":\"https:\\\/\\\/seed.hu\\\/wp-content\\\/uploads\\\/2018\\\/04\\\/SEED_logo.png\",\"width\":250,\"height\":206},{\"@type\":\"BreadcrumbList\",\"@id\":\"https:\\\/\\\/seed.hu\\\/hirek\\\/mar-lehet-jelentkezni-ceglatogatasra-a-modern-mintauzem-programban\\\/#breadcrumb\",\"itemListElement\":[{\"@type\":\"ListItem\",\"position\":1,\"name\":\"H\u00edrek\",\"item\":\"https:\\\/\\\/seed.hu\\\/hirek\\\/\"},{\"@type\":\"ListItem\",\"position\":2,\"name\":\"M\u00e1r lehet jelentkezni c\u00e9gl\u00e1togat\u00e1sra a Modern Minta\u00fczem programban\"}]},{\"@type\":\"WebSite\",\"@id\":\"https:\\\/\\\/seed.hu\\\/#website\",\"url\":\"https:\\\/\\\/seed.hu\\\/\",\"name\":\"Seed\",\"description\":\"\",\"potentialAction\":[{\"@type\":\"SearchAction\",\"target\":{\"@type\":\"EntryPoint\",\"urlTemplate\":\"https:\\\/\\\/seed.hu\\\/?s={search_term_string}\"},\"query-input\":{\"@type\":\"PropertyValueSpecification\",\"valueRequired\":true,\"valueName\":\"search_term_string\"}}],\"inLanguage\":\"en-US\"}]}<\/script>\n<!-- \/ Yoast SEO plugin. -->","yoast_head_json":{"title":"M\u00e1r lehet jelentkezni c\u00e9gl\u00e1togat\u00e1sra a Modern Minta\u00fczem programban - Seed","robots":{"index":"index","follow":"follow","max-snippet":"max-snippet:-1","max-image-preview":"max-image-preview:large","max-video-preview":"max-video-preview:-1"},"canonical":"https:\/\/seed.hu\/hirek\/mar-lehet-jelentkezni-ceglatogatasra-a-modern-mintauzem-programban\/","og_locale":"en_US","og_type":"article","og_title":"M\u00e1r lehet jelentkezni c\u00e9gl\u00e1togat\u00e1sra a Modern Minta\u00fczem programban - Seed","og_description":"\u00datj\u00e1ra indult a Modern Minta\u00fczemek program, amelynek c\u00e9lja, hogy a v\u00e1llalkoz\u00e1sok m\u0171k\u00f6d\u00e9s k\u00f6zben tekinthess\u00e9k meg a legmodernebb technol\u00f3gi\u00e1kat. Megk\u00e9rdezve a v\u00e1llalkoz\u00f3kat ugyanis azt a visszajelz\u00e9st kaptuk, hogy a legnagyobb seg\u00edts\u00e9get az jelenten\u00e9 sz\u00e1mukra, ha testk\u00f6zelb\u0151l, a gyakorlatban l\u00e1thatn\u00e1k mindazon megold\u00e1sokat, bele\u00e9rtve a j\u00f6v\u0151 technol\u00f3gi\u00e1it (p\u00e9ld\u00e1ul big data, IoT, felh\u0151 alap\u00fa szolg\u00e1ltat\u00e1sok), amelyekkel fejl\u0151dhetn\u00e9nek. A hazai [&hellip;]","og_url":"https:\/\/seed.hu\/hirek\/mar-lehet-jelentkezni-ceglatogatasra-a-modern-mintauzem-programban\/","og_site_name":"Seed","article_modified_time":"2022-01-26T18:32:07+00:00","og_image":[{"width":250,"height":206,"url":"https:\/\/seed.hu\/wp-content\/uploads\/2018\/04\/SEED_logo.png","type":"image\/png"}],"twitter_card":"summary_large_image","twitter_misc":{"Est. reading time":"1 minute"},"schema":{"@context":"https:\/\/schema.org","@graph":[{"@type":"WebPage","@id":"https:\/\/seed.hu\/hirek\/mar-lehet-jelentkezni-ceglatogatasra-a-modern-mintauzem-programban\/","url":"https:\/\/seed.hu\/hirek\/mar-lehet-jelentkezni-ceglatogatasra-a-modern-mintauzem-programban\/","name":"M\u00e1r lehet jelentkezni c\u00e9gl\u00e1togat\u00e1sra a Modern Minta\u00fczem programban - Seed","isPartOf":{"@id":"https:\/\/seed.hu\/#website"},"primaryImageOfPage":{"@id":"https:\/\/seed.hu\/hirek\/mar-lehet-jelentkezni-ceglatogatasra-a-modern-mintauzem-programban\/#primaryimage"},"image":{"@id":"https:\/\/seed.hu\/hirek\/mar-lehet-jelentkezni-ceglatogatasra-a-modern-mintauzem-programban\/#primaryimage"},"thumbnailUrl":"https:\/\/seed.hu\/wp-content\/uploads\/2018\/04\/SEED_logo.png","datePublished":"2021-07-02T10:09:01+00:00","dateModified":"2022-01-26T18:32:07+00:00","breadcrumb":{"@id":"https:\/\/seed.hu\/hirek\/mar-lehet-jelentkezni-ceglatogatasra-a-modern-mintauzem-programban\/#breadcrumb"},"inLanguage":"en-US","potentialAction":[{"@type":"ReadAction","target":["https:\/\/seed.hu\/hirek\/mar-lehet-jelentkezni-ceglatogatasra-a-modern-mintauzem-programban\/"]}]},{"@type":"ImageObject","inLanguage":"en-US","@id":"https:\/\/seed.hu\/hirek\/mar-lehet-jelentkezni-ceglatogatasra-a-modern-mintauzem-programban\/#primaryimage","url":"https:\/\/seed.hu\/wp-content\/uploads\/2018\/04\/SEED_logo.png","contentUrl":"https:\/\/seed.hu\/wp-content\/uploads\/2018\/04\/SEED_logo.png","width":250,"height":206},{"@type":"BreadcrumbList","@id":"https:\/\/seed.hu\/hirek\/mar-lehet-jelentkezni-ceglatogatasra-a-modern-mintauzem-programban\/#breadcrumb","itemListElement":[{"@type":"ListItem","position":1,"name":"H\u00edrek","item":"https:\/\/seed.hu\/hirek\/"},{"@type":"ListItem","position":2,"name":"M\u00e1r lehet jelentkezni c\u00e9gl\u00e1togat\u00e1sra a Modern Minta\u00fczem programban"}]},{"@type":"WebSite","@id":"https:\/\/seed.hu\/#website","url":"https:\/\/seed.hu\/","name":"Seed","description":"","potentialAction":[{"@type":"SearchAction","target":{"@type":"EntryPoint","urlTemplate":"https:\/\/seed.hu\/?s={search_term_string}"},"query-input":{"@type":"PropertyValueSpecification","valueRequired":true,"valueName":"search_term_string"}}],"inLanguage":"en-US"}]}},"_links":{"self":[{"href":"https:\/\/seed.hu\/en\/wp-json\/wp\/v2\/hirek\/1167","targetHints":{"allow":["GET"]}}],"collection":[{"href":"https:\/\/seed.hu\/en\/wp-json\/wp\/v2\/hirek"}],"about":[{"href":"https:\/\/seed.hu\/en\/wp-json\/wp\/v2\/types\/hirek"}],"wp:featuredmedia":[{"embeddable":true,"href":"https:\/\/seed.hu\/en\/wp-json\/wp\/v2\/media\/792"}],"wp:attachment":[{"href":"https:\/\/seed.hu\/en\/wp-json\/wp\/v2\/media?parent=1167"}],"curies":[{"name":"wp","href":"https:\/\/api.w.org\/{rel}","templated":true}]}}

Már lehet jelentkezni céglátogatásra a Modern Mintaüzem programban

<p>Útjára indult a <strong>Modern Mintaüzemek</strong> program, amelynek célja, hogy a vállalkozások működés közben tekinthessék meg a legmodernebb technológiákat. Megkérdezve a vállalkozókat ugyanis azt a visszajelzést kaptuk, hogy a legnagyobb segítséget az jelentené számukra, ha testközelből, a gyakorlatban láthatnák mindazon megoldásokat, beleértve a jövő technológiáit (például big data, IoT, felhő alapú szolgáltatások), amelyekkel fejlődhetnének. A hazai nagyvállalatokban pedig partnert találtunk, örömmel és készségesen nyitják meg kapuikat az érdeklődők előtt, a látogatható vállalatok köre folyamatosan bővül (jelenleg 50-nél is több). A Modern Mintaüzem programban a vállalkozások céglátogatásokon vehetnek részt, a program egyedi vállalati konzultációt, tanácsadást, workshopokat biztosít annak érdekében, hogy az érdeklődők megismerhessék a legújabb eljárásokat.</p>
<p>Várjuk a látogatók, valamint az újonnan csatlakozó mintaüzemek jelentkezését.</p>
<p>Regisztrálni a <strong><a href="https://modem4.hu/" target="_blank" rel="noopener">modem4.hu</a></strong> oldalon lehet.</p>

<!-- This site is optimized with the Yoast SEO plugin v27.4 - https://yoast.com/product/yoast-seo-wordpress/ -->
<title>Már lehet jelentkezni céglátogatásra a Modern Mintaüzem programban - Seed</title>
<meta name="robots" content="index, follow, max-snippet:-1, max-image-preview:large, max-video-preview:-1" />
<link rel="canonical" href="https://seed.hu/hirek/mar-lehet-jelentkezni-ceglatogatasra-a-modern-mintauzem-programban/" />
<meta property="og:locale" content="en_US" />
<meta property="og:type" content="article" />
<meta property="og:title" content="Már lehet jelentkezni céglátogatásra a Modern Mintaüzem programban - Seed" />
<meta property="og:description" content="Útjára indult a Modern Mintaüzemek program, amelynek célja, hogy a vállalkozások működés közben tekinthessék meg a legmodernebb technológiákat. Megkérdezve a vállalkozókat ugyanis azt a visszajelzést kaptuk, hogy a legnagyobb segítséget az jelentené számukra, ha testközelből, a gyakorlatban láthatnák mindazon megoldásokat, beleértve a jövő technológiáit (például big data, IoT, felhő alapú szolgáltatások), amelyekkel fejlődhetnének. A hazai [&hellip;]" />
<meta property="og:url" content="https://seed.hu/hirek/mar-lehet-jelentkezni-ceglatogatasra-a-modern-mintauzem-programban/" />
<meta property="og:site_name" content="Seed" />
<meta property="article:modified_time" content="2022-01-26T18:32:07+00:00" />
<meta property="og:image" content="https://seed.hu/wp-content/uploads/2018/04/SEED_logo.png" />
	<meta property="og:image:width" content="250" />
	<meta property="og:image:height" content="206" />
	<meta property="og:image:type" content="image/png" />
<meta name="twitter:card" content="summary_large_image" />
<meta name="twitter:label1" content="Est. reading time" />
	<meta name="twitter:data1" content="1 minute" />
<script type="application/ld+json" class="yoast-schema-graph">{"@context":"https:\/\/schema.org","@graph":[{"@type":"WebPage","@id":"https:\/\/seed.hu\/hirek\/mar-lehet-jelentkezni-ceglatogatasra-a-modern-mintauzem-programban\/","url":"https:\/\/seed.hu\/hirek\/mar-lehet-jelentkezni-ceglatogatasra-a-modern-mintauzem-programban\/","name":"Már lehet jelentkezni céglátogatásra a Modern Mintaüzem programban - Seed","isPartOf":{"@id":"https:\/\/seed.hu\/#website"},"primaryImageOfPage":{"@id":"https:\/\/seed.hu\/hirek\/mar-lehet-jelentkezni-ceglatogatasra-a-modern-mintauzem-programban\/#primaryimage"},"image":{"@id":"https:\/\/seed.hu\/hirek\/mar-lehet-jelentkezni-ceglatogatasra-a-modern-mintauzem-programban\/#primaryimage"},"thumbnailUrl":"https:\/\/seed.hu\/wp-content\/uploads\/2018\/04\/SEED_logo.png","datePublished":"2021-07-02T10:09:01+00:00","dateModified":"2022-01-26T18:32:07+00:00","breadcrumb":{"@id":"https:\/\/seed.hu\/hirek\/mar-lehet-jelentkezni-ceglatogatasra-a-modern-mintauzem-programban\/#breadcrumb"},"inLanguage":"en-US","potentialAction":[{"@type":"ReadAction","target":["https:\/\/seed.hu\/hirek\/mar-lehet-jelentkezni-ceglatogatasra-a-modern-mintauzem-programban\/"]}]},{"@type":"ImageObject","inLanguage":"en-US","@id":"https:\/\/seed.hu\/hirek\/mar-lehet-jelentkezni-ceglatogatasra-a-modern-mintauzem-programban\/#primaryimage","url":"https:\/\/seed.hu\/wp-content\/uploads\/2018\/04\/SEED_logo.png","contentUrl":"https:\/\/seed.hu\/wp-content\/uploads\/2018\/04\/SEED_logo.png","width":250,"height":206},{"@type":"BreadcrumbList","@id":"https:\/\/seed.hu\/hirek\/mar-lehet-jelentkezni-ceglatogatasra-a-modern-mintauzem-programban\/#breadcrumb","itemListElement":[{"@type":"ListItem","position":1,"name":"Hírek","item":"https:\/\/seed.hu\/hirek\/"},{"@type":"ListItem","position":2,"name":"Már lehet jelentkezni céglátogatásra a Modern Mintaüzem programban"}]},{"@type":"WebSite","@id":"https:\/\/seed.hu\/#website","url":"https:\/\/seed.hu\/","name":"Seed","description":"","potentialAction":[{"@type":"SearchAction","target":{"@type":"EntryPoint","urlTemplate":"https:\/\/seed.hu\/?s={search_term_string}"},"query-input":{"@type":"PropertyValueSpecification","valueRequired":true,"valueName":"search_term_string"}}],"inLanguage":"en-US"}]}</script>
<!-- / Yoast SEO plugin. -->

Már lehet jelentkezni céglátogatásra a Modern Mintaüzem programban - Seed

Útjára indult a Modern Mintaüzemek program, amelynek célja, hogy a vállalkozások működés közben tekinthessék meg a legmodernebb technológiákat. Megkérdezve a vállalkozókat ugyanis azt a visszajelzést kaptuk, hogy a legnagyobb segítséget az jelentené számukra, ha testközelből, a gyakorlatban láthatnák mindazon megoldásokat, beleértve a jövő technológiáit (például big data, IoT, felhő alapú szolgáltatások), amelyekkel fejlődhetnének. A hazai [&hellip;]

Hírek
