{"id":1172,"date":"2021-09-06T22:44:08","date_gmt":"2021-09-06T20:44:08","guid":{"rendered":"https:\/\/seed.hu\/?post_type=hirek&#038;p=1172"},"modified":"2022-01-26T19:39:16","modified_gmt":"2022-01-26T18:39:16","slug":"mar-csak-szeptember-12-ig-lehet-torteneteket-meselni","status":"publish","type":"hirek","link":"https:\/\/seed.hu\/en\/hirek\/mar-csak-szeptember-12-ig-lehet-torteneteket-meselni\/","title":{"rendered":"M\u00e1r csak szeptember 12-ig lehet t\u00f6rt\u00e9neteket mes\u00e9lni"},"content":{"rendered":"<p><a href=\"https:\/\/seed.hu\/szavazz-2021-leginspiralobb-noi-sikertortenetere\/noi_siker_2021_2\/\" rel=\"attachment wp-att-740\"><img loading=\"lazy\" decoding=\"async\" class=\"alignnone wp-image-740 size-full\" src=\"https:\/\/seed.hu\/wp-content\/uploads\/2021\/02\/Noi_siker_2021_2.png\" alt=\"\" width=\"335\" height=\"79\" srcset=\"https:\/\/seed.hu\/wp-content\/uploads\/2021\/02\/Noi_siker_2021_2.png 335w, https:\/\/seed.hu\/wp-content\/uploads\/2021\/02\/Noi_siker_2021_2-300x71.png 300w\" sizes=\"auto, (max-width: 335px) 100vw, 335px\" \/><\/a><\/p>\n<p><iframe loading=\"lazy\" title=\"YouTube video player\" src=\"https:\/\/www.youtube.com\/embed\/Z4EouqBtSxI\" width=\"600\" height=\"352\" frameborder=\"0\" scrolling=\"no\" allowfullscreen=\"allowfullscreen\"><\/iframe><\/p>\n<p>Szeptember 12-\u00e9n \u00e9jf\u00e9lig oszthatj\u00e1k meg saj\u00e1t inspir\u00e1l\u00f3 t\u00f6rt\u00e9net\u00fcket azok a n\u0151i v\u00e1llalkoz\u00f3k, illetve n\u0151i v\u00e1llalatvezet\u0151k, akik \u00fagy d\u00f6ntenek, hogy megm\u00e9rettetik magukat a SEED Kisv\u00e1llalkoz\u00e1s-fejleszt\u00e9si Alap\u00edtv\u00e1ny \u00e9s a Sikeres N\u0151k Egyes\u00fclete (Professional Women\u2019s Association \u2013 PWA) \u00e1ltal ki\u00edrt Van egy j\u00f3 t\u00f6rt\u00e9neted? c\u00edm\u0171 p\u00e1ly\u00e1zaton. Nemcsak \u0151k mes\u00e9lhetnek azonban\u2026 Az idei p\u00e1ly\u00e1zat egyik legf\u0151bb saj\u00e1toss\u00e1ga, hogy munka- \u00e9s v\u00e1llalkoz\u00f3t\u00e1rsak, \u00fczleti partnerek is k\u00fcldhetnek t\u00f6rt\u00e9netet valamely sz\u00e1mukra fontos vezet\u0151r\u0151l, v\u00e1llalkoz\u00f3r\u00f3l.<\/p>\n<p>A n\u0151i v\u00e1llalkoz\u00e1sok fejleszt\u00e9s\u00e9ben j\u00e1rtas szakemberekb\u0151l, valamint v\u00e1llalatvezet\u0151 \u00e9s v\u00e1llalkoz\u00f3 h\u00f6lgyekb\u0151l \u00e1ll\u00f3 zs\u0171ri nem reg\u00e9nyeket, hanem r\u00f6vid, vel\u0151s, emberi t\u00f6rt\u00e9neteket v\u00e1r a megadott hat\u00e1rid\u0151ig.<\/p>\n<p>A p\u00e1ly\u00e1zatr\u00f3l tov\u00e1bbi inform\u00e1ci\u00f3k \u00e9s jelentkez\u00e9si \u0171rlap itt: <strong><a href=\"http:\/\/www.pwa.hu\/jelentkezesi-urlap-sikertortenetek-2021-van-egy-jo-torteneted\/\" target=\"_blank\" rel=\"noopener\">http:\/\/www.pwa.hu\/jelentkezesi-urlap-sikertortenetek-2021-van-egy-jo-torteneted\/<\/a><\/strong> \u00e9rhet\u0151 el.<\/p>\n","protected":false},"featured_media":792,"menu_order":0,"template":"","meta":{"_acf_changed":false},"class_list":["post-1172","hirek","type-hirek","status-publish","has-post-thumbnail","hentry"],"acf":[],"yoast_head":"<!-- This site is optimized with the Yoast SEO plugin v27.4 - https:\/\/yoast.com\/product\/yoast-seo-wordpress\/ -->\n<title>M\u00e1r csak szeptember 12-ig lehet t\u00f6rt\u00e9neteket mes\u00e9lni - Seed<\/title>\n<meta name=\"robots\" content=\"index, follow, max-snippet:-1, max-image-preview:large, max-video-preview:-1\" \/>\n<link rel=\"canonical\" href=\"https:\/\/seed.hu\/hirek\/mar-csak-szeptember-12-ig-lehet-torteneteket-meselni\/\" \/>\n<meta property=\"og:locale\" content=\"en_US\" \/>\n<meta property=\"og:type\" content=\"article\" \/>\n<meta property=\"og:title\" content=\"M\u00e1r csak szeptember 12-ig lehet t\u00f6rt\u00e9neteket mes\u00e9lni - Seed\" \/>\n<meta property=\"og:description\" content=\"Szeptember 12-\u00e9n \u00e9jf\u00e9lig oszthatj\u00e1k meg saj\u00e1t inspir\u00e1l\u00f3 t\u00f6rt\u00e9net\u00fcket azok a n\u0151i v\u00e1llalkoz\u00f3k, illetve n\u0151i v\u00e1llalatvezet\u0151k, akik \u00fagy d\u00f6ntenek, hogy megm\u00e9rettetik magukat a SEED Kisv\u00e1llalkoz\u00e1s-fejleszt\u00e9si Alap\u00edtv\u00e1ny \u00e9s a Sikeres N\u0151k Egyes\u00fclete (Professional Women\u2019s Association \u2013 PWA) \u00e1ltal ki\u00edrt Van egy j\u00f3 t\u00f6rt\u00e9neted? c\u00edm\u0171 p\u00e1ly\u00e1zaton. Nemcsak \u0151k mes\u00e9lhetnek azonban\u2026 Az idei p\u00e1ly\u00e1zat egyik legf\u0151bb saj\u00e1toss\u00e1ga, hogy munka- [&hellip;]\" \/>\n<meta property=\"og:url\" content=\"https:\/\/seed.hu\/hirek\/mar-csak-szeptember-12-ig-lehet-torteneteket-meselni\/\" \/>\n<meta property=\"og:site_name\" content=\"Seed\" \/>\n<meta property=\"article:modified_time\" content=\"2022-01-26T18:39:16+00:00\" \/>\n<meta property=\"og:image\" content=\"https:\/\/seed.hu\/wp-content\/uploads\/2018\/04\/SEED_logo.png\" \/>\n\t<meta property=\"og:image:width\" content=\"250\" \/>\n\t<meta property=\"og:image:height\" content=\"206\" \/>\n\t<meta property=\"og:image:type\" content=\"image\/png\" \/>\n<meta name=\"twitter:card\" content=\"summary_large_image\" \/>\n<meta name=\"twitter:label1\" content=\"Est. reading time\" \/>\n\t<meta name=\"twitter:data1\" content=\"1 minute\" \/>\n<script type=\"application\/ld+json\" class=\"yoast-schema-graph\">{\"@context\":\"https:\\\/\\\/schema.org\",\"@graph\":[{\"@type\":\"WebPage\",\"@id\":\"https:\\\/\\\/seed.hu\\\/hirek\\\/mar-csak-szeptember-12-ig-lehet-torteneteket-meselni\\\/\",\"url\":\"https:\\\/\\\/seed.hu\\\/hirek\\\/mar-csak-szeptember-12-ig-lehet-torteneteket-meselni\\\/\",\"name\":\"M\u00e1r csak szeptember 12-ig lehet t\u00f6rt\u00e9neteket mes\u00e9lni - Seed\",\"isPartOf\":{\"@id\":\"https:\\\/\\\/seed.hu\\\/#website\"},\"primaryImageOfPage\":{\"@id\":\"https:\\\/\\\/seed.hu\\\/hirek\\\/mar-csak-szeptember-12-ig-lehet-torteneteket-meselni\\\/#primaryimage\"},\"image\":{\"@id\":\"https:\\\/\\\/seed.hu\\\/hirek\\\/mar-csak-szeptember-12-ig-lehet-torteneteket-meselni\\\/#primaryimage\"},\"thumbnailUrl\":\"https:\\\/\\\/seed.hu\\\/wp-content\\\/uploads\\\/2018\\\/04\\\/SEED_logo.png\",\"datePublished\":\"2021-09-06T20:44:08+00:00\",\"dateModified\":\"2022-01-26T18:39:16+00:00\",\"breadcrumb\":{\"@id\":\"https:\\\/\\\/seed.hu\\\/hirek\\\/mar-csak-szeptember-12-ig-lehet-torteneteket-meselni\\\/#breadcrumb\"},\"inLanguage\":\"en-US\",\"potentialAction\":[{\"@type\":\"ReadAction\",\"target\":[\"https:\\\/\\\/seed.hu\\\/hirek\\\/mar-csak-szeptember-12-ig-lehet-torteneteket-meselni\\\/\"]}]},{\"@type\":\"ImageObject\",\"inLanguage\":\"en-US\",\"@id\":\"https:\\\/\\\/seed.hu\\\/hirek\\\/mar-csak-szeptember-12-ig-lehet-torteneteket-meselni\\\/#primaryimage\",\"url\":\"https:\\\/\\\/seed.hu\\\/wp-content\\\/uploads\\\/2018\\\/04\\\/SEED_logo.png\",\"contentUrl\":\"https:\\\/\\\/seed.hu\\\/wp-content\\\/uploads\\\/2018\\\/04\\\/SEED_logo.png\",\"width\":250,\"height\":206},{\"@type\":\"BreadcrumbList\",\"@id\":\"https:\\\/\\\/seed.hu\\\/hirek\\\/mar-csak-szeptember-12-ig-lehet-torteneteket-meselni\\\/#breadcrumb\",\"itemListElement\":[{\"@type\":\"ListItem\",\"position\":1,\"name\":\"H\u00edrek\",\"item\":\"https:\\\/\\\/seed.hu\\\/hirek\\\/\"},{\"@type\":\"ListItem\",\"position\":2,\"name\":\"M\u00e1r csak szeptember 12-ig lehet t\u00f6rt\u00e9neteket mes\u00e9lni\"}]},{\"@type\":\"WebSite\",\"@id\":\"https:\\\/\\\/seed.hu\\\/#website\",\"url\":\"https:\\\/\\\/seed.hu\\\/\",\"name\":\"Seed\",\"description\":\"\",\"potentialAction\":[{\"@type\":\"SearchAction\",\"target\":{\"@type\":\"EntryPoint\",\"urlTemplate\":\"https:\\\/\\\/seed.hu\\\/?s={search_term_string}\"},\"query-input\":{\"@type\":\"PropertyValueSpecification\",\"valueRequired\":true,\"valueName\":\"search_term_string\"}}],\"inLanguage\":\"en-US\"}]}<\/script>\n<!-- \/ Yoast SEO plugin. -->","yoast_head_json":{"title":"M\u00e1r csak szeptember 12-ig lehet t\u00f6rt\u00e9neteket mes\u00e9lni - Seed","robots":{"index":"index","follow":"follow","max-snippet":"max-snippet:-1","max-image-preview":"max-image-preview:large","max-video-preview":"max-video-preview:-1"},"canonical":"https:\/\/seed.hu\/hirek\/mar-csak-szeptember-12-ig-lehet-torteneteket-meselni\/","og_locale":"en_US","og_type":"article","og_title":"M\u00e1r csak szeptember 12-ig lehet t\u00f6rt\u00e9neteket mes\u00e9lni - Seed","og_description":"Szeptember 12-\u00e9n \u00e9jf\u00e9lig oszthatj\u00e1k meg saj\u00e1t inspir\u00e1l\u00f3 t\u00f6rt\u00e9net\u00fcket azok a n\u0151i v\u00e1llalkoz\u00f3k, illetve n\u0151i v\u00e1llalatvezet\u0151k, akik \u00fagy d\u00f6ntenek, hogy megm\u00e9rettetik magukat a SEED Kisv\u00e1llalkoz\u00e1s-fejleszt\u00e9si Alap\u00edtv\u00e1ny \u00e9s a Sikeres N\u0151k Egyes\u00fclete (Professional Women\u2019s Association \u2013 PWA) \u00e1ltal ki\u00edrt Van egy j\u00f3 t\u00f6rt\u00e9neted? c\u00edm\u0171 p\u00e1ly\u00e1zaton. Nemcsak \u0151k mes\u00e9lhetnek azonban\u2026 Az idei p\u00e1ly\u00e1zat egyik legf\u0151bb saj\u00e1toss\u00e1ga, hogy munka- [&hellip;]","og_url":"https:\/\/seed.hu\/hirek\/mar-csak-szeptember-12-ig-lehet-torteneteket-meselni\/","og_site_name":"Seed","article_modified_time":"2022-01-26T18:39:16+00:00","og_image":[{"width":250,"height":206,"url":"https:\/\/seed.hu\/wp-content\/uploads\/2018\/04\/SEED_logo.png","type":"image\/png"}],"twitter_card":"summary_large_image","twitter_misc":{"Est. reading time":"1 minute"},"schema":{"@context":"https:\/\/schema.org","@graph":[{"@type":"WebPage","@id":"https:\/\/seed.hu\/hirek\/mar-csak-szeptember-12-ig-lehet-torteneteket-meselni\/","url":"https:\/\/seed.hu\/hirek\/mar-csak-szeptember-12-ig-lehet-torteneteket-meselni\/","name":"M\u00e1r csak szeptember 12-ig lehet t\u00f6rt\u00e9neteket mes\u00e9lni - Seed","isPartOf":{"@id":"https:\/\/seed.hu\/#website"},"primaryImageOfPage":{"@id":"https:\/\/seed.hu\/hirek\/mar-csak-szeptember-12-ig-lehet-torteneteket-meselni\/#primaryimage"},"image":{"@id":"https:\/\/seed.hu\/hirek\/mar-csak-szeptember-12-ig-lehet-torteneteket-meselni\/#primaryimage"},"thumbnailUrl":"https:\/\/seed.hu\/wp-content\/uploads\/2018\/04\/SEED_logo.png","datePublished":"2021-09-06T20:44:08+00:00","dateModified":"2022-01-26T18:39:16+00:00","breadcrumb":{"@id":"https:\/\/seed.hu\/hirek\/mar-csak-szeptember-12-ig-lehet-torteneteket-meselni\/#breadcrumb"},"inLanguage":"en-US","potentialAction":[{"@type":"ReadAction","target":["https:\/\/seed.hu\/hirek\/mar-csak-szeptember-12-ig-lehet-torteneteket-meselni\/"]}]},{"@type":"ImageObject","inLanguage":"en-US","@id":"https:\/\/seed.hu\/hirek\/mar-csak-szeptember-12-ig-lehet-torteneteket-meselni\/#primaryimage","url":"https:\/\/seed.hu\/wp-content\/uploads\/2018\/04\/SEED_logo.png","contentUrl":"https:\/\/seed.hu\/wp-content\/uploads\/2018\/04\/SEED_logo.png","width":250,"height":206},{"@type":"BreadcrumbList","@id":"https:\/\/seed.hu\/hirek\/mar-csak-szeptember-12-ig-lehet-torteneteket-meselni\/#breadcrumb","itemListElement":[{"@type":"ListItem","position":1,"name":"H\u00edrek","item":"https:\/\/seed.hu\/hirek\/"},{"@type":"ListItem","position":2,"name":"M\u00e1r csak szeptember 12-ig lehet t\u00f6rt\u00e9neteket mes\u00e9lni"}]},{"@type":"WebSite","@id":"https:\/\/seed.hu\/#website","url":"https:\/\/seed.hu\/","name":"Seed","description":"","potentialAction":[{"@type":"SearchAction","target":{"@type":"EntryPoint","urlTemplate":"https:\/\/seed.hu\/?s={search_term_string}"},"query-input":{"@type":"PropertyValueSpecification","valueRequired":true,"valueName":"search_term_string"}}],"inLanguage":"en-US"}]}},"_links":{"self":[{"href":"https:\/\/seed.hu\/en\/wp-json\/wp\/v2\/hirek\/1172","targetHints":{"allow":["GET"]}}],"collection":[{"href":"https:\/\/seed.hu\/en\/wp-json\/wp\/v2\/hirek"}],"about":[{"href":"https:\/\/seed.hu\/en\/wp-json\/wp\/v2\/types\/hirek"}],"wp:featuredmedia":[{"embeddable":true,"href":"https:\/\/seed.hu\/en\/wp-json\/wp\/v2\/media\/792"}],"wp:attachment":[{"href":"https:\/\/seed.hu\/en\/wp-json\/wp\/v2\/media?parent=1172"}],"curies":[{"name":"wp","href":"https:\/\/api.w.org\/{rel}","templated":true}]}}

Már csak szeptember 12-ig lehet történeteket mesélni

<p><a href="https://seed.hu/szavazz-2021-leginspiralobb-noi-sikertortenetere/noi_siker_2021_2/" rel="attachment wp-att-740"><img loading="lazy" decoding="async" class="alignnone wp-image-740 size-full" src="https://seed.hu/wp-content/uploads/2021/02/Noi_siker_2021_2.png" alt="" width="335" height="79" srcset="https://seed.hu/wp-content/uploads/2021/02/Noi_siker_2021_2.png 335w, https://seed.hu/wp-content/uploads/2021/02/Noi_siker_2021_2-300x71.png 300w" sizes="auto, (max-width: 335px) 100vw, 335px" /></a></p>
<p><iframe loading="lazy" title="YouTube video player" src="https://www.youtube.com/embed/Z4EouqBtSxI" width="600" height="352" frameborder="0" scrolling="no" allowfullscreen="allowfullscreen"></iframe></p>
<p>Szeptember 12-én éjfélig oszthatják meg saját inspiráló történetüket azok a női vállalkozók, illetve női vállalatvezetők, akik úgy döntenek, hogy megmérettetik magukat a SEED Kisvállalkozás-fejlesztési Alapítvány és a Sikeres Nők Egyesülete (Professional Women’s Association – PWA) által kiírt Van egy jó történeted? című pályázaton. Nemcsak ők mesélhetnek azonban… Az idei pályázat egyik legfőbb sajátossága, hogy munka- és vállalkozótársak, üzleti partnerek is küldhetnek történetet valamely számukra fontos vezetőről, vállalkozóról.</p>
<p>A női vállalkozások fejlesztésében jártas szakemberekből, valamint vállalatvezető és vállalkozó hölgyekből álló zsűri nem regényeket, hanem rövid, velős, emberi történeteket vár a megadott határidőig.</p>
<p>A pályázatról további információk és jelentkezési űrlap itt: <strong><a href="http://www.pwa.hu/jelentkezesi-urlap-sikertortenetek-2021-van-egy-jo-torteneted/" target="_blank" rel="noopener">http://www.pwa.hu/jelentkezesi-urlap-sikertortenetek-2021-van-egy-jo-torteneted/</a></strong> érhető el.</p>

<!-- This site is optimized with the Yoast SEO plugin v27.4 - https://yoast.com/product/yoast-seo-wordpress/ -->
<title>Már csak szeptember 12-ig lehet történeteket mesélni - Seed</title>
<meta name="robots" content="index, follow, max-snippet:-1, max-image-preview:large, max-video-preview:-1" />
<link rel="canonical" href="https://seed.hu/hirek/mar-csak-szeptember-12-ig-lehet-torteneteket-meselni/" />
<meta property="og:locale" content="en_US" />
<meta property="og:type" content="article" />
<meta property="og:title" content="Már csak szeptember 12-ig lehet történeteket mesélni - Seed" />
<meta property="og:description" content="Szeptember 12-én éjfélig oszthatják meg saját inspiráló történetüket azok a női vállalkozók, illetve női vállalatvezetők, akik úgy döntenek, hogy megmérettetik magukat a SEED Kisvállalkozás-fejlesztési Alapítvány és a Sikeres Nők Egyesülete (Professional Women’s Association – PWA) által kiírt Van egy jó történeted? című pályázaton. Nemcsak ők mesélhetnek azonban… Az idei pályázat egyik legfőbb sajátossága, hogy munka- [&hellip;]" />
<meta property="og:url" content="https://seed.hu/hirek/mar-csak-szeptember-12-ig-lehet-torteneteket-meselni/" />
<meta property="og:site_name" content="Seed" />
<meta property="article:modified_time" content="2022-01-26T18:39:16+00:00" />
<meta property="og:image" content="https://seed.hu/wp-content/uploads/2018/04/SEED_logo.png" />
	<meta property="og:image:width" content="250" />
	<meta property="og:image:height" content="206" />
	<meta property="og:image:type" content="image/png" />
<meta name="twitter:card" content="summary_large_image" />
<meta name="twitter:label1" content="Est. reading time" />
	<meta name="twitter:data1" content="1 minute" />
<script type="application/ld+json" class="yoast-schema-graph">{"@context":"https:\/\/schema.org","@graph":[{"@type":"WebPage","@id":"https:\/\/seed.hu\/hirek\/mar-csak-szeptember-12-ig-lehet-torteneteket-meselni\/","url":"https:\/\/seed.hu\/hirek\/mar-csak-szeptember-12-ig-lehet-torteneteket-meselni\/","name":"Már csak szeptember 12-ig lehet történeteket mesélni - Seed","isPartOf":{"@id":"https:\/\/seed.hu\/#website"},"primaryImageOfPage":{"@id":"https:\/\/seed.hu\/hirek\/mar-csak-szeptember-12-ig-lehet-torteneteket-meselni\/#primaryimage"},"image":{"@id":"https:\/\/seed.hu\/hirek\/mar-csak-szeptember-12-ig-lehet-torteneteket-meselni\/#primaryimage"},"thumbnailUrl":"https:\/\/seed.hu\/wp-content\/uploads\/2018\/04\/SEED_logo.png","datePublished":"2021-09-06T20:44:08+00:00","dateModified":"2022-01-26T18:39:16+00:00","breadcrumb":{"@id":"https:\/\/seed.hu\/hirek\/mar-csak-szeptember-12-ig-lehet-torteneteket-meselni\/#breadcrumb"},"inLanguage":"en-US","potentialAction":[{"@type":"ReadAction","target":["https:\/\/seed.hu\/hirek\/mar-csak-szeptember-12-ig-lehet-torteneteket-meselni\/"]}]},{"@type":"ImageObject","inLanguage":"en-US","@id":"https:\/\/seed.hu\/hirek\/mar-csak-szeptember-12-ig-lehet-torteneteket-meselni\/#primaryimage","url":"https:\/\/seed.hu\/wp-content\/uploads\/2018\/04\/SEED_logo.png","contentUrl":"https:\/\/seed.hu\/wp-content\/uploads\/2018\/04\/SEED_logo.png","width":250,"height":206},{"@type":"BreadcrumbList","@id":"https:\/\/seed.hu\/hirek\/mar-csak-szeptember-12-ig-lehet-torteneteket-meselni\/#breadcrumb","itemListElement":[{"@type":"ListItem","position":1,"name":"Hírek","item":"https:\/\/seed.hu\/hirek\/"},{"@type":"ListItem","position":2,"name":"Már csak szeptember 12-ig lehet történeteket mesélni"}]},{"@type":"WebSite","@id":"https:\/\/seed.hu\/#website","url":"https:\/\/seed.hu\/","name":"Seed","description":"","potentialAction":[{"@type":"SearchAction","target":{"@type":"EntryPoint","urlTemplate":"https:\/\/seed.hu\/?s={search_term_string}"},"query-input":{"@type":"PropertyValueSpecification","valueRequired":true,"valueName":"search_term_string"}}],"inLanguage":"en-US"}]}</script>
<!-- / Yoast SEO plugin. -->

Már csak szeptember 12-ig lehet történeteket mesélni - Seed

Szeptember 12-én éjfélig oszthatják meg saját inspiráló történetüket azok a női vállalkozók, illetve női vállalatvezetők, akik úgy döntenek, hogy megmérettetik magukat a SEED Kisvállalkozás-fejlesztési Alapítvány és a Sikeres Nők Egyesülete (Professional Women’s Association – PWA) által kiírt Van egy jó történeted? című pályázaton. Nemcsak ők mesélhetnek azonban… Az idei pályázat egyik legfőbb sajátossága, hogy munka- [&hellip;]

Hírek
