{"id":1198,"date":"2021-12-21T12:37:01","date_gmt":"2021-12-21T11:37:01","guid":{"rendered":"https:\/\/seed.hu\/?post_type=hirek&#038;p=1198"},"modified":"2022-01-26T20:54:13","modified_gmt":"2022-01-26T19:54:13","slug":"25-jogyakorlat-a-szemelyes-vallalkozoi-mentorprogrambol","status":"publish","type":"hirek","link":"https:\/\/seed.hu\/en\/hirek\/25-jogyakorlat-a-szemelyes-vallalkozoi-mentorprogrambol\/","title":{"rendered":"25 j\u00f3gyakorlat a Szem\u00e9lyes V\u00e1llalkoz\u00f3i Mentorprogramb\u00f3l"},"content":{"rendered":"<p><a href=\"https:\/\/seed.hu\/hirek\/mentorok-es-mentoraltak-jelentkezeset-varja-a-seed-alapitvany\/ovm\/\" rel=\"attachment wp-att-844\"><img loading=\"lazy\" decoding=\"async\" class=\"alignnone wp-image-844 size-full\" src=\"https:\/\/seed.hu\/wp-content\/uploads\/2022\/01\/OVM.png\" alt=\"\" width=\"601\" height=\"163\" srcset=\"https:\/\/seed.hu\/wp-content\/uploads\/2022\/01\/OVM.png 601w, https:\/\/seed.hu\/wp-content\/uploads\/2022\/01\/OVM-300x81.png 300w\" sizes=\"auto, (max-width: 601px) 100vw, 601px\" \/><\/a><\/p>\n<p>Nagy \u00f6r\u00f6mmel \u00e9s b\u00fcszkes\u00e9ggel ny\u00fajtjuk \u00e1t a SEED Alap\u00edtv\u00e1ny leg\u00fajabb kiadv\u00e1ny\u00e1t, amely<br \/>\nmentorprogramunk 25 j\u00f3gyakorlat\u00e1t mutatja be, kieg\u00e9sz\u00edtve a szint\u00e9n a mentor\u00e1l\u00e1si folyamatokr\u00f3l<br \/>\nsz\u00f3l\u00f3, kor\u00e1bban k\u00e9sz\u00fclt 6 kisfilmmel.<\/p>\n<p>A kiadv\u00e1nyban bemutatott j\u00f3gyakorlatokb\u00f3l kider\u00fcl, hogy milyen soksz\u00edn\u0171 a csapat, amelyik r\u00e9szt<br \/>\nvesz ebben a programban, hogy mennyire v\u00e1ltozatosak a probl\u00e9m\u00e1k, amelyekkel a mentor\u00e1ltak<br \/>\n\u201e\u00e9rkeztek\u201d a folyamatba, mennyire sokr\u00e9t\u0171ek a megold\u00e1sok, amelyeket a mentorok \u00e9s a mentor\u00e1ltak<br \/>\nk\u00f6z\u00f6sen kidolgoztak, s mennyire \u00e9l\u0151, sokszor a bar\u00e1ts\u00e1gig fejl\u0151d\u0151 kapcsolat alakult ki a p\u00e1rosok<br \/>\nk\u00f6z\u00f6tt.<\/p>\n<p>Tisztelettel aj\u00e1nljuk kiadv\u00e1nyunkat mindenkinek a figyelm\u00e9be, aki szeretne t\u00f6bbet megtudni arr\u00f3l,<br \/>\nhogy egy pap\u00edron le\u00edrt program hogyan v\u00e1lik \u00e9l\u0151v\u00e9, \u00e9s hogy k\u00e9t ember, aki kor\u00e1bban soha nem l\u00e1tta<br \/>\negym\u00e1st, hogyan tud gy\u00fcm\u00f6lcs\u00f6z\u0151en egy\u00fcttm\u0171k\u00f6dni, ak\u00e1r annyira, hogy a program ut\u00e1n \u201epriv\u00e1tban\u201d<br \/>\nfolytatja a k\u00f6z\u00f6s munk\u00e1t.<\/p>\n<p><strong><a href=\"https:\/\/25jogyakorlat.seed.hu\/\" target=\"_blank\" rel=\"noopener\">https:\/\/25jogyakorlat.seed.hu\/<\/a><\/strong><\/p>\n<p><a href=\"https:\/\/25jogyakorlat.seed.hu\/\" target=\"_blank\" rel=\"noopener\"><strong><img decoding=\"async\" style=\"width: 596px; height: 170px;\" src=\"https:\/\/seed.hu\/files\/attachments\/inline\/seed-banner-zold-hatter.png\" alt=\"\" \/><\/strong><\/a><\/p>\n","protected":false},"featured_media":338,"menu_order":0,"template":"","meta":{"_acf_changed":false},"class_list":["post-1198","hirek","type-hirek","status-publish","has-post-thumbnail","hentry"],"acf":[],"yoast_head":"<!-- This site is optimized with the Yoast SEO plugin v27.4 - https:\/\/yoast.com\/product\/yoast-seo-wordpress\/ -->\n<title>25 j\u00f3gyakorlat a Szem\u00e9lyes V\u00e1llalkoz\u00f3i Mentorprogramb\u00f3l - Seed<\/title>\n<meta name=\"robots\" content=\"index, follow, max-snippet:-1, max-image-preview:large, max-video-preview:-1\" \/>\n<link rel=\"canonical\" href=\"https:\/\/seed.hu\/hirek\/25-jogyakorlat-a-szemelyes-vallalkozoi-mentorprogrambol\/\" \/>\n<meta property=\"og:locale\" content=\"en_US\" \/>\n<meta property=\"og:type\" content=\"article\" \/>\n<meta property=\"og:title\" content=\"25 j\u00f3gyakorlat a Szem\u00e9lyes V\u00e1llalkoz\u00f3i Mentorprogramb\u00f3l - Seed\" \/>\n<meta property=\"og:description\" content=\"Nagy \u00f6r\u00f6mmel \u00e9s b\u00fcszkes\u00e9ggel ny\u00fajtjuk \u00e1t a SEED Alap\u00edtv\u00e1ny leg\u00fajabb kiadv\u00e1ny\u00e1t, amely mentorprogramunk 25 j\u00f3gyakorlat\u00e1t mutatja be, kieg\u00e9sz\u00edtve a szint\u00e9n a mentor\u00e1l\u00e1si folyamatokr\u00f3l sz\u00f3l\u00f3, kor\u00e1bban k\u00e9sz\u00fclt 6 kisfilmmel. A kiadv\u00e1nyban bemutatott j\u00f3gyakorlatokb\u00f3l kider\u00fcl, hogy milyen soksz\u00edn\u0171 a csapat, amelyik r\u00e9szt vesz ebben a programban, hogy mennyire v\u00e1ltozatosak a probl\u00e9m\u00e1k, amelyekkel a mentor\u00e1ltak \u201e\u00e9rkeztek\u201d a folyamatba, [&hellip;]\" \/>\n<meta property=\"og:url\" content=\"https:\/\/seed.hu\/hirek\/25-jogyakorlat-a-szemelyes-vallalkozoi-mentorprogrambol\/\" \/>\n<meta property=\"og:site_name\" content=\"Seed\" \/>\n<meta property=\"article:modified_time\" content=\"2022-01-26T19:54:13+00:00\" \/>\n<meta property=\"og:image\" content=\"https:\/\/seed.hu\/wp-content\/uploads\/2021\/04\/Orsza\u0301gos-Va\u0301llalkozo\u0301i-Mentorprogram.png\" \/>\n\t<meta property=\"og:image:width\" content=\"773\" \/>\n\t<meta property=\"og:image:height\" content=\"774\" \/>\n\t<meta property=\"og:image:type\" content=\"image\/png\" \/>\n<meta name=\"twitter:card\" content=\"summary_large_image\" \/>\n<meta name=\"twitter:label1\" content=\"Est. reading time\" \/>\n\t<meta name=\"twitter:data1\" content=\"1 minute\" \/>\n<script type=\"application\/ld+json\" class=\"yoast-schema-graph\">{\"@context\":\"https:\\\/\\\/schema.org\",\"@graph\":[{\"@type\":\"WebPage\",\"@id\":\"https:\\\/\\\/seed.hu\\\/hirek\\\/25-jogyakorlat-a-szemelyes-vallalkozoi-mentorprogrambol\\\/\",\"url\":\"https:\\\/\\\/seed.hu\\\/hirek\\\/25-jogyakorlat-a-szemelyes-vallalkozoi-mentorprogrambol\\\/\",\"name\":\"25 j\u00f3gyakorlat a Szem\u00e9lyes V\u00e1llalkoz\u00f3i Mentorprogramb\u00f3l - Seed\",\"isPartOf\":{\"@id\":\"https:\\\/\\\/seed.hu\\\/#website\"},\"primaryImageOfPage\":{\"@id\":\"https:\\\/\\\/seed.hu\\\/hirek\\\/25-jogyakorlat-a-szemelyes-vallalkozoi-mentorprogrambol\\\/#primaryimage\"},\"image\":{\"@id\":\"https:\\\/\\\/seed.hu\\\/hirek\\\/25-jogyakorlat-a-szemelyes-vallalkozoi-mentorprogrambol\\\/#primaryimage\"},\"thumbnailUrl\":\"https:\\\/\\\/seed.hu\\\/wp-content\\\/uploads\\\/2021\\\/04\\\/Orsza\u0301gos-Va\u0301llalkozo\u0301i-Mentorprogram.png\",\"datePublished\":\"2021-12-21T11:37:01+00:00\",\"dateModified\":\"2022-01-26T19:54:13+00:00\",\"breadcrumb\":{\"@id\":\"https:\\\/\\\/seed.hu\\\/hirek\\\/25-jogyakorlat-a-szemelyes-vallalkozoi-mentorprogrambol\\\/#breadcrumb\"},\"inLanguage\":\"en-US\",\"potentialAction\":[{\"@type\":\"ReadAction\",\"target\":[\"https:\\\/\\\/seed.hu\\\/hirek\\\/25-jogyakorlat-a-szemelyes-vallalkozoi-mentorprogrambol\\\/\"]}]},{\"@type\":\"ImageObject\",\"inLanguage\":\"en-US\",\"@id\":\"https:\\\/\\\/seed.hu\\\/hirek\\\/25-jogyakorlat-a-szemelyes-vallalkozoi-mentorprogrambol\\\/#primaryimage\",\"url\":\"https:\\\/\\\/seed.hu\\\/wp-content\\\/uploads\\\/2021\\\/04\\\/Orsza\u0301gos-Va\u0301llalkozo\u0301i-Mentorprogram.png\",\"contentUrl\":\"https:\\\/\\\/seed.hu\\\/wp-content\\\/uploads\\\/2021\\\/04\\\/Orsza\u0301gos-Va\u0301llalkozo\u0301i-Mentorprogram.png\",\"width\":773,\"height\":774},{\"@type\":\"BreadcrumbList\",\"@id\":\"https:\\\/\\\/seed.hu\\\/hirek\\\/25-jogyakorlat-a-szemelyes-vallalkozoi-mentorprogrambol\\\/#breadcrumb\",\"itemListElement\":[{\"@type\":\"ListItem\",\"position\":1,\"name\":\"H\u00edrek\",\"item\":\"https:\\\/\\\/seed.hu\\\/hirek\\\/\"},{\"@type\":\"ListItem\",\"position\":2,\"name\":\"25 j\u00f3gyakorlat a Szem\u00e9lyes V\u00e1llalkoz\u00f3i Mentorprogramb\u00f3l\"}]},{\"@type\":\"WebSite\",\"@id\":\"https:\\\/\\\/seed.hu\\\/#website\",\"url\":\"https:\\\/\\\/seed.hu\\\/\",\"name\":\"Seed\",\"description\":\"\",\"potentialAction\":[{\"@type\":\"SearchAction\",\"target\":{\"@type\":\"EntryPoint\",\"urlTemplate\":\"https:\\\/\\\/seed.hu\\\/?s={search_term_string}\"},\"query-input\":{\"@type\":\"PropertyValueSpecification\",\"valueRequired\":true,\"valueName\":\"search_term_string\"}}],\"inLanguage\":\"en-US\"}]}<\/script>\n<!-- \/ Yoast SEO plugin. -->","yoast_head_json":{"title":"25 j\u00f3gyakorlat a Szem\u00e9lyes V\u00e1llalkoz\u00f3i Mentorprogramb\u00f3l - Seed","robots":{"index":"index","follow":"follow","max-snippet":"max-snippet:-1","max-image-preview":"max-image-preview:large","max-video-preview":"max-video-preview:-1"},"canonical":"https:\/\/seed.hu\/hirek\/25-jogyakorlat-a-szemelyes-vallalkozoi-mentorprogrambol\/","og_locale":"en_US","og_type":"article","og_title":"25 j\u00f3gyakorlat a Szem\u00e9lyes V\u00e1llalkoz\u00f3i Mentorprogramb\u00f3l - Seed","og_description":"Nagy \u00f6r\u00f6mmel \u00e9s b\u00fcszkes\u00e9ggel ny\u00fajtjuk \u00e1t a SEED Alap\u00edtv\u00e1ny leg\u00fajabb kiadv\u00e1ny\u00e1t, amely mentorprogramunk 25 j\u00f3gyakorlat\u00e1t mutatja be, kieg\u00e9sz\u00edtve a szint\u00e9n a mentor\u00e1l\u00e1si folyamatokr\u00f3l sz\u00f3l\u00f3, kor\u00e1bban k\u00e9sz\u00fclt 6 kisfilmmel. A kiadv\u00e1nyban bemutatott j\u00f3gyakorlatokb\u00f3l kider\u00fcl, hogy milyen soksz\u00edn\u0171 a csapat, amelyik r\u00e9szt vesz ebben a programban, hogy mennyire v\u00e1ltozatosak a probl\u00e9m\u00e1k, amelyekkel a mentor\u00e1ltak \u201e\u00e9rkeztek\u201d a folyamatba, [&hellip;]","og_url":"https:\/\/seed.hu\/hirek\/25-jogyakorlat-a-szemelyes-vallalkozoi-mentorprogrambol\/","og_site_name":"Seed","article_modified_time":"2022-01-26T19:54:13+00:00","og_image":[{"width":773,"height":774,"url":"https:\/\/seed.hu\/wp-content\/uploads\/2021\/04\/Orsza\u0301gos-Va\u0301llalkozo\u0301i-Mentorprogram.png","type":"image\/png"}],"twitter_card":"summary_large_image","twitter_misc":{"Est. reading time":"1 minute"},"schema":{"@context":"https:\/\/schema.org","@graph":[{"@type":"WebPage","@id":"https:\/\/seed.hu\/hirek\/25-jogyakorlat-a-szemelyes-vallalkozoi-mentorprogrambol\/","url":"https:\/\/seed.hu\/hirek\/25-jogyakorlat-a-szemelyes-vallalkozoi-mentorprogrambol\/","name":"25 j\u00f3gyakorlat a Szem\u00e9lyes V\u00e1llalkoz\u00f3i Mentorprogramb\u00f3l - Seed","isPartOf":{"@id":"https:\/\/seed.hu\/#website"},"primaryImageOfPage":{"@id":"https:\/\/seed.hu\/hirek\/25-jogyakorlat-a-szemelyes-vallalkozoi-mentorprogrambol\/#primaryimage"},"image":{"@id":"https:\/\/seed.hu\/hirek\/25-jogyakorlat-a-szemelyes-vallalkozoi-mentorprogrambol\/#primaryimage"},"thumbnailUrl":"https:\/\/seed.hu\/wp-content\/uploads\/2021\/04\/Orsza\u0301gos-Va\u0301llalkozo\u0301i-Mentorprogram.png","datePublished":"2021-12-21T11:37:01+00:00","dateModified":"2022-01-26T19:54:13+00:00","breadcrumb":{"@id":"https:\/\/seed.hu\/hirek\/25-jogyakorlat-a-szemelyes-vallalkozoi-mentorprogrambol\/#breadcrumb"},"inLanguage":"en-US","potentialAction":[{"@type":"ReadAction","target":["https:\/\/seed.hu\/hirek\/25-jogyakorlat-a-szemelyes-vallalkozoi-mentorprogrambol\/"]}]},{"@type":"ImageObject","inLanguage":"en-US","@id":"https:\/\/seed.hu\/hirek\/25-jogyakorlat-a-szemelyes-vallalkozoi-mentorprogrambol\/#primaryimage","url":"https:\/\/seed.hu\/wp-content\/uploads\/2021\/04\/Orsza\u0301gos-Va\u0301llalkozo\u0301i-Mentorprogram.png","contentUrl":"https:\/\/seed.hu\/wp-content\/uploads\/2021\/04\/Orsza\u0301gos-Va\u0301llalkozo\u0301i-Mentorprogram.png","width":773,"height":774},{"@type":"BreadcrumbList","@id":"https:\/\/seed.hu\/hirek\/25-jogyakorlat-a-szemelyes-vallalkozoi-mentorprogrambol\/#breadcrumb","itemListElement":[{"@type":"ListItem","position":1,"name":"H\u00edrek","item":"https:\/\/seed.hu\/hirek\/"},{"@type":"ListItem","position":2,"name":"25 j\u00f3gyakorlat a Szem\u00e9lyes V\u00e1llalkoz\u00f3i Mentorprogramb\u00f3l"}]},{"@type":"WebSite","@id":"https:\/\/seed.hu\/#website","url":"https:\/\/seed.hu\/","name":"Seed","description":"","potentialAction":[{"@type":"SearchAction","target":{"@type":"EntryPoint","urlTemplate":"https:\/\/seed.hu\/?s={search_term_string}"},"query-input":{"@type":"PropertyValueSpecification","valueRequired":true,"valueName":"search_term_string"}}],"inLanguage":"en-US"}]}},"_links":{"self":[{"href":"https:\/\/seed.hu\/en\/wp-json\/wp\/v2\/hirek\/1198","targetHints":{"allow":["GET"]}}],"collection":[{"href":"https:\/\/seed.hu\/en\/wp-json\/wp\/v2\/hirek"}],"about":[{"href":"https:\/\/seed.hu\/en\/wp-json\/wp\/v2\/types\/hirek"}],"wp:featuredmedia":[{"embeddable":true,"href":"https:\/\/seed.hu\/en\/wp-json\/wp\/v2\/media\/338"}],"wp:attachment":[{"href":"https:\/\/seed.hu\/en\/wp-json\/wp\/v2\/media?parent=1198"}],"curies":[{"name":"wp","href":"https:\/\/api.w.org\/{rel}","templated":true}]}}

25 jógyakorlat a Személyes Vállalkozói Mentorprogramból

<p><a href="https://seed.hu/hirek/mentorok-es-mentoraltak-jelentkezeset-varja-a-seed-alapitvany/ovm/" rel="attachment wp-att-844"><img loading="lazy" decoding="async" class="alignnone wp-image-844 size-full" src="https://seed.hu/wp-content/uploads/2022/01/OVM.png" alt="" width="601" height="163" srcset="https://seed.hu/wp-content/uploads/2022/01/OVM.png 601w, https://seed.hu/wp-content/uploads/2022/01/OVM-300x81.png 300w" sizes="auto, (max-width: 601px) 100vw, 601px" /></a></p>
<p>Nagy örömmel és büszkeséggel nyújtjuk át a SEED Alapítvány legújabb kiadványát, amely<br />
mentorprogramunk 25 jógyakorlatát mutatja be, kiegészítve a szintén a mentorálási folyamatokról<br />
szóló, korábban készült 6 kisfilmmel.</p>
<p>A kiadványban bemutatott jógyakorlatokból kiderül, hogy milyen sokszínű a csapat, amelyik részt<br />
vesz ebben a programban, hogy mennyire változatosak a problémák, amelyekkel a mentoráltak<br />
„érkeztek” a folyamatba, mennyire sokrétűek a megoldások, amelyeket a mentorok és a mentoráltak<br />
közösen kidolgoztak, s mennyire élő, sokszor a barátságig fejlődő kapcsolat alakult ki a párosok<br />
között.</p>
<p>Tisztelettel ajánljuk kiadványunkat mindenkinek a figyelmébe, aki szeretne többet megtudni arról,<br />
hogy egy papíron leírt program hogyan válik élővé, és hogy két ember, aki korábban soha nem látta<br />
egymást, hogyan tud gyümölcsözően együttműködni, akár annyira, hogy a program után „privátban”<br />
folytatja a közös munkát.</p>
<p><strong><a href="https://25jogyakorlat.seed.hu/" target="_blank" rel="noopener">https://25jogyakorlat.seed.hu/</a></strong></p>
<p><a href="https://25jogyakorlat.seed.hu/" target="_blank" rel="noopener"><strong><img decoding="async" style="width: 596px; height: 170px;" src="https://seed.hu/files/attachments/inline/seed-banner-zold-hatter.png" alt="" /></strong></a></p>

<!-- This site is optimized with the Yoast SEO plugin v27.4 - https://yoast.com/product/yoast-seo-wordpress/ -->
<title>25 jógyakorlat a Személyes Vállalkozói Mentorprogramból - Seed</title>
<meta name="robots" content="index, follow, max-snippet:-1, max-image-preview:large, max-video-preview:-1" />
<link rel="canonical" href="https://seed.hu/hirek/25-jogyakorlat-a-szemelyes-vallalkozoi-mentorprogrambol/" />
<meta property="og:locale" content="en_US" />
<meta property="og:type" content="article" />
<meta property="og:title" content="25 jógyakorlat a Személyes Vállalkozói Mentorprogramból - Seed" />
<meta property="og:description" content="Nagy örömmel és büszkeséggel nyújtjuk át a SEED Alapítvány legújabb kiadványát, amely mentorprogramunk 25 jógyakorlatát mutatja be, kiegészítve a szintén a mentorálási folyamatokról szóló, korábban készült 6 kisfilmmel. A kiadványban bemutatott jógyakorlatokból kiderül, hogy milyen sokszínű a csapat, amelyik részt vesz ebben a programban, hogy mennyire változatosak a problémák, amelyekkel a mentoráltak „érkeztek” a folyamatba, [&hellip;]" />
<meta property="og:url" content="https://seed.hu/hirek/25-jogyakorlat-a-szemelyes-vallalkozoi-mentorprogrambol/" />
<meta property="og:site_name" content="Seed" />
<meta property="article:modified_time" content="2022-01-26T19:54:13+00:00" />
<meta property="og:image" content="https://seed.hu/wp-content/uploads/2021/04/Országos-Vállalkozói-Mentorprogram.png" />
	<meta property="og:image:width" content="773" />
	<meta property="og:image:height" content="774" />
	<meta property="og:image:type" content="image/png" />
<meta name="twitter:card" content="summary_large_image" />
<meta name="twitter:label1" content="Est. reading time" />
	<meta name="twitter:data1" content="1 minute" />
<script type="application/ld+json" class="yoast-schema-graph">{"@context":"https:\/\/schema.org","@graph":[{"@type":"WebPage","@id":"https:\/\/seed.hu\/hirek\/25-jogyakorlat-a-szemelyes-vallalkozoi-mentorprogrambol\/","url":"https:\/\/seed.hu\/hirek\/25-jogyakorlat-a-szemelyes-vallalkozoi-mentorprogrambol\/","name":"25 jógyakorlat a Személyes Vállalkozói Mentorprogramból - Seed","isPartOf":{"@id":"https:\/\/seed.hu\/#website"},"primaryImageOfPage":{"@id":"https:\/\/seed.hu\/hirek\/25-jogyakorlat-a-szemelyes-vallalkozoi-mentorprogrambol\/#primaryimage"},"image":{"@id":"https:\/\/seed.hu\/hirek\/25-jogyakorlat-a-szemelyes-vallalkozoi-mentorprogrambol\/#primaryimage"},"thumbnailUrl":"https:\/\/seed.hu\/wp-content\/uploads\/2021\/04\/Országos-Vállalkozói-Mentorprogram.png","datePublished":"2021-12-21T11:37:01+00:00","dateModified":"2022-01-26T19:54:13+00:00","breadcrumb":{"@id":"https:\/\/seed.hu\/hirek\/25-jogyakorlat-a-szemelyes-vallalkozoi-mentorprogrambol\/#breadcrumb"},"inLanguage":"en-US","potentialAction":[{"@type":"ReadAction","target":["https:\/\/seed.hu\/hirek\/25-jogyakorlat-a-szemelyes-vallalkozoi-mentorprogrambol\/"]}]},{"@type":"ImageObject","inLanguage":"en-US","@id":"https:\/\/seed.hu\/hirek\/25-jogyakorlat-a-szemelyes-vallalkozoi-mentorprogrambol\/#primaryimage","url":"https:\/\/seed.hu\/wp-content\/uploads\/2021\/04\/Országos-Vállalkozói-Mentorprogram.png","contentUrl":"https:\/\/seed.hu\/wp-content\/uploads\/2021\/04\/Országos-Vállalkozói-Mentorprogram.png","width":773,"height":774},{"@type":"BreadcrumbList","@id":"https:\/\/seed.hu\/hirek\/25-jogyakorlat-a-szemelyes-vallalkozoi-mentorprogrambol\/#breadcrumb","itemListElement":[{"@type":"ListItem","position":1,"name":"Hírek","item":"https:\/\/seed.hu\/hirek\/"},{"@type":"ListItem","position":2,"name":"25 jógyakorlat a Személyes Vállalkozói Mentorprogramból"}]},{"@type":"WebSite","@id":"https:\/\/seed.hu\/#website","url":"https:\/\/seed.hu\/","name":"Seed","description":"","potentialAction":[{"@type":"SearchAction","target":{"@type":"EntryPoint","urlTemplate":"https:\/\/seed.hu\/?s={search_term_string}"},"query-input":{"@type":"PropertyValueSpecification","valueRequired":true,"valueName":"search_term_string"}}],"inLanguage":"en-US"}]}</script>
<!-- / Yoast SEO plugin. -->

25 jógyakorlat a Személyes Vállalkozói Mentorprogramból - Seed

Nagy örömmel és büszkeséggel nyújtjuk át a SEED Alapítvány legújabb kiadványát, amely mentorprogramunk 25 jógyakorlatát mutatja be, kiegészítve a szintén a mentorálási folyamatokról szóló, korábban készült 6 kisfilmmel. A kiadványban bemutatott jógyakorlatokból kiderül, hogy milyen sokszínű a csapat, amelyik részt vesz ebben a programban, hogy mennyire változatosak a problémák, amelyekkel a mentoráltak „érkeztek” a folyamatba, [&hellip;]

Hírek
