{"id":1199,"date":"2021-12-21T12:39:23","date_gmt":"2021-12-21T11:39:23","guid":{"rendered":"https:\/\/seed.hu\/?post_type=hirek&#038;p=1199"},"modified":"2022-01-26T20:55:20","modified_gmt":"2022-01-26T19:55:20","slug":"karacsonyi-udvozlet","status":"publish","type":"hirek","link":"https:\/\/seed.hu\/en\/hirek\/karacsonyi-udvozlet\/","title":{"rendered":"Kar\u00e1csonyi \u00dcdv\u00f6zlet"},"content":{"rendered":"<p><strong>Kedves V\u00e1llalkoz\u00f3n\u0151k \u00e9s Kedves V\u00e1llalkoz\u00f3 F\u00e9rfiak!<\/strong><\/p>\n<p>K\u00f6sz\u00f6nj\u00fck, hogy id\u00e9n is megtiszteltetek bizalmatokkal \u00e9s bekapcsol\u00f3dtatok programjainkba, vel\u00fcnk fejl\u0151dtetek, k\u00f6zrem\u0171k\u00f6d\u00e9s\u00fcnkkel \u00e9p\u00edtett\u00e9tek \u00fczleti, nem ritk\u00e1n mag\u00e1n\u00e9leti kapcsolataitokat \u00e9s k\u00f6vett\u00e9tek esem\u00e9nyeinket.<\/p>\n<p>Most a meg\u00e9rdemelt pihen\u00e9s\u00e9 a f\u0151szerep, a SEED Alap\u00edtv\u00e1ny munkat\u00e1rsai, szak\u00e9rt\u0151i is h\u00e1tr\u00e9bb l\u00e9pnek egy kicsit, hogy j\u00f6v\u0151 \u00e9vi terveinkkel \u00e9s energi\u00e1val telten fogadhassunk benneteket 2022-ben is.<\/p>\n<p>A kar\u00e1csonyfa al\u00e1 fogadj\u00e1tok t\u0151l\u00fcnk szeretettel az idei \u00e9v h\u00edreinek megkoron\u00e1z\u00e1sak\u00e9nt azt a k\u00e9t elektronikus kiadv\u00e1nyunkat, amik R\u00f3latok \u00e9s Nektek sz\u00f3lnak. Az itt bemutatott t\u00f6rt\u00e9netek a SEED v\u00e1llalkoz\u00f3i k\u00f6z\u00f6ss\u00e9g\u00e9nek tagjait\u00f3l sz\u00e1rmaznak, \u00e9s nem csak \u00e9lvezetes tartalmakat ny\u00fajtanak, de egyben inspir\u00e1l\u00f3an hatnak j\u00f6v\u0151 \u00e9vi terveitekhez.<\/p>\n<p><strong>J\u00f6v\u0151re is SEED-del, l\u00e9lekkel, v\u00e1ltozatos programokkal v\u00e1runk benneteket!<\/strong><\/p>\n<p>Meghitt pillanatokkal, finom illatokkal \u00e9s \u00ednycsikland\u00f3 \u00edzekkel teli \u00fcnnepeket k\u00edv\u00e1nunk!<\/p>\n<p><img decoding=\"async\" style=\"width: 600px; height: 424px;\" src=\"https:\/\/seed.hu\/files\/attachments\/inline\/30-ev-tel-1630-1153.png\" alt=\"\" \/><\/p>\n","protected":false},"featured_media":792,"menu_order":0,"template":"","meta":{"_acf_changed":false},"class_list":["post-1199","hirek","type-hirek","status-publish","has-post-thumbnail","hentry"],"acf":[],"yoast_head":"<!-- This site is optimized with the Yoast SEO plugin v27.4 - https:\/\/yoast.com\/product\/yoast-seo-wordpress\/ -->\n<title>Kar\u00e1csonyi \u00dcdv\u00f6zlet - Seed<\/title>\n<meta name=\"robots\" content=\"index, follow, max-snippet:-1, max-image-preview:large, max-video-preview:-1\" \/>\n<link rel=\"canonical\" href=\"https:\/\/seed.hu\/hirek\/karacsonyi-udvozlet\/\" \/>\n<meta property=\"og:locale\" content=\"en_US\" \/>\n<meta property=\"og:type\" content=\"article\" \/>\n<meta property=\"og:title\" content=\"Kar\u00e1csonyi \u00dcdv\u00f6zlet - Seed\" \/>\n<meta property=\"og:description\" content=\"Kedves V\u00e1llalkoz\u00f3n\u0151k \u00e9s Kedves V\u00e1llalkoz\u00f3 F\u00e9rfiak! K\u00f6sz\u00f6nj\u00fck, hogy id\u00e9n is megtiszteltetek bizalmatokkal \u00e9s bekapcsol\u00f3dtatok programjainkba, vel\u00fcnk fejl\u0151dtetek, k\u00f6zrem\u0171k\u00f6d\u00e9s\u00fcnkkel \u00e9p\u00edtett\u00e9tek \u00fczleti, nem ritk\u00e1n mag\u00e1n\u00e9leti kapcsolataitokat \u00e9s k\u00f6vett\u00e9tek esem\u00e9nyeinket. Most a meg\u00e9rdemelt pihen\u00e9s\u00e9 a f\u0151szerep, a SEED Alap\u00edtv\u00e1ny munkat\u00e1rsai, szak\u00e9rt\u0151i is h\u00e1tr\u00e9bb l\u00e9pnek egy kicsit, hogy j\u00f6v\u0151 \u00e9vi terveinkkel \u00e9s energi\u00e1val telten fogadhassunk benneteket 2022-ben is. A [&hellip;]\" \/>\n<meta property=\"og:url\" content=\"https:\/\/seed.hu\/hirek\/karacsonyi-udvozlet\/\" \/>\n<meta property=\"og:site_name\" content=\"Seed\" \/>\n<meta property=\"article:modified_time\" content=\"2022-01-26T19:55:20+00:00\" \/>\n<meta property=\"og:image\" content=\"https:\/\/seed.hu\/wp-content\/uploads\/2018\/04\/SEED_logo.png\" \/>\n\t<meta property=\"og:image:width\" content=\"250\" \/>\n\t<meta property=\"og:image:height\" content=\"206\" \/>\n\t<meta property=\"og:image:type\" content=\"image\/png\" \/>\n<meta name=\"twitter:card\" content=\"summary_large_image\" \/>\n<meta name=\"twitter:label1\" content=\"Est. reading time\" \/>\n\t<meta name=\"twitter:data1\" content=\"1 minute\" \/>\n<script type=\"application\/ld+json\" class=\"yoast-schema-graph\">{\"@context\":\"https:\\\/\\\/schema.org\",\"@graph\":[{\"@type\":\"WebPage\",\"@id\":\"https:\\\/\\\/seed.hu\\\/hirek\\\/karacsonyi-udvozlet\\\/\",\"url\":\"https:\\\/\\\/seed.hu\\\/hirek\\\/karacsonyi-udvozlet\\\/\",\"name\":\"Kar\u00e1csonyi \u00dcdv\u00f6zlet - Seed\",\"isPartOf\":{\"@id\":\"https:\\\/\\\/seed.hu\\\/#website\"},\"primaryImageOfPage\":{\"@id\":\"https:\\\/\\\/seed.hu\\\/hirek\\\/karacsonyi-udvozlet\\\/#primaryimage\"},\"image\":{\"@id\":\"https:\\\/\\\/seed.hu\\\/hirek\\\/karacsonyi-udvozlet\\\/#primaryimage\"},\"thumbnailUrl\":\"https:\\\/\\\/seed.hu\\\/wp-content\\\/uploads\\\/2018\\\/04\\\/SEED_logo.png\",\"datePublished\":\"2021-12-21T11:39:23+00:00\",\"dateModified\":\"2022-01-26T19:55:20+00:00\",\"breadcrumb\":{\"@id\":\"https:\\\/\\\/seed.hu\\\/hirek\\\/karacsonyi-udvozlet\\\/#breadcrumb\"},\"inLanguage\":\"en-US\",\"potentialAction\":[{\"@type\":\"ReadAction\",\"target\":[\"https:\\\/\\\/seed.hu\\\/hirek\\\/karacsonyi-udvozlet\\\/\"]}]},{\"@type\":\"ImageObject\",\"inLanguage\":\"en-US\",\"@id\":\"https:\\\/\\\/seed.hu\\\/hirek\\\/karacsonyi-udvozlet\\\/#primaryimage\",\"url\":\"https:\\\/\\\/seed.hu\\\/wp-content\\\/uploads\\\/2018\\\/04\\\/SEED_logo.png\",\"contentUrl\":\"https:\\\/\\\/seed.hu\\\/wp-content\\\/uploads\\\/2018\\\/04\\\/SEED_logo.png\",\"width\":250,\"height\":206},{\"@type\":\"BreadcrumbList\",\"@id\":\"https:\\\/\\\/seed.hu\\\/hirek\\\/karacsonyi-udvozlet\\\/#breadcrumb\",\"itemListElement\":[{\"@type\":\"ListItem\",\"position\":1,\"name\":\"H\u00edrek\",\"item\":\"https:\\\/\\\/seed.hu\\\/hirek\\\/\"},{\"@type\":\"ListItem\",\"position\":2,\"name\":\"Kar\u00e1csonyi \u00dcdv\u00f6zlet\"}]},{\"@type\":\"WebSite\",\"@id\":\"https:\\\/\\\/seed.hu\\\/#website\",\"url\":\"https:\\\/\\\/seed.hu\\\/\",\"name\":\"Seed\",\"description\":\"\",\"potentialAction\":[{\"@type\":\"SearchAction\",\"target\":{\"@type\":\"EntryPoint\",\"urlTemplate\":\"https:\\\/\\\/seed.hu\\\/?s={search_term_string}\"},\"query-input\":{\"@type\":\"PropertyValueSpecification\",\"valueRequired\":true,\"valueName\":\"search_term_string\"}}],\"inLanguage\":\"en-US\"}]}<\/script>\n<!-- \/ Yoast SEO plugin. -->","yoast_head_json":{"title":"Kar\u00e1csonyi \u00dcdv\u00f6zlet - Seed","robots":{"index":"index","follow":"follow","max-snippet":"max-snippet:-1","max-image-preview":"max-image-preview:large","max-video-preview":"max-video-preview:-1"},"canonical":"https:\/\/seed.hu\/hirek\/karacsonyi-udvozlet\/","og_locale":"en_US","og_type":"article","og_title":"Kar\u00e1csonyi \u00dcdv\u00f6zlet - Seed","og_description":"Kedves V\u00e1llalkoz\u00f3n\u0151k \u00e9s Kedves V\u00e1llalkoz\u00f3 F\u00e9rfiak! K\u00f6sz\u00f6nj\u00fck, hogy id\u00e9n is megtiszteltetek bizalmatokkal \u00e9s bekapcsol\u00f3dtatok programjainkba, vel\u00fcnk fejl\u0151dtetek, k\u00f6zrem\u0171k\u00f6d\u00e9s\u00fcnkkel \u00e9p\u00edtett\u00e9tek \u00fczleti, nem ritk\u00e1n mag\u00e1n\u00e9leti kapcsolataitokat \u00e9s k\u00f6vett\u00e9tek esem\u00e9nyeinket. Most a meg\u00e9rdemelt pihen\u00e9s\u00e9 a f\u0151szerep, a SEED Alap\u00edtv\u00e1ny munkat\u00e1rsai, szak\u00e9rt\u0151i is h\u00e1tr\u00e9bb l\u00e9pnek egy kicsit, hogy j\u00f6v\u0151 \u00e9vi terveinkkel \u00e9s energi\u00e1val telten fogadhassunk benneteket 2022-ben is. A [&hellip;]","og_url":"https:\/\/seed.hu\/hirek\/karacsonyi-udvozlet\/","og_site_name":"Seed","article_modified_time":"2022-01-26T19:55:20+00:00","og_image":[{"width":250,"height":206,"url":"https:\/\/seed.hu\/wp-content\/uploads\/2018\/04\/SEED_logo.png","type":"image\/png"}],"twitter_card":"summary_large_image","twitter_misc":{"Est. reading time":"1 minute"},"schema":{"@context":"https:\/\/schema.org","@graph":[{"@type":"WebPage","@id":"https:\/\/seed.hu\/hirek\/karacsonyi-udvozlet\/","url":"https:\/\/seed.hu\/hirek\/karacsonyi-udvozlet\/","name":"Kar\u00e1csonyi \u00dcdv\u00f6zlet - Seed","isPartOf":{"@id":"https:\/\/seed.hu\/#website"},"primaryImageOfPage":{"@id":"https:\/\/seed.hu\/hirek\/karacsonyi-udvozlet\/#primaryimage"},"image":{"@id":"https:\/\/seed.hu\/hirek\/karacsonyi-udvozlet\/#primaryimage"},"thumbnailUrl":"https:\/\/seed.hu\/wp-content\/uploads\/2018\/04\/SEED_logo.png","datePublished":"2021-12-21T11:39:23+00:00","dateModified":"2022-01-26T19:55:20+00:00","breadcrumb":{"@id":"https:\/\/seed.hu\/hirek\/karacsonyi-udvozlet\/#breadcrumb"},"inLanguage":"en-US","potentialAction":[{"@type":"ReadAction","target":["https:\/\/seed.hu\/hirek\/karacsonyi-udvozlet\/"]}]},{"@type":"ImageObject","inLanguage":"en-US","@id":"https:\/\/seed.hu\/hirek\/karacsonyi-udvozlet\/#primaryimage","url":"https:\/\/seed.hu\/wp-content\/uploads\/2018\/04\/SEED_logo.png","contentUrl":"https:\/\/seed.hu\/wp-content\/uploads\/2018\/04\/SEED_logo.png","width":250,"height":206},{"@type":"BreadcrumbList","@id":"https:\/\/seed.hu\/hirek\/karacsonyi-udvozlet\/#breadcrumb","itemListElement":[{"@type":"ListItem","position":1,"name":"H\u00edrek","item":"https:\/\/seed.hu\/hirek\/"},{"@type":"ListItem","position":2,"name":"Kar\u00e1csonyi \u00dcdv\u00f6zlet"}]},{"@type":"WebSite","@id":"https:\/\/seed.hu\/#website","url":"https:\/\/seed.hu\/","name":"Seed","description":"","potentialAction":[{"@type":"SearchAction","target":{"@type":"EntryPoint","urlTemplate":"https:\/\/seed.hu\/?s={search_term_string}"},"query-input":{"@type":"PropertyValueSpecification","valueRequired":true,"valueName":"search_term_string"}}],"inLanguage":"en-US"}]}},"_links":{"self":[{"href":"https:\/\/seed.hu\/en\/wp-json\/wp\/v2\/hirek\/1199","targetHints":{"allow":["GET"]}}],"collection":[{"href":"https:\/\/seed.hu\/en\/wp-json\/wp\/v2\/hirek"}],"about":[{"href":"https:\/\/seed.hu\/en\/wp-json\/wp\/v2\/types\/hirek"}],"wp:featuredmedia":[{"embeddable":true,"href":"https:\/\/seed.hu\/en\/wp-json\/wp\/v2\/media\/792"}],"wp:attachment":[{"href":"https:\/\/seed.hu\/en\/wp-json\/wp\/v2\/media?parent=1199"}],"curies":[{"name":"wp","href":"https:\/\/api.w.org\/{rel}","templated":true}]}}

Karácsonyi Üdvözlet

<p><strong>Kedves Vállalkozónők és Kedves Vállalkozó Férfiak!</strong></p>
<p>Köszönjük, hogy idén is megtiszteltetek bizalmatokkal és bekapcsolódtatok programjainkba, velünk fejlődtetek, közreműködésünkkel építettétek üzleti, nem ritkán magánéleti kapcsolataitokat és követtétek eseményeinket.</p>
<p>Most a megérdemelt pihenésé a főszerep, a SEED Alapítvány munkatársai, szakértői is hátrébb lépnek egy kicsit, hogy jövő évi terveinkkel és energiával telten fogadhassunk benneteket 2022-ben is.</p>
<p>A karácsonyfa alá fogadjátok tőlünk szeretettel az idei év híreinek megkoronázásaként azt a két elektronikus kiadványunkat, amik Rólatok és Nektek szólnak. Az itt bemutatott történetek a SEED vállalkozói közösségének tagjaitól származnak, és nem csak élvezetes tartalmakat nyújtanak, de egyben inspirálóan hatnak jövő évi terveitekhez.</p>
<p><strong>Jövőre is SEED-del, lélekkel, változatos programokkal várunk benneteket!</strong></p>
<p>Meghitt pillanatokkal, finom illatokkal és ínycsiklandó ízekkel teli ünnepeket kívánunk!</p>
<p><img decoding="async" style="width: 600px; height: 424px;" src="https://seed.hu/files/attachments/inline/30-ev-tel-1630-1153.png" alt="" /></p>

<!-- This site is optimized with the Yoast SEO plugin v27.4 - https://yoast.com/product/yoast-seo-wordpress/ -->
<title>Karácsonyi Üdvözlet - Seed</title>
<meta name="robots" content="index, follow, max-snippet:-1, max-image-preview:large, max-video-preview:-1" />
<link rel="canonical" href="https://seed.hu/hirek/karacsonyi-udvozlet/" />
<meta property="og:locale" content="en_US" />
<meta property="og:type" content="article" />
<meta property="og:title" content="Karácsonyi Üdvözlet - Seed" />
<meta property="og:description" content="Kedves Vállalkozónők és Kedves Vállalkozó Férfiak! Köszönjük, hogy idén is megtiszteltetek bizalmatokkal és bekapcsolódtatok programjainkba, velünk fejlődtetek, közreműködésünkkel építettétek üzleti, nem ritkán magánéleti kapcsolataitokat és követtétek eseményeinket. Most a megérdemelt pihenésé a főszerep, a SEED Alapítvány munkatársai, szakértői is hátrébb lépnek egy kicsit, hogy jövő évi terveinkkel és energiával telten fogadhassunk benneteket 2022-ben is. A [&hellip;]" />
<meta property="og:url" content="https://seed.hu/hirek/karacsonyi-udvozlet/" />
<meta property="og:site_name" content="Seed" />
<meta property="article:modified_time" content="2022-01-26T19:55:20+00:00" />
<meta property="og:image" content="https://seed.hu/wp-content/uploads/2018/04/SEED_logo.png" />
	<meta property="og:image:width" content="250" />
	<meta property="og:image:height" content="206" />
	<meta property="og:image:type" content="image/png" />
<meta name="twitter:card" content="summary_large_image" />
<meta name="twitter:label1" content="Est. reading time" />
	<meta name="twitter:data1" content="1 minute" />
<script type="application/ld+json" class="yoast-schema-graph">{"@context":"https:\/\/schema.org","@graph":[{"@type":"WebPage","@id":"https:\/\/seed.hu\/hirek\/karacsonyi-udvozlet\/","url":"https:\/\/seed.hu\/hirek\/karacsonyi-udvozlet\/","name":"Karácsonyi Üdvözlet - Seed","isPartOf":{"@id":"https:\/\/seed.hu\/#website"},"primaryImageOfPage":{"@id":"https:\/\/seed.hu\/hirek\/karacsonyi-udvozlet\/#primaryimage"},"image":{"@id":"https:\/\/seed.hu\/hirek\/karacsonyi-udvozlet\/#primaryimage"},"thumbnailUrl":"https:\/\/seed.hu\/wp-content\/uploads\/2018\/04\/SEED_logo.png","datePublished":"2021-12-21T11:39:23+00:00","dateModified":"2022-01-26T19:55:20+00:00","breadcrumb":{"@id":"https:\/\/seed.hu\/hirek\/karacsonyi-udvozlet\/#breadcrumb"},"inLanguage":"en-US","potentialAction":[{"@type":"ReadAction","target":["https:\/\/seed.hu\/hirek\/karacsonyi-udvozlet\/"]}]},{"@type":"ImageObject","inLanguage":"en-US","@id":"https:\/\/seed.hu\/hirek\/karacsonyi-udvozlet\/#primaryimage","url":"https:\/\/seed.hu\/wp-content\/uploads\/2018\/04\/SEED_logo.png","contentUrl":"https:\/\/seed.hu\/wp-content\/uploads\/2018\/04\/SEED_logo.png","width":250,"height":206},{"@type":"BreadcrumbList","@id":"https:\/\/seed.hu\/hirek\/karacsonyi-udvozlet\/#breadcrumb","itemListElement":[{"@type":"ListItem","position":1,"name":"Hírek","item":"https:\/\/seed.hu\/hirek\/"},{"@type":"ListItem","position":2,"name":"Karácsonyi Üdvözlet"}]},{"@type":"WebSite","@id":"https:\/\/seed.hu\/#website","url":"https:\/\/seed.hu\/","name":"Seed","description":"","potentialAction":[{"@type":"SearchAction","target":{"@type":"EntryPoint","urlTemplate":"https:\/\/seed.hu\/?s={search_term_string}"},"query-input":{"@type":"PropertyValueSpecification","valueRequired":true,"valueName":"search_term_string"}}],"inLanguage":"en-US"}]}</script>
<!-- / Yoast SEO plugin. -->

Karácsonyi Üdvözlet - Seed

Kedves Vállalkozónők és Kedves Vállalkozó Férfiak! Köszönjük, hogy idén is megtiszteltetek bizalmatokkal és bekapcsolódtatok programjainkba, velünk fejlődtetek, közreműködésünkkel építettétek üzleti, nem ritkán magánéleti kapcsolataitokat és követtétek eseményeinket. Most a megérdemelt pihenésé a főszerep, a SEED Alapítvány munkatársai, szakértői is hátrébb lépnek egy kicsit, hogy jövő évi terveinkkel és energiával telten fogadhassunk benneteket 2022-ben is. A [&hellip;]

Hírek
