{"id":1457,"date":"2022-03-18T07:08:18","date_gmt":"2022-03-18T06:08:18","guid":{"rendered":"https:\/\/seed.hu\/?post_type=hirek&#038;p=1457"},"modified":"2022-04-02T13:29:28","modified_gmt":"2022-04-02T11:29:28","slug":"inkubatorok-a-digitalizacioert","status":"publish","type":"hirek","link":"https:\/\/seed.hu\/en\/hirek\/inkubatorok-a-digitalizacioert\/","title":{"rendered":"Inkub\u00e1torok a digitaliz\u00e1ci\u00f3\u00e9rt"},"content":{"rendered":"<p>A V\u00e1llalkoz\u00f3i Inkub\u00e1torok Sz\u00f6vets\u00e9ge, melynek tagja a SEED Alap\u00edtv\u00e1ny is\u00a0 \u2013 t\u00f6bb egy\u00e9b feladat mellett \u2013 csatlakozni k\u00edv\u00e1n az \u00e9vek \u00f3ta m\u0171k\u00f6d\u0151 Digit\u00e1lis J\u00f3l\u00e9t Programhoz (\u00a0<a href=\"https:\/\/digitalisjoletprogram.hu\/\" target=\"_blank\" rel=\"noopener\"><strong>https:\/\/digitalisjoletprogram.hu\/<\/strong><\/a>\u00a0).<br \/>\nEnnek keret\u00e9ben els\u0151k\u00e9nt szeretn\u00e9 felm\u00e9rni, hogy az inkub\u00e1torh\u00e1zakban m\u0171k\u00f6d\u0151 v\u00e1llalkoz\u00e1sok, illetve azok k\u00f6zvetlen partnerei milyen m\u00e9rt\u00e9kben haszn\u00e1lj\u00e1k, vagy tervezik haszn\u00e1lni a digitaliz\u00e1ci\u00f3 v\u00e1llalkoz\u00e1sokat seg\u00edt\u0151 eszk\u00f6zeit. Teszi ezt az\u00e9rt, hogy \u2013 e felm\u00e9r\u00e9sb\u0151l megismerve a jelenlegi helyzetet \u2013 seg\u00edts\u00e9get tudjon ny\u00fajtani a digitaliz\u00e1ci\u00f3 eszk\u00f6zeinek jobb megismer\u00e9s\u00e9ben, fejleszt\u00e9s\u00e9ben, el\u0151seg\u00edtve az inkub\u00e1torh\u00e1zak \u201edigit\u00e1lis j\u00f3l\u00e9t pontk\u00e9nt\u201d val\u00f3 m\u0171k\u00f6d\u00e9s\u00e9t.<br \/>\nA felm\u00e9r\u00e9s \u2013 b\u00e1r konkr\u00e9t c\u00e9gadatokat is k\u00e9r \u2013 csak a k\u00e9rd\u00e9sekre adott v\u00e1laszok<br \/>\nmegoszl\u00e1si ar\u00e1ny\u00e1t, az abb\u00f3l lesz\u0171rt \u00e1ltal\u00e1nos k\u00f6vetkeztet\u00e9seket teszi nyilv\u00e1noss\u00e1, a v\u00e1laszt ad\u00f3 c\u00e9gekkel csak a beleegyez\u00e9s\u00fcket k\u00f6vet\u0151en tartj\u00e1k a k\u00f6zvetlen kapcsolatot az \u00e9rdekl\u0151d\u00e9si k\u00f6r\u00fcknek megfelel\u0151 k\u00e9pz\u00e9sek, rendezv\u00e9nyek, p\u00e1ly\u00e1zatok inform\u00e1ci\u00f3i kapcs\u00e1n.<\/p>\n<p>Amennyiben \u00e9rintett vagy inkub\u00e1tork\u00e9nt, vagy inkub\u00e1ci\u00f3s szolg\u00e1ltat\u00e1s ig\u00e9nybe vev\u0151jek\u00e9nt, k\u00e9rlek seg\u00edtsd a VISZ munk\u00e1j\u00e1t azzal, hogy az al\u00e1bb l\u00e1that\u00f3 linken el\u00e9rhet\u0151 k\u00e9rd\u0151\u00edvet kit\u00f6lt\u00f6d \u00e9s visszak\u00fcld\u00f6d m\u00e1rcius 31-ig.<\/p>\n<p><strong><a href=\"https:\/\/www.surveymonkey.com\/r\/DJP_felmeres\" target=\"_blank\" rel=\"noopener\">https:\/\/www.surveymonkey.com\/r\/DJP_felmeres<\/a><\/strong><\/p>\n","protected":false},"featured_media":792,"menu_order":0,"template":"","meta":{"_acf_changed":false},"class_list":["post-1457","hirek","type-hirek","status-publish","has-post-thumbnail","hentry"],"acf":[],"yoast_head":"<!-- This site is optimized with the Yoast SEO plugin v27.4 - https:\/\/yoast.com\/product\/yoast-seo-wordpress\/ -->\n<title>Inkub\u00e1torok a digitaliz\u00e1ci\u00f3\u00e9rt - Seed<\/title>\n<meta name=\"robots\" content=\"index, follow, max-snippet:-1, max-image-preview:large, max-video-preview:-1\" \/>\n<link rel=\"canonical\" href=\"https:\/\/seed.hu\/hirek\/inkubatorok-a-digitalizacioert\/\" \/>\n<meta property=\"og:locale\" content=\"en_US\" \/>\n<meta property=\"og:type\" content=\"article\" \/>\n<meta property=\"og:title\" content=\"Inkub\u00e1torok a digitaliz\u00e1ci\u00f3\u00e9rt - Seed\" \/>\n<meta property=\"og:description\" content=\"A V\u00e1llalkoz\u00f3i Inkub\u00e1torok Sz\u00f6vets\u00e9ge, melynek tagja a SEED Alap\u00edtv\u00e1ny is\u00a0 \u2013 t\u00f6bb egy\u00e9b feladat mellett \u2013 csatlakozni k\u00edv\u00e1n az \u00e9vek \u00f3ta m\u0171k\u00f6d\u0151 Digit\u00e1lis J\u00f3l\u00e9t Programhoz (\u00a0https:\/\/digitalisjoletprogram.hu\/\u00a0). Ennek keret\u00e9ben els\u0151k\u00e9nt szeretn\u00e9 felm\u00e9rni, hogy az inkub\u00e1torh\u00e1zakban m\u0171k\u00f6d\u0151 v\u00e1llalkoz\u00e1sok, illetve azok k\u00f6zvetlen partnerei milyen m\u00e9rt\u00e9kben haszn\u00e1lj\u00e1k, vagy tervezik haszn\u00e1lni a digitaliz\u00e1ci\u00f3 v\u00e1llalkoz\u00e1sokat seg\u00edt\u0151 eszk\u00f6zeit. Teszi ezt az\u00e9rt, hogy [&hellip;]\" \/>\n<meta property=\"og:url\" content=\"https:\/\/seed.hu\/hirek\/inkubatorok-a-digitalizacioert\/\" \/>\n<meta property=\"og:site_name\" content=\"Seed\" \/>\n<meta property=\"article:modified_time\" content=\"2022-04-02T11:29:28+00:00\" \/>\n<meta property=\"og:image\" content=\"https:\/\/seed.hu\/wp-content\/uploads\/2018\/04\/SEED_logo.png\" \/>\n\t<meta property=\"og:image:width\" content=\"250\" \/>\n\t<meta property=\"og:image:height\" content=\"206\" \/>\n\t<meta property=\"og:image:type\" content=\"image\/png\" \/>\n<meta name=\"twitter:card\" content=\"summary_large_image\" \/>\n<meta name=\"twitter:label1\" content=\"Est. reading time\" \/>\n\t<meta name=\"twitter:data1\" content=\"1 minute\" \/>\n<script type=\"application\/ld+json\" class=\"yoast-schema-graph\">{\"@context\":\"https:\\\/\\\/schema.org\",\"@graph\":[{\"@type\":\"WebPage\",\"@id\":\"https:\\\/\\\/seed.hu\\\/hirek\\\/inkubatorok-a-digitalizacioert\\\/\",\"url\":\"https:\\\/\\\/seed.hu\\\/hirek\\\/inkubatorok-a-digitalizacioert\\\/\",\"name\":\"Inkub\u00e1torok a digitaliz\u00e1ci\u00f3\u00e9rt - Seed\",\"isPartOf\":{\"@id\":\"https:\\\/\\\/seed.hu\\\/#website\"},\"primaryImageOfPage\":{\"@id\":\"https:\\\/\\\/seed.hu\\\/hirek\\\/inkubatorok-a-digitalizacioert\\\/#primaryimage\"},\"image\":{\"@id\":\"https:\\\/\\\/seed.hu\\\/hirek\\\/inkubatorok-a-digitalizacioert\\\/#primaryimage\"},\"thumbnailUrl\":\"https:\\\/\\\/seed.hu\\\/wp-content\\\/uploads\\\/2018\\\/04\\\/SEED_logo.png\",\"datePublished\":\"2022-03-18T06:08:18+00:00\",\"dateModified\":\"2022-04-02T11:29:28+00:00\",\"breadcrumb\":{\"@id\":\"https:\\\/\\\/seed.hu\\\/hirek\\\/inkubatorok-a-digitalizacioert\\\/#breadcrumb\"},\"inLanguage\":\"en-US\",\"potentialAction\":[{\"@type\":\"ReadAction\",\"target\":[\"https:\\\/\\\/seed.hu\\\/hirek\\\/inkubatorok-a-digitalizacioert\\\/\"]}]},{\"@type\":\"ImageObject\",\"inLanguage\":\"en-US\",\"@id\":\"https:\\\/\\\/seed.hu\\\/hirek\\\/inkubatorok-a-digitalizacioert\\\/#primaryimage\",\"url\":\"https:\\\/\\\/seed.hu\\\/wp-content\\\/uploads\\\/2018\\\/04\\\/SEED_logo.png\",\"contentUrl\":\"https:\\\/\\\/seed.hu\\\/wp-content\\\/uploads\\\/2018\\\/04\\\/SEED_logo.png\",\"width\":250,\"height\":206},{\"@type\":\"BreadcrumbList\",\"@id\":\"https:\\\/\\\/seed.hu\\\/hirek\\\/inkubatorok-a-digitalizacioert\\\/#breadcrumb\",\"itemListElement\":[{\"@type\":\"ListItem\",\"position\":1,\"name\":\"H\u00edrek\",\"item\":\"https:\\\/\\\/seed.hu\\\/hirek\\\/\"},{\"@type\":\"ListItem\",\"position\":2,\"name\":\"Inkub\u00e1torok a digitaliz\u00e1ci\u00f3\u00e9rt\"}]},{\"@type\":\"WebSite\",\"@id\":\"https:\\\/\\\/seed.hu\\\/#website\",\"url\":\"https:\\\/\\\/seed.hu\\\/\",\"name\":\"Seed\",\"description\":\"\",\"potentialAction\":[{\"@type\":\"SearchAction\",\"target\":{\"@type\":\"EntryPoint\",\"urlTemplate\":\"https:\\\/\\\/seed.hu\\\/?s={search_term_string}\"},\"query-input\":{\"@type\":\"PropertyValueSpecification\",\"valueRequired\":true,\"valueName\":\"search_term_string\"}}],\"inLanguage\":\"en-US\"}]}<\/script>\n<!-- \/ Yoast SEO plugin. -->","yoast_head_json":{"title":"Inkub\u00e1torok a digitaliz\u00e1ci\u00f3\u00e9rt - Seed","robots":{"index":"index","follow":"follow","max-snippet":"max-snippet:-1","max-image-preview":"max-image-preview:large","max-video-preview":"max-video-preview:-1"},"canonical":"https:\/\/seed.hu\/hirek\/inkubatorok-a-digitalizacioert\/","og_locale":"en_US","og_type":"article","og_title":"Inkub\u00e1torok a digitaliz\u00e1ci\u00f3\u00e9rt - Seed","og_description":"A V\u00e1llalkoz\u00f3i Inkub\u00e1torok Sz\u00f6vets\u00e9ge, melynek tagja a SEED Alap\u00edtv\u00e1ny is\u00a0 \u2013 t\u00f6bb egy\u00e9b feladat mellett \u2013 csatlakozni k\u00edv\u00e1n az \u00e9vek \u00f3ta m\u0171k\u00f6d\u0151 Digit\u00e1lis J\u00f3l\u00e9t Programhoz (\u00a0https:\/\/digitalisjoletprogram.hu\/\u00a0). Ennek keret\u00e9ben els\u0151k\u00e9nt szeretn\u00e9 felm\u00e9rni, hogy az inkub\u00e1torh\u00e1zakban m\u0171k\u00f6d\u0151 v\u00e1llalkoz\u00e1sok, illetve azok k\u00f6zvetlen partnerei milyen m\u00e9rt\u00e9kben haszn\u00e1lj\u00e1k, vagy tervezik haszn\u00e1lni a digitaliz\u00e1ci\u00f3 v\u00e1llalkoz\u00e1sokat seg\u00edt\u0151 eszk\u00f6zeit. Teszi ezt az\u00e9rt, hogy [&hellip;]","og_url":"https:\/\/seed.hu\/hirek\/inkubatorok-a-digitalizacioert\/","og_site_name":"Seed","article_modified_time":"2022-04-02T11:29:28+00:00","og_image":[{"width":250,"height":206,"url":"https:\/\/seed.hu\/wp-content\/uploads\/2018\/04\/SEED_logo.png","type":"image\/png"}],"twitter_card":"summary_large_image","twitter_misc":{"Est. reading time":"1 minute"},"schema":{"@context":"https:\/\/schema.org","@graph":[{"@type":"WebPage","@id":"https:\/\/seed.hu\/hirek\/inkubatorok-a-digitalizacioert\/","url":"https:\/\/seed.hu\/hirek\/inkubatorok-a-digitalizacioert\/","name":"Inkub\u00e1torok a digitaliz\u00e1ci\u00f3\u00e9rt - Seed","isPartOf":{"@id":"https:\/\/seed.hu\/#website"},"primaryImageOfPage":{"@id":"https:\/\/seed.hu\/hirek\/inkubatorok-a-digitalizacioert\/#primaryimage"},"image":{"@id":"https:\/\/seed.hu\/hirek\/inkubatorok-a-digitalizacioert\/#primaryimage"},"thumbnailUrl":"https:\/\/seed.hu\/wp-content\/uploads\/2018\/04\/SEED_logo.png","datePublished":"2022-03-18T06:08:18+00:00","dateModified":"2022-04-02T11:29:28+00:00","breadcrumb":{"@id":"https:\/\/seed.hu\/hirek\/inkubatorok-a-digitalizacioert\/#breadcrumb"},"inLanguage":"en-US","potentialAction":[{"@type":"ReadAction","target":["https:\/\/seed.hu\/hirek\/inkubatorok-a-digitalizacioert\/"]}]},{"@type":"ImageObject","inLanguage":"en-US","@id":"https:\/\/seed.hu\/hirek\/inkubatorok-a-digitalizacioert\/#primaryimage","url":"https:\/\/seed.hu\/wp-content\/uploads\/2018\/04\/SEED_logo.png","contentUrl":"https:\/\/seed.hu\/wp-content\/uploads\/2018\/04\/SEED_logo.png","width":250,"height":206},{"@type":"BreadcrumbList","@id":"https:\/\/seed.hu\/hirek\/inkubatorok-a-digitalizacioert\/#breadcrumb","itemListElement":[{"@type":"ListItem","position":1,"name":"H\u00edrek","item":"https:\/\/seed.hu\/hirek\/"},{"@type":"ListItem","position":2,"name":"Inkub\u00e1torok a digitaliz\u00e1ci\u00f3\u00e9rt"}]},{"@type":"WebSite","@id":"https:\/\/seed.hu\/#website","url":"https:\/\/seed.hu\/","name":"Seed","description":"","potentialAction":[{"@type":"SearchAction","target":{"@type":"EntryPoint","urlTemplate":"https:\/\/seed.hu\/?s={search_term_string}"},"query-input":{"@type":"PropertyValueSpecification","valueRequired":true,"valueName":"search_term_string"}}],"inLanguage":"en-US"}]}},"_links":{"self":[{"href":"https:\/\/seed.hu\/en\/wp-json\/wp\/v2\/hirek\/1457","targetHints":{"allow":["GET"]}}],"collection":[{"href":"https:\/\/seed.hu\/en\/wp-json\/wp\/v2\/hirek"}],"about":[{"href":"https:\/\/seed.hu\/en\/wp-json\/wp\/v2\/types\/hirek"}],"wp:featuredmedia":[{"embeddable":true,"href":"https:\/\/seed.hu\/en\/wp-json\/wp\/v2\/media\/792"}],"wp:attachment":[{"href":"https:\/\/seed.hu\/en\/wp-json\/wp\/v2\/media?parent=1457"}],"curies":[{"name":"wp","href":"https:\/\/api.w.org\/{rel}","templated":true}]}}

Inkubátorok a digitalizációért

<p>A Vállalkozói Inkubátorok Szövetsége, melynek tagja a SEED Alapítvány is  – több egyéb feladat mellett – csatlakozni kíván az évek óta működő Digitális Jólét Programhoz ( <a href="https://digitalisjoletprogram.hu/" target="_blank" rel="noopener"><strong>https://digitalisjoletprogram.hu/</strong></a> ).<br />
Ennek keretében elsőként szeretné felmérni, hogy az inkubátorházakban működő vállalkozások, illetve azok közvetlen partnerei milyen mértékben használják, vagy tervezik használni a digitalizáció vállalkozásokat segítő eszközeit. Teszi ezt azért, hogy – e felmérésből megismerve a jelenlegi helyzetet – segítséget tudjon nyújtani a digitalizáció eszközeinek jobb megismerésében, fejlesztésében, elősegítve az inkubátorházak „digitális jólét pontként” való működését.<br />
A felmérés – bár konkrét cégadatokat is kér – csak a kérdésekre adott válaszok<br />
megoszlási arányát, az abból leszűrt általános következtetéseket teszi nyilvánossá, a választ adó cégekkel csak a beleegyezésüket követően tartják a közvetlen kapcsolatot az érdeklődési körüknek megfelelő képzések, rendezvények, pályázatok információi kapcsán.</p>
<p>Amennyiben érintett vagy inkubátorként, vagy inkubációs szolgáltatás igénybe vevőjeként, kérlek segítsd a VISZ munkáját azzal, hogy az alább látható linken elérhető kérdőívet kitöltöd és visszaküldöd március 31-ig.</p>
<p><strong><a href="https://www.surveymonkey.com/r/DJP_felmeres" target="_blank" rel="noopener">https://www.surveymonkey.com/r/DJP_felmeres</a></strong></p>

<!-- This site is optimized with the Yoast SEO plugin v27.4 - https://yoast.com/product/yoast-seo-wordpress/ -->
<title>Inkubátorok a digitalizációért - Seed</title>
<meta name="robots" content="index, follow, max-snippet:-1, max-image-preview:large, max-video-preview:-1" />
<link rel="canonical" href="https://seed.hu/hirek/inkubatorok-a-digitalizacioert/" />
<meta property="og:locale" content="en_US" />
<meta property="og:type" content="article" />
<meta property="og:title" content="Inkubátorok a digitalizációért - Seed" />
<meta property="og:description" content="A Vállalkozói Inkubátorok Szövetsége, melynek tagja a SEED Alapítvány is  – több egyéb feladat mellett – csatlakozni kíván az évek óta működő Digitális Jólét Programhoz ( https://digitalisjoletprogram.hu/ ). Ennek keretében elsőként szeretné felmérni, hogy az inkubátorházakban működő vállalkozások, illetve azok közvetlen partnerei milyen mértékben használják, vagy tervezik használni a digitalizáció vállalkozásokat segítő eszközeit. Teszi ezt azért, hogy [&hellip;]" />
<meta property="og:url" content="https://seed.hu/hirek/inkubatorok-a-digitalizacioert/" />
<meta property="og:site_name" content="Seed" />
<meta property="article:modified_time" content="2022-04-02T11:29:28+00:00" />
<meta property="og:image" content="https://seed.hu/wp-content/uploads/2018/04/SEED_logo.png" />
	<meta property="og:image:width" content="250" />
	<meta property="og:image:height" content="206" />
	<meta property="og:image:type" content="image/png" />
<meta name="twitter:card" content="summary_large_image" />
<meta name="twitter:label1" content="Est. reading time" />
	<meta name="twitter:data1" content="1 minute" />
<script type="application/ld+json" class="yoast-schema-graph">{"@context":"https:\/\/schema.org","@graph":[{"@type":"WebPage","@id":"https:\/\/seed.hu\/hirek\/inkubatorok-a-digitalizacioert\/","url":"https:\/\/seed.hu\/hirek\/inkubatorok-a-digitalizacioert\/","name":"Inkubátorok a digitalizációért - Seed","isPartOf":{"@id":"https:\/\/seed.hu\/#website"},"primaryImageOfPage":{"@id":"https:\/\/seed.hu\/hirek\/inkubatorok-a-digitalizacioert\/#primaryimage"},"image":{"@id":"https:\/\/seed.hu\/hirek\/inkubatorok-a-digitalizacioert\/#primaryimage"},"thumbnailUrl":"https:\/\/seed.hu\/wp-content\/uploads\/2018\/04\/SEED_logo.png","datePublished":"2022-03-18T06:08:18+00:00","dateModified":"2022-04-02T11:29:28+00:00","breadcrumb":{"@id":"https:\/\/seed.hu\/hirek\/inkubatorok-a-digitalizacioert\/#breadcrumb"},"inLanguage":"en-US","potentialAction":[{"@type":"ReadAction","target":["https:\/\/seed.hu\/hirek\/inkubatorok-a-digitalizacioert\/"]}]},{"@type":"ImageObject","inLanguage":"en-US","@id":"https:\/\/seed.hu\/hirek\/inkubatorok-a-digitalizacioert\/#primaryimage","url":"https:\/\/seed.hu\/wp-content\/uploads\/2018\/04\/SEED_logo.png","contentUrl":"https:\/\/seed.hu\/wp-content\/uploads\/2018\/04\/SEED_logo.png","width":250,"height":206},{"@type":"BreadcrumbList","@id":"https:\/\/seed.hu\/hirek\/inkubatorok-a-digitalizacioert\/#breadcrumb","itemListElement":[{"@type":"ListItem","position":1,"name":"Hírek","item":"https:\/\/seed.hu\/hirek\/"},{"@type":"ListItem","position":2,"name":"Inkubátorok a digitalizációért"}]},{"@type":"WebSite","@id":"https:\/\/seed.hu\/#website","url":"https:\/\/seed.hu\/","name":"Seed","description":"","potentialAction":[{"@type":"SearchAction","target":{"@type":"EntryPoint","urlTemplate":"https:\/\/seed.hu\/?s={search_term_string}"},"query-input":{"@type":"PropertyValueSpecification","valueRequired":true,"valueName":"search_term_string"}}],"inLanguage":"en-US"}]}</script>
<!-- / Yoast SEO plugin. -->

Inkubátorok a digitalizációért - Seed

A Vállalkozói Inkubátorok Szövetsége, melynek tagja a SEED Alapítvány is  – több egyéb feladat mellett – csatlakozni kíván az évek óta működő Digitális Jólét Programhoz ( https://digitalisjoletprogram.hu/ ). Ennek keretében elsőként szeretné felmérni, hogy az inkubátorházakban működő vállalkozások, illetve azok közvetlen partnerei milyen mértékben használják, vagy tervezik használni a digitalizáció vállalkozásokat segítő eszközeit. Teszi ezt azért, hogy [&hellip;]

Hírek
