{"id":1693,"date":"2022-04-10T10:16:26","date_gmt":"2022-04-10T08:16:26","guid":{"rendered":"https:\/\/seed.hu\/?post_type=hirek&#038;p=1693"},"modified":"2022-04-10T11:17:55","modified_gmt":"2022-04-10T09:17:55","slug":"kepzesi-helyszinunk-masok-szamara-is-berelheto","status":"publish","type":"hirek","link":"https:\/\/seed.hu\/en\/hirek\/kepzesi-helyszinunk-masok-szamara-is-berelheto\/","title":{"rendered":"K\u00e9pz\u00e9si helysz\u00edn\u00fcnk m\u00e1sok sz\u00e1m\u00e1ra is b\u00e9relhet\u0151"},"content":{"rendered":"<p><span style=\"color: #000000;\">2021. m\u00e1jus\u00e1ban \u00faj helyen alak\u00edtottuk ki irodai \u00e9s k\u00e9pz\u00e9si b\u00e1zisunkat.\u00a0Ezzel helyet biztos\u00edtunk saj\u00e1t k\u00e9pz\u00e9seinek, m\u0171helymunk\u00e1inak, v\u00e1llalkoz\u00f3i k\u00f6z\u00f6ss\u00e9g\u00e9p\u00edt\u0151 \u00e9s tud\u00e1smegoszt\u00f3 esem\u00e9nyeink sz\u00e1m\u00e1ra.<\/span><\/p>\n<p><span style=\"color: #000000;\">A helysz\u00edn azonban lehet\u0151s\u00e9get ny\u00fajt tov\u00e1bbi szervezetek sz\u00e1m\u00e1ra is, hogy helyet ny\u00fajtson hasonl\u00f3 c\u00e9l\u00fa esem\u00e9nyeik befogad\u00e1s\u00e1ra.<\/span><\/p>\n<p><span style=\"color: #000000;\">A helysz\u00edn k\u00f6nnyen megk\u00f6zel\u00edthet\u0151, j\u00f3 k\u00f6zleked\u00e9si \u00e9s parkol\u00e1si adotts\u00e1gokkal b\u00edr\u00f3 elhelyezked\u00e9se, valamint letisztult, nagy l\u00e9gter\u0171 kialak\u00edt\u00e1sa v\u00e1llalkoz\u00f3i term\u00e9kbemutat\u00f3k, partner- \u00e9s vev\u0151tal\u00e1lkoz\u00f3k, ki\u00e1ll\u00edt\u00e1sok, vagy nagyobb l\u00e9tsz\u00e1m\u00fa megbesz\u00e9l\u00e9sek helysz\u00edn\u00e9\u00fcl is szolg\u00e1lhat.<\/span><\/p>\n<p><a href=\"https:\/\/seed.hu\/helyszin-berbeadas\/\">Seed | Helysz\u00edn b\u00e9rbead\u00e1s &#8211; Seed<\/a><\/p>\n","protected":false},"featured_media":1481,"menu_order":0,"template":"","meta":{"_acf_changed":false},"class_list":["post-1693","hirek","type-hirek","status-publish","has-post-thumbnail","hentry"],"acf":[],"yoast_head":"<!-- This site is optimized with the Yoast SEO plugin v27.4 - https:\/\/yoast.com\/product\/yoast-seo-wordpress\/ -->\n<title>K\u00e9pz\u00e9si helysz\u00edn\u00fcnk m\u00e1sok sz\u00e1m\u00e1ra is b\u00e9relhet\u0151 - Seed<\/title>\n<meta name=\"robots\" content=\"index, follow, max-snippet:-1, max-image-preview:large, max-video-preview:-1\" \/>\n<link rel=\"canonical\" href=\"https:\/\/seed.hu\/hirek\/kepzesi-helyszinunk-masok-szamara-is-berelheto\/\" \/>\n<meta property=\"og:locale\" content=\"en_US\" \/>\n<meta property=\"og:type\" content=\"article\" \/>\n<meta property=\"og:title\" content=\"K\u00e9pz\u00e9si helysz\u00edn\u00fcnk m\u00e1sok sz\u00e1m\u00e1ra is b\u00e9relhet\u0151 - Seed\" \/>\n<meta property=\"og:description\" content=\"2021. m\u00e1jus\u00e1ban \u00faj helyen alak\u00edtottuk ki irodai \u00e9s k\u00e9pz\u00e9si b\u00e1zisunkat.\u00a0Ezzel helyet biztos\u00edtunk saj\u00e1t k\u00e9pz\u00e9seinek, m\u0171helymunk\u00e1inak, v\u00e1llalkoz\u00f3i k\u00f6z\u00f6ss\u00e9g\u00e9p\u00edt\u0151 \u00e9s tud\u00e1smegoszt\u00f3 esem\u00e9nyeink sz\u00e1m\u00e1ra. A helysz\u00edn azonban lehet\u0151s\u00e9get ny\u00fajt tov\u00e1bbi szervezetek sz\u00e1m\u00e1ra is, hogy helyet ny\u00fajtson hasonl\u00f3 c\u00e9l\u00fa esem\u00e9nyeik befogad\u00e1s\u00e1ra. A helysz\u00edn k\u00f6nnyen megk\u00f6zel\u00edthet\u0151, j\u00f3 k\u00f6zleked\u00e9si \u00e9s parkol\u00e1si adotts\u00e1gokkal b\u00edr\u00f3 elhelyezked\u00e9se, valamint letisztult, nagy l\u00e9gter\u0171 kialak\u00edt\u00e1sa v\u00e1llalkoz\u00f3i term\u00e9kbemutat\u00f3k, [&hellip;]\" \/>\n<meta property=\"og:url\" content=\"https:\/\/seed.hu\/hirek\/kepzesi-helyszinunk-masok-szamara-is-berelheto\/\" \/>\n<meta property=\"og:site_name\" content=\"Seed\" \/>\n<meta property=\"article:modified_time\" content=\"2022-04-10T09:17:55+00:00\" \/>\n<meta property=\"og:image\" content=\"https:\/\/seed.hu\/wp-content\/uploads\/2022\/04\/honlap-logo.png\" \/>\n\t<meta property=\"og:image:width\" content=\"512\" \/>\n\t<meta property=\"og:image:height\" content=\"512\" \/>\n\t<meta property=\"og:image:type\" content=\"image\/png\" \/>\n<meta name=\"twitter:card\" content=\"summary_large_image\" \/>\n<meta name=\"twitter:label1\" content=\"Est. reading time\" \/>\n\t<meta name=\"twitter:data1\" content=\"1 minute\" \/>\n<script type=\"application\/ld+json\" class=\"yoast-schema-graph\">{\"@context\":\"https:\\\/\\\/schema.org\",\"@graph\":[{\"@type\":\"WebPage\",\"@id\":\"https:\\\/\\\/seed.hu\\\/hirek\\\/kepzesi-helyszinunk-masok-szamara-is-berelheto\\\/\",\"url\":\"https:\\\/\\\/seed.hu\\\/hirek\\\/kepzesi-helyszinunk-masok-szamara-is-berelheto\\\/\",\"name\":\"K\u00e9pz\u00e9si helysz\u00edn\u00fcnk m\u00e1sok sz\u00e1m\u00e1ra is b\u00e9relhet\u0151 - Seed\",\"isPartOf\":{\"@id\":\"https:\\\/\\\/seed.hu\\\/#website\"},\"primaryImageOfPage\":{\"@id\":\"https:\\\/\\\/seed.hu\\\/hirek\\\/kepzesi-helyszinunk-masok-szamara-is-berelheto\\\/#primaryimage\"},\"image\":{\"@id\":\"https:\\\/\\\/seed.hu\\\/hirek\\\/kepzesi-helyszinunk-masok-szamara-is-berelheto\\\/#primaryimage\"},\"thumbnailUrl\":\"https:\\\/\\\/seed.hu\\\/wp-content\\\/uploads\\\/2022\\\/04\\\/honlap-logo.png\",\"datePublished\":\"2022-04-10T08:16:26+00:00\",\"dateModified\":\"2022-04-10T09:17:55+00:00\",\"breadcrumb\":{\"@id\":\"https:\\\/\\\/seed.hu\\\/hirek\\\/kepzesi-helyszinunk-masok-szamara-is-berelheto\\\/#breadcrumb\"},\"inLanguage\":\"en-US\",\"potentialAction\":[{\"@type\":\"ReadAction\",\"target\":[\"https:\\\/\\\/seed.hu\\\/hirek\\\/kepzesi-helyszinunk-masok-szamara-is-berelheto\\\/\"]}]},{\"@type\":\"ImageObject\",\"inLanguage\":\"en-US\",\"@id\":\"https:\\\/\\\/seed.hu\\\/hirek\\\/kepzesi-helyszinunk-masok-szamara-is-berelheto\\\/#primaryimage\",\"url\":\"https:\\\/\\\/seed.hu\\\/wp-content\\\/uploads\\\/2022\\\/04\\\/honlap-logo.png\",\"contentUrl\":\"https:\\\/\\\/seed.hu\\\/wp-content\\\/uploads\\\/2022\\\/04\\\/honlap-logo.png\",\"width\":512,\"height\":512},{\"@type\":\"BreadcrumbList\",\"@id\":\"https:\\\/\\\/seed.hu\\\/hirek\\\/kepzesi-helyszinunk-masok-szamara-is-berelheto\\\/#breadcrumb\",\"itemListElement\":[{\"@type\":\"ListItem\",\"position\":1,\"name\":\"H\u00edrek\",\"item\":\"https:\\\/\\\/seed.hu\\\/hirek\\\/\"},{\"@type\":\"ListItem\",\"position\":2,\"name\":\"K\u00e9pz\u00e9si helysz\u00edn\u00fcnk m\u00e1sok sz\u00e1m\u00e1ra is b\u00e9relhet\u0151\"}]},{\"@type\":\"WebSite\",\"@id\":\"https:\\\/\\\/seed.hu\\\/#website\",\"url\":\"https:\\\/\\\/seed.hu\\\/\",\"name\":\"Seed\",\"description\":\"\",\"potentialAction\":[{\"@type\":\"SearchAction\",\"target\":{\"@type\":\"EntryPoint\",\"urlTemplate\":\"https:\\\/\\\/seed.hu\\\/?s={search_term_string}\"},\"query-input\":{\"@type\":\"PropertyValueSpecification\",\"valueRequired\":true,\"valueName\":\"search_term_string\"}}],\"inLanguage\":\"en-US\"}]}<\/script>\n<!-- \/ Yoast SEO plugin. -->","yoast_head_json":{"title":"K\u00e9pz\u00e9si helysz\u00edn\u00fcnk m\u00e1sok sz\u00e1m\u00e1ra is b\u00e9relhet\u0151 - Seed","robots":{"index":"index","follow":"follow","max-snippet":"max-snippet:-1","max-image-preview":"max-image-preview:large","max-video-preview":"max-video-preview:-1"},"canonical":"https:\/\/seed.hu\/hirek\/kepzesi-helyszinunk-masok-szamara-is-berelheto\/","og_locale":"en_US","og_type":"article","og_title":"K\u00e9pz\u00e9si helysz\u00edn\u00fcnk m\u00e1sok sz\u00e1m\u00e1ra is b\u00e9relhet\u0151 - Seed","og_description":"2021. m\u00e1jus\u00e1ban \u00faj helyen alak\u00edtottuk ki irodai \u00e9s k\u00e9pz\u00e9si b\u00e1zisunkat.\u00a0Ezzel helyet biztos\u00edtunk saj\u00e1t k\u00e9pz\u00e9seinek, m\u0171helymunk\u00e1inak, v\u00e1llalkoz\u00f3i k\u00f6z\u00f6ss\u00e9g\u00e9p\u00edt\u0151 \u00e9s tud\u00e1smegoszt\u00f3 esem\u00e9nyeink sz\u00e1m\u00e1ra. A helysz\u00edn azonban lehet\u0151s\u00e9get ny\u00fajt tov\u00e1bbi szervezetek sz\u00e1m\u00e1ra is, hogy helyet ny\u00fajtson hasonl\u00f3 c\u00e9l\u00fa esem\u00e9nyeik befogad\u00e1s\u00e1ra. A helysz\u00edn k\u00f6nnyen megk\u00f6zel\u00edthet\u0151, j\u00f3 k\u00f6zleked\u00e9si \u00e9s parkol\u00e1si adotts\u00e1gokkal b\u00edr\u00f3 elhelyezked\u00e9se, valamint letisztult, nagy l\u00e9gter\u0171 kialak\u00edt\u00e1sa v\u00e1llalkoz\u00f3i term\u00e9kbemutat\u00f3k, [&hellip;]","og_url":"https:\/\/seed.hu\/hirek\/kepzesi-helyszinunk-masok-szamara-is-berelheto\/","og_site_name":"Seed","article_modified_time":"2022-04-10T09:17:55+00:00","og_image":[{"width":512,"height":512,"url":"https:\/\/seed.hu\/wp-content\/uploads\/2022\/04\/honlap-logo.png","type":"image\/png"}],"twitter_card":"summary_large_image","twitter_misc":{"Est. reading time":"1 minute"},"schema":{"@context":"https:\/\/schema.org","@graph":[{"@type":"WebPage","@id":"https:\/\/seed.hu\/hirek\/kepzesi-helyszinunk-masok-szamara-is-berelheto\/","url":"https:\/\/seed.hu\/hirek\/kepzesi-helyszinunk-masok-szamara-is-berelheto\/","name":"K\u00e9pz\u00e9si helysz\u00edn\u00fcnk m\u00e1sok sz\u00e1m\u00e1ra is b\u00e9relhet\u0151 - Seed","isPartOf":{"@id":"https:\/\/seed.hu\/#website"},"primaryImageOfPage":{"@id":"https:\/\/seed.hu\/hirek\/kepzesi-helyszinunk-masok-szamara-is-berelheto\/#primaryimage"},"image":{"@id":"https:\/\/seed.hu\/hirek\/kepzesi-helyszinunk-masok-szamara-is-berelheto\/#primaryimage"},"thumbnailUrl":"https:\/\/seed.hu\/wp-content\/uploads\/2022\/04\/honlap-logo.png","datePublished":"2022-04-10T08:16:26+00:00","dateModified":"2022-04-10T09:17:55+00:00","breadcrumb":{"@id":"https:\/\/seed.hu\/hirek\/kepzesi-helyszinunk-masok-szamara-is-berelheto\/#breadcrumb"},"inLanguage":"en-US","potentialAction":[{"@type":"ReadAction","target":["https:\/\/seed.hu\/hirek\/kepzesi-helyszinunk-masok-szamara-is-berelheto\/"]}]},{"@type":"ImageObject","inLanguage":"en-US","@id":"https:\/\/seed.hu\/hirek\/kepzesi-helyszinunk-masok-szamara-is-berelheto\/#primaryimage","url":"https:\/\/seed.hu\/wp-content\/uploads\/2022\/04\/honlap-logo.png","contentUrl":"https:\/\/seed.hu\/wp-content\/uploads\/2022\/04\/honlap-logo.png","width":512,"height":512},{"@type":"BreadcrumbList","@id":"https:\/\/seed.hu\/hirek\/kepzesi-helyszinunk-masok-szamara-is-berelheto\/#breadcrumb","itemListElement":[{"@type":"ListItem","position":1,"name":"H\u00edrek","item":"https:\/\/seed.hu\/hirek\/"},{"@type":"ListItem","position":2,"name":"K\u00e9pz\u00e9si helysz\u00edn\u00fcnk m\u00e1sok sz\u00e1m\u00e1ra is b\u00e9relhet\u0151"}]},{"@type":"WebSite","@id":"https:\/\/seed.hu\/#website","url":"https:\/\/seed.hu\/","name":"Seed","description":"","potentialAction":[{"@type":"SearchAction","target":{"@type":"EntryPoint","urlTemplate":"https:\/\/seed.hu\/?s={search_term_string}"},"query-input":{"@type":"PropertyValueSpecification","valueRequired":true,"valueName":"search_term_string"}}],"inLanguage":"en-US"}]}},"_links":{"self":[{"href":"https:\/\/seed.hu\/en\/wp-json\/wp\/v2\/hirek\/1693","targetHints":{"allow":["GET"]}}],"collection":[{"href":"https:\/\/seed.hu\/en\/wp-json\/wp\/v2\/hirek"}],"about":[{"href":"https:\/\/seed.hu\/en\/wp-json\/wp\/v2\/types\/hirek"}],"wp:featuredmedia":[{"embeddable":true,"href":"https:\/\/seed.hu\/en\/wp-json\/wp\/v2\/media\/1481"}],"wp:attachment":[{"href":"https:\/\/seed.hu\/en\/wp-json\/wp\/v2\/media?parent=1693"}],"curies":[{"name":"wp","href":"https:\/\/api.w.org\/{rel}","templated":true}]}}

Képzési helyszínünk mások számára is bérelhető

<p><span style="color: #000000;">2021. májusában új helyen alakítottuk ki irodai és képzési bázisunkat. Ezzel helyet biztosítunk saját képzéseinek, műhelymunkáinak, vállalkozói közösségépítő és tudásmegosztó eseményeink számára.</span></p>
<p><span style="color: #000000;">A helyszín azonban lehetőséget nyújt további szervezetek számára is, hogy helyet nyújtson hasonló célú eseményeik befogadására.</span></p>
<p><span style="color: #000000;">A helyszín könnyen megközelíthető, jó közlekedési és parkolási adottságokkal bíró elhelyezkedése, valamint letisztult, nagy légterű kialakítása vállalkozói termékbemutatók, partner- és vevőtalálkozók, kiállítások, vagy nagyobb létszámú megbeszélések helyszínéül is szolgálhat.</span></p>
<p><a href="https://seed.hu/helyszin-berbeadas/">Seed | Helyszín bérbeadás &#8211; Seed</a></p>

<!-- This site is optimized with the Yoast SEO plugin v27.4 - https://yoast.com/product/yoast-seo-wordpress/ -->
<title>Képzési helyszínünk mások számára is bérelhető - Seed</title>
<meta name="robots" content="index, follow, max-snippet:-1, max-image-preview:large, max-video-preview:-1" />
<link rel="canonical" href="https://seed.hu/hirek/kepzesi-helyszinunk-masok-szamara-is-berelheto/" />
<meta property="og:locale" content="en_US" />
<meta property="og:type" content="article" />
<meta property="og:title" content="Képzési helyszínünk mások számára is bérelhető - Seed" />
<meta property="og:description" content="2021. májusában új helyen alakítottuk ki irodai és képzési bázisunkat. Ezzel helyet biztosítunk saját képzéseinek, műhelymunkáinak, vállalkozói közösségépítő és tudásmegosztó eseményeink számára. A helyszín azonban lehetőséget nyújt további szervezetek számára is, hogy helyet nyújtson hasonló célú eseményeik befogadására. A helyszín könnyen megközelíthető, jó közlekedési és parkolási adottságokkal bíró elhelyezkedése, valamint letisztult, nagy légterű kialakítása vállalkozói termékbemutatók, [&hellip;]" />
<meta property="og:url" content="https://seed.hu/hirek/kepzesi-helyszinunk-masok-szamara-is-berelheto/" />
<meta property="og:site_name" content="Seed" />
<meta property="article:modified_time" content="2022-04-10T09:17:55+00:00" />
<meta property="og:image" content="https://seed.hu/wp-content/uploads/2022/04/honlap-logo.png" />
	<meta property="og:image:width" content="512" />
	<meta property="og:image:height" content="512" />
	<meta property="og:image:type" content="image/png" />
<meta name="twitter:card" content="summary_large_image" />
<meta name="twitter:label1" content="Est. reading time" />
	<meta name="twitter:data1" content="1 minute" />
<script type="application/ld+json" class="yoast-schema-graph">{"@context":"https:\/\/schema.org","@graph":[{"@type":"WebPage","@id":"https:\/\/seed.hu\/hirek\/kepzesi-helyszinunk-masok-szamara-is-berelheto\/","url":"https:\/\/seed.hu\/hirek\/kepzesi-helyszinunk-masok-szamara-is-berelheto\/","name":"Képzési helyszínünk mások számára is bérelhető - Seed","isPartOf":{"@id":"https:\/\/seed.hu\/#website"},"primaryImageOfPage":{"@id":"https:\/\/seed.hu\/hirek\/kepzesi-helyszinunk-masok-szamara-is-berelheto\/#primaryimage"},"image":{"@id":"https:\/\/seed.hu\/hirek\/kepzesi-helyszinunk-masok-szamara-is-berelheto\/#primaryimage"},"thumbnailUrl":"https:\/\/seed.hu\/wp-content\/uploads\/2022\/04\/honlap-logo.png","datePublished":"2022-04-10T08:16:26+00:00","dateModified":"2022-04-10T09:17:55+00:00","breadcrumb":{"@id":"https:\/\/seed.hu\/hirek\/kepzesi-helyszinunk-masok-szamara-is-berelheto\/#breadcrumb"},"inLanguage":"en-US","potentialAction":[{"@type":"ReadAction","target":["https:\/\/seed.hu\/hirek\/kepzesi-helyszinunk-masok-szamara-is-berelheto\/"]}]},{"@type":"ImageObject","inLanguage":"en-US","@id":"https:\/\/seed.hu\/hirek\/kepzesi-helyszinunk-masok-szamara-is-berelheto\/#primaryimage","url":"https:\/\/seed.hu\/wp-content\/uploads\/2022\/04\/honlap-logo.png","contentUrl":"https:\/\/seed.hu\/wp-content\/uploads\/2022\/04\/honlap-logo.png","width":512,"height":512},{"@type":"BreadcrumbList","@id":"https:\/\/seed.hu\/hirek\/kepzesi-helyszinunk-masok-szamara-is-berelheto\/#breadcrumb","itemListElement":[{"@type":"ListItem","position":1,"name":"Hírek","item":"https:\/\/seed.hu\/hirek\/"},{"@type":"ListItem","position":2,"name":"Képzési helyszínünk mások számára is bérelhető"}]},{"@type":"WebSite","@id":"https:\/\/seed.hu\/#website","url":"https:\/\/seed.hu\/","name":"Seed","description":"","potentialAction":[{"@type":"SearchAction","target":{"@type":"EntryPoint","urlTemplate":"https:\/\/seed.hu\/?s={search_term_string}"},"query-input":{"@type":"PropertyValueSpecification","valueRequired":true,"valueName":"search_term_string"}}],"inLanguage":"en-US"}]}</script>
<!-- / Yoast SEO plugin. -->

Képzési helyszínünk mások számára is bérelhető - Seed

2021. májusában új helyen alakítottuk ki irodai és képzési bázisunkat. Ezzel helyet biztosítunk saját képzéseinek, műhelymunkáinak, vállalkozói közösségépítő és tudásmegosztó eseményeink számára. A helyszín azonban lehetőséget nyújt további szervezetek számára is, hogy helyet nyújtson hasonló célú eseményeik befogadására. A helyszín könnyen megközelíthető, jó közlekedési és parkolási adottságokkal bíró elhelyezkedése, valamint letisztult, nagy légterű kialakítása vállalkozói termékbemutatók, [&hellip;]

Hírek
