{"id":787,"date":"2018-02-05T17:33:10","date_gmt":"2018-02-05T16:33:10","guid":{"rendered":"https:\/\/seed.hu\/?post_type=hirek&#038;p=787"},"modified":"2022-01-17T17:50:48","modified_gmt":"2022-01-17T16:50:48","slug":"februar-18-ig-meg-jelentkezhetsz-a-vallalkozasfejlesztes-mesterszakra","status":"publish","type":"hirek","link":"https:\/\/seed.hu\/en\/hirek\/februar-18-ig-meg-jelentkezhetsz-a-vallalkozasfejlesztes-mesterszakra\/","title":{"rendered":"Febru\u00e1r 18-ig m\u00e9g jelentkezhetsz a V\u00e1llalkoz\u00e1sfejleszt\u00e9s Mesterszakra!"},"content":{"rendered":"<p>A v\u00e1llalkoz\u00f3i l\u00e9t minden fontos aspektus\u00e1t mag\u00e1ba foglal\u00f3, soksz\u00edn\u0171 k\u00e9pz\u00e9s kifejezetten a mikro- kis- \u00e9s k\u00f6z\u00e9pv\u00e1llalkoz\u00e1sokra f\u00f3kusz\u00e1l. A fejl\u0151d\u00e9st a legfrissebb tudom\u00e1nyos eredm\u00e9nyekre alapozott gyakorlatorient\u00e1lt tematika \u00e9s az oktat\u00f3k ezir\u00e1ny\u00fa speci\u00e1lis szaktud\u00e1sa mellett a t\u00e1mogat\u00f3 k\u00f6z\u00f6ss\u00e9g seg\u00edti. A hallgat\u00f3k \u2013 v\u00e1llalkoz\u00e1st tervez\u0151k, vagy ak\u00e1r m\u00e1r gyakorl\u00f3 v\u00e1llalkoz\u00f3k \u2013 egym\u00e1st\u00f3l is tanulnak a csoportmunk\u00e1k \u00e9s \u00e1lland\u00f3 tapasztalatcsere r\u00e9v\u00e9n.<\/p>\n<p>A k\u00e9pz\u00e9s munka mellett v\u00e9gezhet\u0151, ak\u00e1r \u00e1llamilag t\u00e1mogatott form\u00e1ban is, nem csak k\u00f6zgazd\u00e1szoknak!<\/p>\n<p>Jelentkez\u00e9si hat\u00e1rid\u0151: 2018. febru\u00e1r 18.<\/p>\n<p>Tov\u00e1bbi inform\u00e1ci\u00f3k:\u00a0<a href=\"https:\/\/uni-bge.hu\/PSZK\/Mesterkepzesek\/dokumentumok\/Vallalkozasfejlesztes-Mesterszak-levelezo-kepzes\/Informaciok_2018_szeptembereben_indulo_kepzeshez\/mester_alap.pdf\">https:\/\/uni-bge.hu\/PSZK\/Mesterkepzesek\/dokumentumok\/Vallalkozasfejlesztes-Mesterszak-levelezo-kepzes\/Informaciok_2018_szeptembereben_indulo_kepzeshez\/mester_alap.pdf<\/a><\/p>\n","protected":false},"featured_media":792,"menu_order":0,"template":"","meta":{"_acf_changed":false},"class_list":["post-787","hirek","type-hirek","status-publish","has-post-thumbnail","hentry"],"acf":[],"yoast_head":"<!-- This site is optimized with the Yoast SEO plugin v27.4 - https:\/\/yoast.com\/product\/yoast-seo-wordpress\/ -->\n<title>Febru\u00e1r 18-ig m\u00e9g jelentkezhetsz a V\u00e1llalkoz\u00e1sfejleszt\u00e9s Mesterszakra! - Seed<\/title>\n<meta name=\"robots\" content=\"index, follow, max-snippet:-1, max-image-preview:large, max-video-preview:-1\" \/>\n<link rel=\"canonical\" href=\"https:\/\/seed.hu\/hirek\/februar-18-ig-meg-jelentkezhetsz-a-vallalkozasfejlesztes-mesterszakra\/\" \/>\n<meta property=\"og:locale\" content=\"en_US\" \/>\n<meta property=\"og:type\" content=\"article\" \/>\n<meta property=\"og:title\" content=\"Febru\u00e1r 18-ig m\u00e9g jelentkezhetsz a V\u00e1llalkoz\u00e1sfejleszt\u00e9s Mesterszakra! - Seed\" \/>\n<meta property=\"og:description\" content=\"A v\u00e1llalkoz\u00f3i l\u00e9t minden fontos aspektus\u00e1t mag\u00e1ba foglal\u00f3, soksz\u00edn\u0171 k\u00e9pz\u00e9s kifejezetten a mikro- kis- \u00e9s k\u00f6z\u00e9pv\u00e1llalkoz\u00e1sokra f\u00f3kusz\u00e1l. A fejl\u0151d\u00e9st a legfrissebb tudom\u00e1nyos eredm\u00e9nyekre alapozott gyakorlatorient\u00e1lt tematika \u00e9s az oktat\u00f3k ezir\u00e1ny\u00fa speci\u00e1lis szaktud\u00e1sa mellett a t\u00e1mogat\u00f3 k\u00f6z\u00f6ss\u00e9g seg\u00edti. A hallgat\u00f3k \u2013 v\u00e1llalkoz\u00e1st tervez\u0151k, vagy ak\u00e1r m\u00e1r gyakorl\u00f3 v\u00e1llalkoz\u00f3k \u2013 egym\u00e1st\u00f3l is tanulnak a csoportmunk\u00e1k \u00e9s \u00e1lland\u00f3 [&hellip;]\" \/>\n<meta property=\"og:url\" content=\"https:\/\/seed.hu\/hirek\/februar-18-ig-meg-jelentkezhetsz-a-vallalkozasfejlesztes-mesterszakra\/\" \/>\n<meta property=\"og:site_name\" content=\"Seed\" \/>\n<meta property=\"article:modified_time\" content=\"2022-01-17T16:50:48+00:00\" \/>\n<meta property=\"og:image\" content=\"https:\/\/seed.hu\/wp-content\/uploads\/2018\/04\/SEED_logo.png\" \/>\n\t<meta property=\"og:image:width\" content=\"250\" \/>\n\t<meta property=\"og:image:height\" content=\"206\" \/>\n\t<meta property=\"og:image:type\" content=\"image\/png\" \/>\n<meta name=\"twitter:card\" content=\"summary_large_image\" \/>\n<meta name=\"twitter:label1\" content=\"Est. reading time\" \/>\n\t<meta name=\"twitter:data1\" content=\"1 minute\" \/>\n<script type=\"application\/ld+json\" class=\"yoast-schema-graph\">{\"@context\":\"https:\\\/\\\/schema.org\",\"@graph\":[{\"@type\":\"WebPage\",\"@id\":\"https:\\\/\\\/seed.hu\\\/hirek\\\/februar-18-ig-meg-jelentkezhetsz-a-vallalkozasfejlesztes-mesterszakra\\\/\",\"url\":\"https:\\\/\\\/seed.hu\\\/hirek\\\/februar-18-ig-meg-jelentkezhetsz-a-vallalkozasfejlesztes-mesterszakra\\\/\",\"name\":\"Febru\u00e1r 18-ig m\u00e9g jelentkezhetsz a V\u00e1llalkoz\u00e1sfejleszt\u00e9s Mesterszakra! - Seed\",\"isPartOf\":{\"@id\":\"https:\\\/\\\/seed.hu\\\/#website\"},\"primaryImageOfPage\":{\"@id\":\"https:\\\/\\\/seed.hu\\\/hirek\\\/februar-18-ig-meg-jelentkezhetsz-a-vallalkozasfejlesztes-mesterszakra\\\/#primaryimage\"},\"image\":{\"@id\":\"https:\\\/\\\/seed.hu\\\/hirek\\\/februar-18-ig-meg-jelentkezhetsz-a-vallalkozasfejlesztes-mesterszakra\\\/#primaryimage\"},\"thumbnailUrl\":\"https:\\\/\\\/seed.hu\\\/wp-content\\\/uploads\\\/2018\\\/04\\\/SEED_logo.png\",\"datePublished\":\"2018-02-05T16:33:10+00:00\",\"dateModified\":\"2022-01-17T16:50:48+00:00\",\"breadcrumb\":{\"@id\":\"https:\\\/\\\/seed.hu\\\/hirek\\\/februar-18-ig-meg-jelentkezhetsz-a-vallalkozasfejlesztes-mesterszakra\\\/#breadcrumb\"},\"inLanguage\":\"en-US\",\"potentialAction\":[{\"@type\":\"ReadAction\",\"target\":[\"https:\\\/\\\/seed.hu\\\/hirek\\\/februar-18-ig-meg-jelentkezhetsz-a-vallalkozasfejlesztes-mesterszakra\\\/\"]}]},{\"@type\":\"ImageObject\",\"inLanguage\":\"en-US\",\"@id\":\"https:\\\/\\\/seed.hu\\\/hirek\\\/februar-18-ig-meg-jelentkezhetsz-a-vallalkozasfejlesztes-mesterszakra\\\/#primaryimage\",\"url\":\"https:\\\/\\\/seed.hu\\\/wp-content\\\/uploads\\\/2018\\\/04\\\/SEED_logo.png\",\"contentUrl\":\"https:\\\/\\\/seed.hu\\\/wp-content\\\/uploads\\\/2018\\\/04\\\/SEED_logo.png\",\"width\":250,\"height\":206},{\"@type\":\"BreadcrumbList\",\"@id\":\"https:\\\/\\\/seed.hu\\\/hirek\\\/februar-18-ig-meg-jelentkezhetsz-a-vallalkozasfejlesztes-mesterszakra\\\/#breadcrumb\",\"itemListElement\":[{\"@type\":\"ListItem\",\"position\":1,\"name\":\"H\u00edrek\",\"item\":\"https:\\\/\\\/seed.hu\\\/hirek\\\/\"},{\"@type\":\"ListItem\",\"position\":2,\"name\":\"Febru\u00e1r 18-ig m\u00e9g jelentkezhetsz a V\u00e1llalkoz\u00e1sfejleszt\u00e9s Mesterszakra!\"}]},{\"@type\":\"WebSite\",\"@id\":\"https:\\\/\\\/seed.hu\\\/#website\",\"url\":\"https:\\\/\\\/seed.hu\\\/\",\"name\":\"Seed\",\"description\":\"\",\"potentialAction\":[{\"@type\":\"SearchAction\",\"target\":{\"@type\":\"EntryPoint\",\"urlTemplate\":\"https:\\\/\\\/seed.hu\\\/?s={search_term_string}\"},\"query-input\":{\"@type\":\"PropertyValueSpecification\",\"valueRequired\":true,\"valueName\":\"search_term_string\"}}],\"inLanguage\":\"en-US\"}]}<\/script>\n<!-- \/ Yoast SEO plugin. -->","yoast_head_json":{"title":"Febru\u00e1r 18-ig m\u00e9g jelentkezhetsz a V\u00e1llalkoz\u00e1sfejleszt\u00e9s Mesterszakra! - Seed","robots":{"index":"index","follow":"follow","max-snippet":"max-snippet:-1","max-image-preview":"max-image-preview:large","max-video-preview":"max-video-preview:-1"},"canonical":"https:\/\/seed.hu\/hirek\/februar-18-ig-meg-jelentkezhetsz-a-vallalkozasfejlesztes-mesterszakra\/","og_locale":"en_US","og_type":"article","og_title":"Febru\u00e1r 18-ig m\u00e9g jelentkezhetsz a V\u00e1llalkoz\u00e1sfejleszt\u00e9s Mesterszakra! - Seed","og_description":"A v\u00e1llalkoz\u00f3i l\u00e9t minden fontos aspektus\u00e1t mag\u00e1ba foglal\u00f3, soksz\u00edn\u0171 k\u00e9pz\u00e9s kifejezetten a mikro- kis- \u00e9s k\u00f6z\u00e9pv\u00e1llalkoz\u00e1sokra f\u00f3kusz\u00e1l. A fejl\u0151d\u00e9st a legfrissebb tudom\u00e1nyos eredm\u00e9nyekre alapozott gyakorlatorient\u00e1lt tematika \u00e9s az oktat\u00f3k ezir\u00e1ny\u00fa speci\u00e1lis szaktud\u00e1sa mellett a t\u00e1mogat\u00f3 k\u00f6z\u00f6ss\u00e9g seg\u00edti. A hallgat\u00f3k \u2013 v\u00e1llalkoz\u00e1st tervez\u0151k, vagy ak\u00e1r m\u00e1r gyakorl\u00f3 v\u00e1llalkoz\u00f3k \u2013 egym\u00e1st\u00f3l is tanulnak a csoportmunk\u00e1k \u00e9s \u00e1lland\u00f3 [&hellip;]","og_url":"https:\/\/seed.hu\/hirek\/februar-18-ig-meg-jelentkezhetsz-a-vallalkozasfejlesztes-mesterszakra\/","og_site_name":"Seed","article_modified_time":"2022-01-17T16:50:48+00:00","og_image":[{"width":250,"height":206,"url":"https:\/\/seed.hu\/wp-content\/uploads\/2018\/04\/SEED_logo.png","type":"image\/png"}],"twitter_card":"summary_large_image","twitter_misc":{"Est. reading time":"1 minute"},"schema":{"@context":"https:\/\/schema.org","@graph":[{"@type":"WebPage","@id":"https:\/\/seed.hu\/hirek\/februar-18-ig-meg-jelentkezhetsz-a-vallalkozasfejlesztes-mesterszakra\/","url":"https:\/\/seed.hu\/hirek\/februar-18-ig-meg-jelentkezhetsz-a-vallalkozasfejlesztes-mesterszakra\/","name":"Febru\u00e1r 18-ig m\u00e9g jelentkezhetsz a V\u00e1llalkoz\u00e1sfejleszt\u00e9s Mesterszakra! - Seed","isPartOf":{"@id":"https:\/\/seed.hu\/#website"},"primaryImageOfPage":{"@id":"https:\/\/seed.hu\/hirek\/februar-18-ig-meg-jelentkezhetsz-a-vallalkozasfejlesztes-mesterszakra\/#primaryimage"},"image":{"@id":"https:\/\/seed.hu\/hirek\/februar-18-ig-meg-jelentkezhetsz-a-vallalkozasfejlesztes-mesterszakra\/#primaryimage"},"thumbnailUrl":"https:\/\/seed.hu\/wp-content\/uploads\/2018\/04\/SEED_logo.png","datePublished":"2018-02-05T16:33:10+00:00","dateModified":"2022-01-17T16:50:48+00:00","breadcrumb":{"@id":"https:\/\/seed.hu\/hirek\/februar-18-ig-meg-jelentkezhetsz-a-vallalkozasfejlesztes-mesterszakra\/#breadcrumb"},"inLanguage":"en-US","potentialAction":[{"@type":"ReadAction","target":["https:\/\/seed.hu\/hirek\/februar-18-ig-meg-jelentkezhetsz-a-vallalkozasfejlesztes-mesterszakra\/"]}]},{"@type":"ImageObject","inLanguage":"en-US","@id":"https:\/\/seed.hu\/hirek\/februar-18-ig-meg-jelentkezhetsz-a-vallalkozasfejlesztes-mesterszakra\/#primaryimage","url":"https:\/\/seed.hu\/wp-content\/uploads\/2018\/04\/SEED_logo.png","contentUrl":"https:\/\/seed.hu\/wp-content\/uploads\/2018\/04\/SEED_logo.png","width":250,"height":206},{"@type":"BreadcrumbList","@id":"https:\/\/seed.hu\/hirek\/februar-18-ig-meg-jelentkezhetsz-a-vallalkozasfejlesztes-mesterszakra\/#breadcrumb","itemListElement":[{"@type":"ListItem","position":1,"name":"H\u00edrek","item":"https:\/\/seed.hu\/hirek\/"},{"@type":"ListItem","position":2,"name":"Febru\u00e1r 18-ig m\u00e9g jelentkezhetsz a V\u00e1llalkoz\u00e1sfejleszt\u00e9s Mesterszakra!"}]},{"@type":"WebSite","@id":"https:\/\/seed.hu\/#website","url":"https:\/\/seed.hu\/","name":"Seed","description":"","potentialAction":[{"@type":"SearchAction","target":{"@type":"EntryPoint","urlTemplate":"https:\/\/seed.hu\/?s={search_term_string}"},"query-input":{"@type":"PropertyValueSpecification","valueRequired":true,"valueName":"search_term_string"}}],"inLanguage":"en-US"}]}},"_links":{"self":[{"href":"https:\/\/seed.hu\/en\/wp-json\/wp\/v2\/hirek\/787","targetHints":{"allow":["GET"]}}],"collection":[{"href":"https:\/\/seed.hu\/en\/wp-json\/wp\/v2\/hirek"}],"about":[{"href":"https:\/\/seed.hu\/en\/wp-json\/wp\/v2\/types\/hirek"}],"wp:featuredmedia":[{"embeddable":true,"href":"https:\/\/seed.hu\/en\/wp-json\/wp\/v2\/media\/792"}],"wp:attachment":[{"href":"https:\/\/seed.hu\/en\/wp-json\/wp\/v2\/media?parent=787"}],"curies":[{"name":"wp","href":"https:\/\/api.w.org\/{rel}","templated":true}]}}

Február 18-ig még jelentkezhetsz a Vállalkozásfejlesztés Mesterszakra!

<p>A vállalkozói lét minden fontos aspektusát magába foglaló, sokszínű képzés kifejezetten a mikro- kis- és középvállalkozásokra fókuszál. A fejlődést a legfrissebb tudományos eredményekre alapozott gyakorlatorientált tematika és az oktatók ezirányú speciális szaktudása mellett a támogató közösség segíti. A hallgatók – vállalkozást tervezők, vagy akár már gyakorló vállalkozók – egymástól is tanulnak a csoportmunkák és állandó tapasztalatcsere révén.</p>
<p>A képzés munka mellett végezhető, akár államilag támogatott formában is, nem csak közgazdászoknak!</p>
<p>Jelentkezési határidő: 2018. február 18.</p>
<p>További információk: <a href="https://uni-bge.hu/PSZK/Mesterkepzesek/dokumentumok/Vallalkozasfejlesztes-Mesterszak-levelezo-kepzes/Informaciok_2018_szeptembereben_indulo_kepzeshez/mester_alap.pdf">https://uni-bge.hu/PSZK/Mesterkepzesek/dokumentumok/Vallalkozasfejlesztes-Mesterszak-levelezo-kepzes/Informaciok_2018_szeptembereben_indulo_kepzeshez/mester_alap.pdf</a></p>

<!-- This site is optimized with the Yoast SEO plugin v27.4 - https://yoast.com/product/yoast-seo-wordpress/ -->
<title>Február 18-ig még jelentkezhetsz a Vállalkozásfejlesztés Mesterszakra! - Seed</title>
<meta name="robots" content="index, follow, max-snippet:-1, max-image-preview:large, max-video-preview:-1" />
<link rel="canonical" href="https://seed.hu/hirek/februar-18-ig-meg-jelentkezhetsz-a-vallalkozasfejlesztes-mesterszakra/" />
<meta property="og:locale" content="en_US" />
<meta property="og:type" content="article" />
<meta property="og:title" content="Február 18-ig még jelentkezhetsz a Vállalkozásfejlesztés Mesterszakra! - Seed" />
<meta property="og:description" content="A vállalkozói lét minden fontos aspektusát magába foglaló, sokszínű képzés kifejezetten a mikro- kis- és középvállalkozásokra fókuszál. A fejlődést a legfrissebb tudományos eredményekre alapozott gyakorlatorientált tematika és az oktatók ezirányú speciális szaktudása mellett a támogató közösség segíti. A hallgatók – vállalkozást tervezők, vagy akár már gyakorló vállalkozók – egymástól is tanulnak a csoportmunkák és állandó [&hellip;]" />
<meta property="og:url" content="https://seed.hu/hirek/februar-18-ig-meg-jelentkezhetsz-a-vallalkozasfejlesztes-mesterszakra/" />
<meta property="og:site_name" content="Seed" />
<meta property="article:modified_time" content="2022-01-17T16:50:48+00:00" />
<meta property="og:image" content="https://seed.hu/wp-content/uploads/2018/04/SEED_logo.png" />
	<meta property="og:image:width" content="250" />
	<meta property="og:image:height" content="206" />
	<meta property="og:image:type" content="image/png" />
<meta name="twitter:card" content="summary_large_image" />
<meta name="twitter:label1" content="Est. reading time" />
	<meta name="twitter:data1" content="1 minute" />
<script type="application/ld+json" class="yoast-schema-graph">{"@context":"https:\/\/schema.org","@graph":[{"@type":"WebPage","@id":"https:\/\/seed.hu\/hirek\/februar-18-ig-meg-jelentkezhetsz-a-vallalkozasfejlesztes-mesterszakra\/","url":"https:\/\/seed.hu\/hirek\/februar-18-ig-meg-jelentkezhetsz-a-vallalkozasfejlesztes-mesterszakra\/","name":"Február 18-ig még jelentkezhetsz a Vállalkozásfejlesztés Mesterszakra! - Seed","isPartOf":{"@id":"https:\/\/seed.hu\/#website"},"primaryImageOfPage":{"@id":"https:\/\/seed.hu\/hirek\/februar-18-ig-meg-jelentkezhetsz-a-vallalkozasfejlesztes-mesterszakra\/#primaryimage"},"image":{"@id":"https:\/\/seed.hu\/hirek\/februar-18-ig-meg-jelentkezhetsz-a-vallalkozasfejlesztes-mesterszakra\/#primaryimage"},"thumbnailUrl":"https:\/\/seed.hu\/wp-content\/uploads\/2018\/04\/SEED_logo.png","datePublished":"2018-02-05T16:33:10+00:00","dateModified":"2022-01-17T16:50:48+00:00","breadcrumb":{"@id":"https:\/\/seed.hu\/hirek\/februar-18-ig-meg-jelentkezhetsz-a-vallalkozasfejlesztes-mesterszakra\/#breadcrumb"},"inLanguage":"en-US","potentialAction":[{"@type":"ReadAction","target":["https:\/\/seed.hu\/hirek\/februar-18-ig-meg-jelentkezhetsz-a-vallalkozasfejlesztes-mesterszakra\/"]}]},{"@type":"ImageObject","inLanguage":"en-US","@id":"https:\/\/seed.hu\/hirek\/februar-18-ig-meg-jelentkezhetsz-a-vallalkozasfejlesztes-mesterszakra\/#primaryimage","url":"https:\/\/seed.hu\/wp-content\/uploads\/2018\/04\/SEED_logo.png","contentUrl":"https:\/\/seed.hu\/wp-content\/uploads\/2018\/04\/SEED_logo.png","width":250,"height":206},{"@type":"BreadcrumbList","@id":"https:\/\/seed.hu\/hirek\/februar-18-ig-meg-jelentkezhetsz-a-vallalkozasfejlesztes-mesterszakra\/#breadcrumb","itemListElement":[{"@type":"ListItem","position":1,"name":"Hírek","item":"https:\/\/seed.hu\/hirek\/"},{"@type":"ListItem","position":2,"name":"Február 18-ig még jelentkezhetsz a Vállalkozásfejlesztés Mesterszakra!"}]},{"@type":"WebSite","@id":"https:\/\/seed.hu\/#website","url":"https:\/\/seed.hu\/","name":"Seed","description":"","potentialAction":[{"@type":"SearchAction","target":{"@type":"EntryPoint","urlTemplate":"https:\/\/seed.hu\/?s={search_term_string}"},"query-input":{"@type":"PropertyValueSpecification","valueRequired":true,"valueName":"search_term_string"}}],"inLanguage":"en-US"}]}</script>
<!-- / Yoast SEO plugin. -->

Február 18-ig még jelentkezhetsz a Vállalkozásfejlesztés Mesterszakra! - Seed

A vállalkozói lét minden fontos aspektusát magába foglaló, sokszínű képzés kifejezetten a mikro- kis- és középvállalkozásokra fókuszál. A fejlődést a legfrissebb tudományos eredményekre alapozott gyakorlatorientált tematika és az oktatók ezirányú speciális szaktudása mellett a támogató közösség segíti. A hallgatók – vállalkozást tervezők, vagy akár már gyakorló vállalkozók – egymástól is tanulnak a csoportmunkák és állandó [&hellip;]

Hírek
