{"id":791,"date":"2018-04-09T19:08:35","date_gmt":"2018-04-09T17:08:35","guid":{"rendered":"https:\/\/seed.hu\/?post_type=hirek&#038;p=791"},"modified":"2022-01-17T17:49:34","modified_gmt":"2022-01-17T16:49:34","slug":"uj-irodaba-koltozott-a-seed-alapitvany","status":"publish","type":"hirek","link":"https:\/\/seed.hu\/en\/hirek\/uj-irodaba-koltozott-a-seed-alapitvany\/","title":{"rendered":"\u00daj irod\u00e1ba k\u00f6lt\u00f6z\u00f6tt a SEED Alap\u00edtv\u00e1ny"},"content":{"rendered":"<p>Tekintettel a SEED Alap\u00edtv\u00e1ny megn\u00f6vekedett feladatmennyis\u00e9g\u00e9re, valamint az ezzel j\u00e1r\u00f3 potenci\u00e1lis l\u00e9tsz\u00e1mb\u0151v\u00fcl\u00e9sre, az Alap\u00edtv\u00e1ny \u00e1prilis 1-j\u00e9n \u00faj irod\u00e1ba k\u00f6lt\u00f6z\u00f6tt. Az eddigi, R\u00f3mer Fl\u00f3ris utcai iroda tov\u00e1bbra is a SEED Alap\u00edtv\u00e1ny sz\u00e9khelye marad, a k\u00f6lt\u00f6z\u00e9s nyom\u00e1n felszabadul\u00f3 irodai kapacit\u00e1st a SEED Alap\u00edtv\u00e1ny inkub\u00e1ci\u00f3s tev\u00e9kenys\u00e9g\u00e9nek felfuttat\u00e1s\u00e1ra haszn\u00e1lja fel: itt ny\u00fajt majd inkub\u00e1ci\u00f3s szolg\u00e1ltat\u00e1sokat mikro- \u00e9s kisv\u00e1llalkoz\u00f3knak.<br \/>\nAz \u00faj iroda c\u00edme: 1133 Budapest, Pann\u00f3nia u. 70. I. em. 2.<br \/>\nTelefonsz\u00e1maink v\u00e1ltozatlanok.<\/p>\n","protected":false},"featured_media":792,"menu_order":0,"template":"","meta":{"_acf_changed":false},"class_list":["post-791","hirek","type-hirek","status-publish","has-post-thumbnail","hentry"],"acf":[],"yoast_head":"<!-- This site is optimized with the Yoast SEO plugin v27.4 - https:\/\/yoast.com\/product\/yoast-seo-wordpress\/ -->\n<title>\u00daj irod\u00e1ba k\u00f6lt\u00f6z\u00f6tt a SEED Alap\u00edtv\u00e1ny - Seed<\/title>\n<meta name=\"robots\" content=\"index, follow, max-snippet:-1, max-image-preview:large, max-video-preview:-1\" \/>\n<link rel=\"canonical\" href=\"https:\/\/seed.hu\/hirek\/uj-irodaba-koltozott-a-seed-alapitvany\/\" \/>\n<meta property=\"og:locale\" content=\"en_US\" \/>\n<meta property=\"og:type\" content=\"article\" \/>\n<meta property=\"og:title\" content=\"\u00daj irod\u00e1ba k\u00f6lt\u00f6z\u00f6tt a SEED Alap\u00edtv\u00e1ny - Seed\" \/>\n<meta property=\"og:description\" content=\"Tekintettel a SEED Alap\u00edtv\u00e1ny megn\u00f6vekedett feladatmennyis\u00e9g\u00e9re, valamint az ezzel j\u00e1r\u00f3 potenci\u00e1lis l\u00e9tsz\u00e1mb\u0151v\u00fcl\u00e9sre, az Alap\u00edtv\u00e1ny \u00e1prilis 1-j\u00e9n \u00faj irod\u00e1ba k\u00f6lt\u00f6z\u00f6tt. Az eddigi, R\u00f3mer Fl\u00f3ris utcai iroda tov\u00e1bbra is a SEED Alap\u00edtv\u00e1ny sz\u00e9khelye marad, a k\u00f6lt\u00f6z\u00e9s nyom\u00e1n felszabadul\u00f3 irodai kapacit\u00e1st a SEED Alap\u00edtv\u00e1ny inkub\u00e1ci\u00f3s tev\u00e9kenys\u00e9g\u00e9nek felfuttat\u00e1s\u00e1ra haszn\u00e1lja fel: itt ny\u00fajt majd inkub\u00e1ci\u00f3s szolg\u00e1ltat\u00e1sokat mikro- \u00e9s kisv\u00e1llalkoz\u00f3knak. Az [&hellip;]\" \/>\n<meta property=\"og:url\" content=\"https:\/\/seed.hu\/hirek\/uj-irodaba-koltozott-a-seed-alapitvany\/\" \/>\n<meta property=\"og:site_name\" content=\"Seed\" \/>\n<meta property=\"article:modified_time\" content=\"2022-01-17T16:49:34+00:00\" \/>\n<meta property=\"og:image\" content=\"https:\/\/seed.hu\/wp-content\/uploads\/2018\/04\/SEED_logo.png\" \/>\n\t<meta property=\"og:image:width\" content=\"250\" \/>\n\t<meta property=\"og:image:height\" content=\"206\" \/>\n\t<meta property=\"og:image:type\" content=\"image\/png\" \/>\n<meta name=\"twitter:card\" content=\"summary_large_image\" \/>\n<meta name=\"twitter:label1\" content=\"Est. reading time\" \/>\n\t<meta name=\"twitter:data1\" content=\"1 minute\" \/>\n<script type=\"application\/ld+json\" class=\"yoast-schema-graph\">{\"@context\":\"https:\\\/\\\/schema.org\",\"@graph\":[{\"@type\":\"WebPage\",\"@id\":\"https:\\\/\\\/seed.hu\\\/hirek\\\/uj-irodaba-koltozott-a-seed-alapitvany\\\/\",\"url\":\"https:\\\/\\\/seed.hu\\\/hirek\\\/uj-irodaba-koltozott-a-seed-alapitvany\\\/\",\"name\":\"\u00daj irod\u00e1ba k\u00f6lt\u00f6z\u00f6tt a SEED Alap\u00edtv\u00e1ny - Seed\",\"isPartOf\":{\"@id\":\"https:\\\/\\\/seed.hu\\\/#website\"},\"primaryImageOfPage\":{\"@id\":\"https:\\\/\\\/seed.hu\\\/hirek\\\/uj-irodaba-koltozott-a-seed-alapitvany\\\/#primaryimage\"},\"image\":{\"@id\":\"https:\\\/\\\/seed.hu\\\/hirek\\\/uj-irodaba-koltozott-a-seed-alapitvany\\\/#primaryimage\"},\"thumbnailUrl\":\"https:\\\/\\\/seed.hu\\\/wp-content\\\/uploads\\\/2018\\\/04\\\/SEED_logo.png\",\"datePublished\":\"2018-04-09T17:08:35+00:00\",\"dateModified\":\"2022-01-17T16:49:34+00:00\",\"breadcrumb\":{\"@id\":\"https:\\\/\\\/seed.hu\\\/hirek\\\/uj-irodaba-koltozott-a-seed-alapitvany\\\/#breadcrumb\"},\"inLanguage\":\"en-US\",\"potentialAction\":[{\"@type\":\"ReadAction\",\"target\":[\"https:\\\/\\\/seed.hu\\\/hirek\\\/uj-irodaba-koltozott-a-seed-alapitvany\\\/\"]}]},{\"@type\":\"ImageObject\",\"inLanguage\":\"en-US\",\"@id\":\"https:\\\/\\\/seed.hu\\\/hirek\\\/uj-irodaba-koltozott-a-seed-alapitvany\\\/#primaryimage\",\"url\":\"https:\\\/\\\/seed.hu\\\/wp-content\\\/uploads\\\/2018\\\/04\\\/SEED_logo.png\",\"contentUrl\":\"https:\\\/\\\/seed.hu\\\/wp-content\\\/uploads\\\/2018\\\/04\\\/SEED_logo.png\",\"width\":250,\"height\":206},{\"@type\":\"BreadcrumbList\",\"@id\":\"https:\\\/\\\/seed.hu\\\/hirek\\\/uj-irodaba-koltozott-a-seed-alapitvany\\\/#breadcrumb\",\"itemListElement\":[{\"@type\":\"ListItem\",\"position\":1,\"name\":\"H\u00edrek\",\"item\":\"https:\\\/\\\/seed.hu\\\/hirek\\\/\"},{\"@type\":\"ListItem\",\"position\":2,\"name\":\"\u00daj irod\u00e1ba k\u00f6lt\u00f6z\u00f6tt a SEED Alap\u00edtv\u00e1ny\"}]},{\"@type\":\"WebSite\",\"@id\":\"https:\\\/\\\/seed.hu\\\/#website\",\"url\":\"https:\\\/\\\/seed.hu\\\/\",\"name\":\"Seed\",\"description\":\"\",\"potentialAction\":[{\"@type\":\"SearchAction\",\"target\":{\"@type\":\"EntryPoint\",\"urlTemplate\":\"https:\\\/\\\/seed.hu\\\/?s={search_term_string}\"},\"query-input\":{\"@type\":\"PropertyValueSpecification\",\"valueRequired\":true,\"valueName\":\"search_term_string\"}}],\"inLanguage\":\"en-US\"}]}<\/script>\n<!-- \/ Yoast SEO plugin. -->","yoast_head_json":{"title":"\u00daj irod\u00e1ba k\u00f6lt\u00f6z\u00f6tt a SEED Alap\u00edtv\u00e1ny - Seed","robots":{"index":"index","follow":"follow","max-snippet":"max-snippet:-1","max-image-preview":"max-image-preview:large","max-video-preview":"max-video-preview:-1"},"canonical":"https:\/\/seed.hu\/hirek\/uj-irodaba-koltozott-a-seed-alapitvany\/","og_locale":"en_US","og_type":"article","og_title":"\u00daj irod\u00e1ba k\u00f6lt\u00f6z\u00f6tt a SEED Alap\u00edtv\u00e1ny - Seed","og_description":"Tekintettel a SEED Alap\u00edtv\u00e1ny megn\u00f6vekedett feladatmennyis\u00e9g\u00e9re, valamint az ezzel j\u00e1r\u00f3 potenci\u00e1lis l\u00e9tsz\u00e1mb\u0151v\u00fcl\u00e9sre, az Alap\u00edtv\u00e1ny \u00e1prilis 1-j\u00e9n \u00faj irod\u00e1ba k\u00f6lt\u00f6z\u00f6tt. Az eddigi, R\u00f3mer Fl\u00f3ris utcai iroda tov\u00e1bbra is a SEED Alap\u00edtv\u00e1ny sz\u00e9khelye marad, a k\u00f6lt\u00f6z\u00e9s nyom\u00e1n felszabadul\u00f3 irodai kapacit\u00e1st a SEED Alap\u00edtv\u00e1ny inkub\u00e1ci\u00f3s tev\u00e9kenys\u00e9g\u00e9nek felfuttat\u00e1s\u00e1ra haszn\u00e1lja fel: itt ny\u00fajt majd inkub\u00e1ci\u00f3s szolg\u00e1ltat\u00e1sokat mikro- \u00e9s kisv\u00e1llalkoz\u00f3knak. Az [&hellip;]","og_url":"https:\/\/seed.hu\/hirek\/uj-irodaba-koltozott-a-seed-alapitvany\/","og_site_name":"Seed","article_modified_time":"2022-01-17T16:49:34+00:00","og_image":[{"width":250,"height":206,"url":"https:\/\/seed.hu\/wp-content\/uploads\/2018\/04\/SEED_logo.png","type":"image\/png"}],"twitter_card":"summary_large_image","twitter_misc":{"Est. reading time":"1 minute"},"schema":{"@context":"https:\/\/schema.org","@graph":[{"@type":"WebPage","@id":"https:\/\/seed.hu\/hirek\/uj-irodaba-koltozott-a-seed-alapitvany\/","url":"https:\/\/seed.hu\/hirek\/uj-irodaba-koltozott-a-seed-alapitvany\/","name":"\u00daj irod\u00e1ba k\u00f6lt\u00f6z\u00f6tt a SEED Alap\u00edtv\u00e1ny - Seed","isPartOf":{"@id":"https:\/\/seed.hu\/#website"},"primaryImageOfPage":{"@id":"https:\/\/seed.hu\/hirek\/uj-irodaba-koltozott-a-seed-alapitvany\/#primaryimage"},"image":{"@id":"https:\/\/seed.hu\/hirek\/uj-irodaba-koltozott-a-seed-alapitvany\/#primaryimage"},"thumbnailUrl":"https:\/\/seed.hu\/wp-content\/uploads\/2018\/04\/SEED_logo.png","datePublished":"2018-04-09T17:08:35+00:00","dateModified":"2022-01-17T16:49:34+00:00","breadcrumb":{"@id":"https:\/\/seed.hu\/hirek\/uj-irodaba-koltozott-a-seed-alapitvany\/#breadcrumb"},"inLanguage":"en-US","potentialAction":[{"@type":"ReadAction","target":["https:\/\/seed.hu\/hirek\/uj-irodaba-koltozott-a-seed-alapitvany\/"]}]},{"@type":"ImageObject","inLanguage":"en-US","@id":"https:\/\/seed.hu\/hirek\/uj-irodaba-koltozott-a-seed-alapitvany\/#primaryimage","url":"https:\/\/seed.hu\/wp-content\/uploads\/2018\/04\/SEED_logo.png","contentUrl":"https:\/\/seed.hu\/wp-content\/uploads\/2018\/04\/SEED_logo.png","width":250,"height":206},{"@type":"BreadcrumbList","@id":"https:\/\/seed.hu\/hirek\/uj-irodaba-koltozott-a-seed-alapitvany\/#breadcrumb","itemListElement":[{"@type":"ListItem","position":1,"name":"H\u00edrek","item":"https:\/\/seed.hu\/hirek\/"},{"@type":"ListItem","position":2,"name":"\u00daj irod\u00e1ba k\u00f6lt\u00f6z\u00f6tt a SEED Alap\u00edtv\u00e1ny"}]},{"@type":"WebSite","@id":"https:\/\/seed.hu\/#website","url":"https:\/\/seed.hu\/","name":"Seed","description":"","potentialAction":[{"@type":"SearchAction","target":{"@type":"EntryPoint","urlTemplate":"https:\/\/seed.hu\/?s={search_term_string}"},"query-input":{"@type":"PropertyValueSpecification","valueRequired":true,"valueName":"search_term_string"}}],"inLanguage":"en-US"}]}},"_links":{"self":[{"href":"https:\/\/seed.hu\/en\/wp-json\/wp\/v2\/hirek\/791","targetHints":{"allow":["GET"]}}],"collection":[{"href":"https:\/\/seed.hu\/en\/wp-json\/wp\/v2\/hirek"}],"about":[{"href":"https:\/\/seed.hu\/en\/wp-json\/wp\/v2\/types\/hirek"}],"wp:featuredmedia":[{"embeddable":true,"href":"https:\/\/seed.hu\/en\/wp-json\/wp\/v2\/media\/792"}],"wp:attachment":[{"href":"https:\/\/seed.hu\/en\/wp-json\/wp\/v2\/media?parent=791"}],"curies":[{"name":"wp","href":"https:\/\/api.w.org\/{rel}","templated":true}]}}

Új irodába költözött a SEED Alapítvány

<p>Tekintettel a SEED Alapítvány megnövekedett feladatmennyiségére, valamint az ezzel járó potenciális létszámbővülésre, az Alapítvány április 1-jén új irodába költözött. Az eddigi, Rómer Flóris utcai iroda továbbra is a SEED Alapítvány székhelye marad, a költözés nyomán felszabaduló irodai kapacitást a SEED Alapítvány inkubációs tevékenységének felfuttatására használja fel: itt nyújt majd inkubációs szolgáltatásokat mikro- és kisvállalkozóknak.<br />
Az új iroda címe: 1133 Budapest, Pannónia u. 70. I. em. 2.<br />
Telefonszámaink változatlanok.</p>

<!-- This site is optimized with the Yoast SEO plugin v27.4 - https://yoast.com/product/yoast-seo-wordpress/ -->
<title>Új irodába költözött a SEED Alapítvány - Seed</title>
<meta name="robots" content="index, follow, max-snippet:-1, max-image-preview:large, max-video-preview:-1" />
<link rel="canonical" href="https://seed.hu/hirek/uj-irodaba-koltozott-a-seed-alapitvany/" />
<meta property="og:locale" content="en_US" />
<meta property="og:type" content="article" />
<meta property="og:title" content="Új irodába költözött a SEED Alapítvány - Seed" />
<meta property="og:description" content="Tekintettel a SEED Alapítvány megnövekedett feladatmennyiségére, valamint az ezzel járó potenciális létszámbővülésre, az Alapítvány április 1-jén új irodába költözött. Az eddigi, Rómer Flóris utcai iroda továbbra is a SEED Alapítvány székhelye marad, a költözés nyomán felszabaduló irodai kapacitást a SEED Alapítvány inkubációs tevékenységének felfuttatására használja fel: itt nyújt majd inkubációs szolgáltatásokat mikro- és kisvállalkozóknak. Az [&hellip;]" />
<meta property="og:url" content="https://seed.hu/hirek/uj-irodaba-koltozott-a-seed-alapitvany/" />
<meta property="og:site_name" content="Seed" />
<meta property="article:modified_time" content="2022-01-17T16:49:34+00:00" />
<meta property="og:image" content="https://seed.hu/wp-content/uploads/2018/04/SEED_logo.png" />
	<meta property="og:image:width" content="250" />
	<meta property="og:image:height" content="206" />
	<meta property="og:image:type" content="image/png" />
<meta name="twitter:card" content="summary_large_image" />
<meta name="twitter:label1" content="Est. reading time" />
	<meta name="twitter:data1" content="1 minute" />
<script type="application/ld+json" class="yoast-schema-graph">{"@context":"https:\/\/schema.org","@graph":[{"@type":"WebPage","@id":"https:\/\/seed.hu\/hirek\/uj-irodaba-koltozott-a-seed-alapitvany\/","url":"https:\/\/seed.hu\/hirek\/uj-irodaba-koltozott-a-seed-alapitvany\/","name":"Új irodába költözött a SEED Alapítvány - Seed","isPartOf":{"@id":"https:\/\/seed.hu\/#website"},"primaryImageOfPage":{"@id":"https:\/\/seed.hu\/hirek\/uj-irodaba-koltozott-a-seed-alapitvany\/#primaryimage"},"image":{"@id":"https:\/\/seed.hu\/hirek\/uj-irodaba-koltozott-a-seed-alapitvany\/#primaryimage"},"thumbnailUrl":"https:\/\/seed.hu\/wp-content\/uploads\/2018\/04\/SEED_logo.png","datePublished":"2018-04-09T17:08:35+00:00","dateModified":"2022-01-17T16:49:34+00:00","breadcrumb":{"@id":"https:\/\/seed.hu\/hirek\/uj-irodaba-koltozott-a-seed-alapitvany\/#breadcrumb"},"inLanguage":"en-US","potentialAction":[{"@type":"ReadAction","target":["https:\/\/seed.hu\/hirek\/uj-irodaba-koltozott-a-seed-alapitvany\/"]}]},{"@type":"ImageObject","inLanguage":"en-US","@id":"https:\/\/seed.hu\/hirek\/uj-irodaba-koltozott-a-seed-alapitvany\/#primaryimage","url":"https:\/\/seed.hu\/wp-content\/uploads\/2018\/04\/SEED_logo.png","contentUrl":"https:\/\/seed.hu\/wp-content\/uploads\/2018\/04\/SEED_logo.png","width":250,"height":206},{"@type":"BreadcrumbList","@id":"https:\/\/seed.hu\/hirek\/uj-irodaba-koltozott-a-seed-alapitvany\/#breadcrumb","itemListElement":[{"@type":"ListItem","position":1,"name":"Hírek","item":"https:\/\/seed.hu\/hirek\/"},{"@type":"ListItem","position":2,"name":"Új irodába költözött a SEED Alapítvány"}]},{"@type":"WebSite","@id":"https:\/\/seed.hu\/#website","url":"https:\/\/seed.hu\/","name":"Seed","description":"","potentialAction":[{"@type":"SearchAction","target":{"@type":"EntryPoint","urlTemplate":"https:\/\/seed.hu\/?s={search_term_string}"},"query-input":{"@type":"PropertyValueSpecification","valueRequired":true,"valueName":"search_term_string"}}],"inLanguage":"en-US"}]}</script>
<!-- / Yoast SEO plugin. -->

Új irodába költözött a SEED Alapítvány - Seed

Tekintettel a SEED Alapítvány megnövekedett feladatmennyiségére, valamint az ezzel járó potenciális létszámbővülésre, az Alapítvány április 1-jén új irodába költözött. Az eddigi, Rómer Flóris utcai iroda továbbra is a SEED Alapítvány székhelye marad, a költözés nyomán felszabaduló irodai kapacitást a SEED Alapítvány inkubációs tevékenységének felfuttatására használja fel: itt nyújt majd inkubációs szolgáltatásokat mikro- és kisvállalkozóknak. Az [&hellip;]

Hírek
