{"id":802,"date":"2018-05-18T14:55:13","date_gmt":"2018-05-18T12:55:13","guid":{"rendered":"https:\/\/seed.hu\/?post_type=hirek&#038;p=802"},"modified":"2022-01-17T20:38:38","modified_gmt":"2022-01-17T19:38:38","slug":"ajanlja-iden-is-adoja-1-at-nekunk","status":"publish","type":"hirek","link":"https:\/\/seed.hu\/en\/hirek\/ajanlja-iden-is-adoja-1-at-nekunk\/","title":{"rendered":"Aj\u00e1nlja id\u00e9n is ad\u00f3ja 1%-\u00e1t nek\u00fcnk!"},"content":{"rendered":"<p>Tisztelt Ad\u00f3z\u00f3!<\/p>\n<p>Mint minden \u00e9vben, az id\u00e9n is rendelkezhetnek az ad\u00f3z\u00f3 \u00e1llampolg\u00e1rok arr\u00f3l, hogy mely civil szervezetnek aj\u00e1nlj\u00e1k fel szem\u00e9lyi j\u00f6vedelemad\u00f3juk 1%-\u00e1t. Engedje meg, hogy figyelm\u00e9be aj\u00e1nljuk alap\u00edtv\u00e1nyunkat, a Kisv\u00e1llalkoz\u00e1s-fejleszt\u00e9si Alap\u00edtv\u00e1nyt, amely f\u0151leg n\u0151i, fiatal \u00e9s 50. \u00e9let\u00e9v\u00fcket bet\u00f6lt\u00f6tt v\u00e1llalkoz\u00f3knak\/v\u00e1llalkoz\u00f3v\u00e1 v\u00e1lni k\u00edv\u00e1n\u00f3 mag\u00e1nszem\u00e9lyeknek ny\u00fajt szakmai seg\u00edts\u00e9get v\u00e1llalkoz\u00e1suk elind\u00edt\u00e1s\u00e1hoz, felfuttat\u00e1s\u00e1hoz, kiteljes\u00edt\u00e9s\u00e9hez az es\u00e9lyegyenl\u0151s\u00e9g \u00e9s a fenntarthat\u00f3s\u00e1g jegy\u00e9ben. K\u00e9rj\u00fck, hogy ad\u00f3ja 1%-\u00e1nak felaj\u00e1nl\u00e1s\u00e1val seg\u00edtse a v\u00e1llalkoz\u00f3i kult\u00fara elterjed\u00e9s\u00e9t \u00e9s elm\u00e9ly\u00fcl\u00e9s\u00e9t Magyarorsz\u00e1gon.<\/p>\n<p style=\"text-align: center;\"><img decoding=\"async\" src=\"http:\/\/seed.hu\/files\/attachments\/inline\/image.png\" alt=\"\" \/><\/p>\n<p>&nbsp;<\/p>\n<p>Ad\u00f3sz\u00e1munk:\u00a0 19014812-2-41<\/p>\n<p>K\u00f6sz\u00f6nettel:<\/p>\n<p>Kisv\u00e1llalkoz\u00e1s-fejleszt\u00e9si Alap\u00edtv\u00e1ny<\/p>\n","protected":false},"featured_media":863,"menu_order":0,"template":"","meta":{"_acf_changed":false},"class_list":["post-802","hirek","type-hirek","status-publish","has-post-thumbnail","hentry"],"acf":[],"yoast_head":"<!-- This site is optimized with the Yoast SEO plugin v27.4 - https:\/\/yoast.com\/product\/yoast-seo-wordpress\/ -->\n<title>Aj\u00e1nlja id\u00e9n is ad\u00f3ja 1%-\u00e1t nek\u00fcnk! - Seed<\/title>\n<meta name=\"robots\" content=\"index, follow, max-snippet:-1, max-image-preview:large, max-video-preview:-1\" \/>\n<link rel=\"canonical\" href=\"https:\/\/seed.hu\/hirek\/ajanlja-iden-is-adoja-1-at-nekunk\/\" \/>\n<meta property=\"og:locale\" content=\"en_US\" \/>\n<meta property=\"og:type\" content=\"article\" \/>\n<meta property=\"og:title\" content=\"Aj\u00e1nlja id\u00e9n is ad\u00f3ja 1%-\u00e1t nek\u00fcnk! - Seed\" \/>\n<meta property=\"og:description\" content=\"Tisztelt Ad\u00f3z\u00f3! Mint minden \u00e9vben, az id\u00e9n is rendelkezhetnek az ad\u00f3z\u00f3 \u00e1llampolg\u00e1rok arr\u00f3l, hogy mely civil szervezetnek aj\u00e1nlj\u00e1k fel szem\u00e9lyi j\u00f6vedelemad\u00f3juk 1%-\u00e1t. Engedje meg, hogy figyelm\u00e9be aj\u00e1nljuk alap\u00edtv\u00e1nyunkat, a Kisv\u00e1llalkoz\u00e1s-fejleszt\u00e9si Alap\u00edtv\u00e1nyt, amely f\u0151leg n\u0151i, fiatal \u00e9s 50. \u00e9let\u00e9v\u00fcket bet\u00f6lt\u00f6tt v\u00e1llalkoz\u00f3knak\/v\u00e1llalkoz\u00f3v\u00e1 v\u00e1lni k\u00edv\u00e1n\u00f3 mag\u00e1nszem\u00e9lyeknek ny\u00fajt szakmai seg\u00edts\u00e9get v\u00e1llalkoz\u00e1suk elind\u00edt\u00e1s\u00e1hoz, felfuttat\u00e1s\u00e1hoz, kiteljes\u00edt\u00e9s\u00e9hez az es\u00e9lyegyenl\u0151s\u00e9g \u00e9s a fenntarthat\u00f3s\u00e1g [&hellip;]\" \/>\n<meta property=\"og:url\" content=\"https:\/\/seed.hu\/hirek\/ajanlja-iden-is-adoja-1-at-nekunk\/\" \/>\n<meta property=\"og:site_name\" content=\"Seed\" \/>\n<meta property=\"article:modified_time\" content=\"2022-01-17T19:38:38+00:00\" \/>\n<meta property=\"og:image\" content=\"https:\/\/seed.hu\/wp-content\/uploads\/2022\/01\/1szazalek_223x203.png\" \/>\n\t<meta property=\"og:image:width\" content=\"223\" \/>\n\t<meta property=\"og:image:height\" content=\"203\" \/>\n\t<meta property=\"og:image:type\" content=\"image\/png\" \/>\n<meta name=\"twitter:card\" content=\"summary_large_image\" \/>\n<meta name=\"twitter:label1\" content=\"Est. reading time\" \/>\n\t<meta name=\"twitter:data1\" content=\"1 minute\" \/>\n<script type=\"application\/ld+json\" class=\"yoast-schema-graph\">{\"@context\":\"https:\\\/\\\/schema.org\",\"@graph\":[{\"@type\":\"WebPage\",\"@id\":\"https:\\\/\\\/seed.hu\\\/hirek\\\/ajanlja-iden-is-adoja-1-at-nekunk\\\/\",\"url\":\"https:\\\/\\\/seed.hu\\\/hirek\\\/ajanlja-iden-is-adoja-1-at-nekunk\\\/\",\"name\":\"Aj\u00e1nlja id\u00e9n is ad\u00f3ja 1%-\u00e1t nek\u00fcnk! - Seed\",\"isPartOf\":{\"@id\":\"https:\\\/\\\/seed.hu\\\/#website\"},\"primaryImageOfPage\":{\"@id\":\"https:\\\/\\\/seed.hu\\\/hirek\\\/ajanlja-iden-is-adoja-1-at-nekunk\\\/#primaryimage\"},\"image\":{\"@id\":\"https:\\\/\\\/seed.hu\\\/hirek\\\/ajanlja-iden-is-adoja-1-at-nekunk\\\/#primaryimage\"},\"thumbnailUrl\":\"https:\\\/\\\/seed.hu\\\/wp-content\\\/uploads\\\/2022\\\/01\\\/1szazalek_223x203.png\",\"datePublished\":\"2018-05-18T12:55:13+00:00\",\"dateModified\":\"2022-01-17T19:38:38+00:00\",\"breadcrumb\":{\"@id\":\"https:\\\/\\\/seed.hu\\\/hirek\\\/ajanlja-iden-is-adoja-1-at-nekunk\\\/#breadcrumb\"},\"inLanguage\":\"en-US\",\"potentialAction\":[{\"@type\":\"ReadAction\",\"target\":[\"https:\\\/\\\/seed.hu\\\/hirek\\\/ajanlja-iden-is-adoja-1-at-nekunk\\\/\"]}]},{\"@type\":\"ImageObject\",\"inLanguage\":\"en-US\",\"@id\":\"https:\\\/\\\/seed.hu\\\/hirek\\\/ajanlja-iden-is-adoja-1-at-nekunk\\\/#primaryimage\",\"url\":\"https:\\\/\\\/seed.hu\\\/wp-content\\\/uploads\\\/2022\\\/01\\\/1szazalek_223x203.png\",\"contentUrl\":\"https:\\\/\\\/seed.hu\\\/wp-content\\\/uploads\\\/2022\\\/01\\\/1szazalek_223x203.png\",\"width\":223,\"height\":203},{\"@type\":\"BreadcrumbList\",\"@id\":\"https:\\\/\\\/seed.hu\\\/hirek\\\/ajanlja-iden-is-adoja-1-at-nekunk\\\/#breadcrumb\",\"itemListElement\":[{\"@type\":\"ListItem\",\"position\":1,\"name\":\"H\u00edrek\",\"item\":\"https:\\\/\\\/seed.hu\\\/hirek\\\/\"},{\"@type\":\"ListItem\",\"position\":2,\"name\":\"Aj\u00e1nlja id\u00e9n is ad\u00f3ja 1%-\u00e1t nek\u00fcnk!\"}]},{\"@type\":\"WebSite\",\"@id\":\"https:\\\/\\\/seed.hu\\\/#website\",\"url\":\"https:\\\/\\\/seed.hu\\\/\",\"name\":\"Seed\",\"description\":\"\",\"potentialAction\":[{\"@type\":\"SearchAction\",\"target\":{\"@type\":\"EntryPoint\",\"urlTemplate\":\"https:\\\/\\\/seed.hu\\\/?s={search_term_string}\"},\"query-input\":{\"@type\":\"PropertyValueSpecification\",\"valueRequired\":true,\"valueName\":\"search_term_string\"}}],\"inLanguage\":\"en-US\"}]}<\/script>\n<!-- \/ Yoast SEO plugin. -->","yoast_head_json":{"title":"Aj\u00e1nlja id\u00e9n is ad\u00f3ja 1%-\u00e1t nek\u00fcnk! - Seed","robots":{"index":"index","follow":"follow","max-snippet":"max-snippet:-1","max-image-preview":"max-image-preview:large","max-video-preview":"max-video-preview:-1"},"canonical":"https:\/\/seed.hu\/hirek\/ajanlja-iden-is-adoja-1-at-nekunk\/","og_locale":"en_US","og_type":"article","og_title":"Aj\u00e1nlja id\u00e9n is ad\u00f3ja 1%-\u00e1t nek\u00fcnk! - Seed","og_description":"Tisztelt Ad\u00f3z\u00f3! Mint minden \u00e9vben, az id\u00e9n is rendelkezhetnek az ad\u00f3z\u00f3 \u00e1llampolg\u00e1rok arr\u00f3l, hogy mely civil szervezetnek aj\u00e1nlj\u00e1k fel szem\u00e9lyi j\u00f6vedelemad\u00f3juk 1%-\u00e1t. Engedje meg, hogy figyelm\u00e9be aj\u00e1nljuk alap\u00edtv\u00e1nyunkat, a Kisv\u00e1llalkoz\u00e1s-fejleszt\u00e9si Alap\u00edtv\u00e1nyt, amely f\u0151leg n\u0151i, fiatal \u00e9s 50. \u00e9let\u00e9v\u00fcket bet\u00f6lt\u00f6tt v\u00e1llalkoz\u00f3knak\/v\u00e1llalkoz\u00f3v\u00e1 v\u00e1lni k\u00edv\u00e1n\u00f3 mag\u00e1nszem\u00e9lyeknek ny\u00fajt szakmai seg\u00edts\u00e9get v\u00e1llalkoz\u00e1suk elind\u00edt\u00e1s\u00e1hoz, felfuttat\u00e1s\u00e1hoz, kiteljes\u00edt\u00e9s\u00e9hez az es\u00e9lyegyenl\u0151s\u00e9g \u00e9s a fenntarthat\u00f3s\u00e1g [&hellip;]","og_url":"https:\/\/seed.hu\/hirek\/ajanlja-iden-is-adoja-1-at-nekunk\/","og_site_name":"Seed","article_modified_time":"2022-01-17T19:38:38+00:00","og_image":[{"width":223,"height":203,"url":"https:\/\/seed.hu\/wp-content\/uploads\/2022\/01\/1szazalek_223x203.png","type":"image\/png"}],"twitter_card":"summary_large_image","twitter_misc":{"Est. reading time":"1 minute"},"schema":{"@context":"https:\/\/schema.org","@graph":[{"@type":"WebPage","@id":"https:\/\/seed.hu\/hirek\/ajanlja-iden-is-adoja-1-at-nekunk\/","url":"https:\/\/seed.hu\/hirek\/ajanlja-iden-is-adoja-1-at-nekunk\/","name":"Aj\u00e1nlja id\u00e9n is ad\u00f3ja 1%-\u00e1t nek\u00fcnk! - Seed","isPartOf":{"@id":"https:\/\/seed.hu\/#website"},"primaryImageOfPage":{"@id":"https:\/\/seed.hu\/hirek\/ajanlja-iden-is-adoja-1-at-nekunk\/#primaryimage"},"image":{"@id":"https:\/\/seed.hu\/hirek\/ajanlja-iden-is-adoja-1-at-nekunk\/#primaryimage"},"thumbnailUrl":"https:\/\/seed.hu\/wp-content\/uploads\/2022\/01\/1szazalek_223x203.png","datePublished":"2018-05-18T12:55:13+00:00","dateModified":"2022-01-17T19:38:38+00:00","breadcrumb":{"@id":"https:\/\/seed.hu\/hirek\/ajanlja-iden-is-adoja-1-at-nekunk\/#breadcrumb"},"inLanguage":"en-US","potentialAction":[{"@type":"ReadAction","target":["https:\/\/seed.hu\/hirek\/ajanlja-iden-is-adoja-1-at-nekunk\/"]}]},{"@type":"ImageObject","inLanguage":"en-US","@id":"https:\/\/seed.hu\/hirek\/ajanlja-iden-is-adoja-1-at-nekunk\/#primaryimage","url":"https:\/\/seed.hu\/wp-content\/uploads\/2022\/01\/1szazalek_223x203.png","contentUrl":"https:\/\/seed.hu\/wp-content\/uploads\/2022\/01\/1szazalek_223x203.png","width":223,"height":203},{"@type":"BreadcrumbList","@id":"https:\/\/seed.hu\/hirek\/ajanlja-iden-is-adoja-1-at-nekunk\/#breadcrumb","itemListElement":[{"@type":"ListItem","position":1,"name":"H\u00edrek","item":"https:\/\/seed.hu\/hirek\/"},{"@type":"ListItem","position":2,"name":"Aj\u00e1nlja id\u00e9n is ad\u00f3ja 1%-\u00e1t nek\u00fcnk!"}]},{"@type":"WebSite","@id":"https:\/\/seed.hu\/#website","url":"https:\/\/seed.hu\/","name":"Seed","description":"","potentialAction":[{"@type":"SearchAction","target":{"@type":"EntryPoint","urlTemplate":"https:\/\/seed.hu\/?s={search_term_string}"},"query-input":{"@type":"PropertyValueSpecification","valueRequired":true,"valueName":"search_term_string"}}],"inLanguage":"en-US"}]}},"_links":{"self":[{"href":"https:\/\/seed.hu\/en\/wp-json\/wp\/v2\/hirek\/802","targetHints":{"allow":["GET"]}}],"collection":[{"href":"https:\/\/seed.hu\/en\/wp-json\/wp\/v2\/hirek"}],"about":[{"href":"https:\/\/seed.hu\/en\/wp-json\/wp\/v2\/types\/hirek"}],"wp:featuredmedia":[{"embeddable":true,"href":"https:\/\/seed.hu\/en\/wp-json\/wp\/v2\/media\/863"}],"wp:attachment":[{"href":"https:\/\/seed.hu\/en\/wp-json\/wp\/v2\/media?parent=802"}],"curies":[{"name":"wp","href":"https:\/\/api.w.org\/{rel}","templated":true}]}}

Ajánlja idén is adója 1%-át nekünk!

<p>Tisztelt Adózó!</p>
<p>Mint minden évben, az idén is rendelkezhetnek az adózó állampolgárok arról, hogy mely civil szervezetnek ajánlják fel személyi jövedelemadójuk 1%-át. Engedje meg, hogy figyelmébe ajánljuk alapítványunkat, a Kisvállalkozás-fejlesztési Alapítványt, amely főleg női, fiatal és 50. életévüket betöltött vállalkozóknak/vállalkozóvá válni kívánó magánszemélyeknek nyújt szakmai segítséget vállalkozásuk elindításához, felfuttatásához, kiteljesítéséhez az esélyegyenlőség és a fenntarthatóság jegyében. Kérjük, hogy adója 1%-ának felajánlásával segítse a vállalkozói kultúra elterjedését és elmélyülését Magyarországon.</p>
<p style="text-align: center;"><img decoding="async" src="http://seed.hu/files/attachments/inline/image.png" alt="" /></p>
<p>&nbsp;</p>
<p>Adószámunk:  19014812-2-41</p>
<p>Köszönettel:</p>
<p>Kisvállalkozás-fejlesztési Alapítvány</p>

<!-- This site is optimized with the Yoast SEO plugin v27.4 - https://yoast.com/product/yoast-seo-wordpress/ -->
<title>Ajánlja idén is adója 1%-át nekünk! - Seed</title>
<meta name="robots" content="index, follow, max-snippet:-1, max-image-preview:large, max-video-preview:-1" />
<link rel="canonical" href="https://seed.hu/hirek/ajanlja-iden-is-adoja-1-at-nekunk/" />
<meta property="og:locale" content="en_US" />
<meta property="og:type" content="article" />
<meta property="og:title" content="Ajánlja idén is adója 1%-át nekünk! - Seed" />
<meta property="og:description" content="Tisztelt Adózó! Mint minden évben, az idén is rendelkezhetnek az adózó állampolgárok arról, hogy mely civil szervezetnek ajánlják fel személyi jövedelemadójuk 1%-át. Engedje meg, hogy figyelmébe ajánljuk alapítványunkat, a Kisvállalkozás-fejlesztési Alapítványt, amely főleg női, fiatal és 50. életévüket betöltött vállalkozóknak/vállalkozóvá válni kívánó magánszemélyeknek nyújt szakmai segítséget vállalkozásuk elindításához, felfuttatásához, kiteljesítéséhez az esélyegyenlőség és a fenntarthatóság [&hellip;]" />
<meta property="og:url" content="https://seed.hu/hirek/ajanlja-iden-is-adoja-1-at-nekunk/" />
<meta property="og:site_name" content="Seed" />
<meta property="article:modified_time" content="2022-01-17T19:38:38+00:00" />
<meta property="og:image" content="https://seed.hu/wp-content/uploads/2022/01/1szazalek_223x203.png" />
	<meta property="og:image:width" content="223" />
	<meta property="og:image:height" content="203" />
	<meta property="og:image:type" content="image/png" />
<meta name="twitter:card" content="summary_large_image" />
<meta name="twitter:label1" content="Est. reading time" />
	<meta name="twitter:data1" content="1 minute" />
<script type="application/ld+json" class="yoast-schema-graph">{"@context":"https:\/\/schema.org","@graph":[{"@type":"WebPage","@id":"https:\/\/seed.hu\/hirek\/ajanlja-iden-is-adoja-1-at-nekunk\/","url":"https:\/\/seed.hu\/hirek\/ajanlja-iden-is-adoja-1-at-nekunk\/","name":"Ajánlja idén is adója 1%-át nekünk! - Seed","isPartOf":{"@id":"https:\/\/seed.hu\/#website"},"primaryImageOfPage":{"@id":"https:\/\/seed.hu\/hirek\/ajanlja-iden-is-adoja-1-at-nekunk\/#primaryimage"},"image":{"@id":"https:\/\/seed.hu\/hirek\/ajanlja-iden-is-adoja-1-at-nekunk\/#primaryimage"},"thumbnailUrl":"https:\/\/seed.hu\/wp-content\/uploads\/2022\/01\/1szazalek_223x203.png","datePublished":"2018-05-18T12:55:13+00:00","dateModified":"2022-01-17T19:38:38+00:00","breadcrumb":{"@id":"https:\/\/seed.hu\/hirek\/ajanlja-iden-is-adoja-1-at-nekunk\/#breadcrumb"},"inLanguage":"en-US","potentialAction":[{"@type":"ReadAction","target":["https:\/\/seed.hu\/hirek\/ajanlja-iden-is-adoja-1-at-nekunk\/"]}]},{"@type":"ImageObject","inLanguage":"en-US","@id":"https:\/\/seed.hu\/hirek\/ajanlja-iden-is-adoja-1-at-nekunk\/#primaryimage","url":"https:\/\/seed.hu\/wp-content\/uploads\/2022\/01\/1szazalek_223x203.png","contentUrl":"https:\/\/seed.hu\/wp-content\/uploads\/2022\/01\/1szazalek_223x203.png","width":223,"height":203},{"@type":"BreadcrumbList","@id":"https:\/\/seed.hu\/hirek\/ajanlja-iden-is-adoja-1-at-nekunk\/#breadcrumb","itemListElement":[{"@type":"ListItem","position":1,"name":"Hírek","item":"https:\/\/seed.hu\/hirek\/"},{"@type":"ListItem","position":2,"name":"Ajánlja idén is adója 1%-át nekünk!"}]},{"@type":"WebSite","@id":"https:\/\/seed.hu\/#website","url":"https:\/\/seed.hu\/","name":"Seed","description":"","potentialAction":[{"@type":"SearchAction","target":{"@type":"EntryPoint","urlTemplate":"https:\/\/seed.hu\/?s={search_term_string}"},"query-input":{"@type":"PropertyValueSpecification","valueRequired":true,"valueName":"search_term_string"}}],"inLanguage":"en-US"}]}</script>
<!-- / Yoast SEO plugin. -->

Ajánlja idén is adója 1%-át nekünk! - Seed

Tisztelt Adózó! Mint minden évben, az idén is rendelkezhetnek az adózó állampolgárok arról, hogy mely civil szervezetnek ajánlják fel személyi jövedelemadójuk 1%-át. Engedje meg, hogy figyelmébe ajánljuk alapítványunkat, a Kisvállalkozás-fejlesztési Alapítványt, amely főleg női, fiatal és 50. életévüket betöltött vállalkozóknak/vállalkozóvá válni kívánó magánszemélyeknek nyújt szakmai segítséget vállalkozásuk elindításához, felfuttatásához, kiteljesítéséhez az esélyegyenlőség és a fenntarthatóság [&hellip;]

Hírek
