{"id":805,"date":"2018-05-18T15:23:18","date_gmt":"2018-05-18T13:23:18","guid":{"rendered":"https:\/\/seed.hu\/?post_type=hirek&#038;p=805"},"modified":"2022-01-17T18:15:39","modified_gmt":"2022-01-17T17:15:39","slug":"fontos-hataridok-2018-majusban","status":"publish","type":"hirek","link":"https:\/\/seed.hu\/en\/hirek\/fontos-hataridok-2018-majusban\/","title":{"rendered":"Fontos hat\u00e1rid\u0151k 2018. m\u00e1jusban"},"content":{"rendered":"<p>2018.05.22. Az szja-bevall\u00e1s v\u00e9gs\u0151 hat\u00e1rideje<br \/>\n2018.05.22. 1+1 sz\u00e1zal\u00e9k felaj\u00e1nl\u00e1sa<br \/>\n2018.05.22. Egy\u00e9ni v\u00e1llalkoz\u00f3k szja bevall\u00e1sa (ha tev\u00e9kenys\u00e9g\u00e9t sz\u00fcnetelteti vagy az megsz\u0171nt)<br \/>\n2018.05.25. Az Eur\u00f3pai Parlament \u00faj \u00c1ltal\u00e1nos Adatv\u00e9delmi Rendelete\u00a0(GDPR &#8211; General Data Protection Regulation) hat\u00e1lyba l\u00e9p<br \/>\n2018.05.31. Ipar\u0171z\u00e9si Ad\u00f3bevall\u00e1s, T\u00e1rsas\u00e1gi Ad\u00f3bevall\u00e1s \u00e9s 2017. \u00e9vi Besz\u00e1mol\u00f3 elk\u00e9sz\u00edt\u00e9se<\/p>\n<p>Fizetnival\u00f3k:<br \/>\nSzem\u00e9lyi j\u00f6vedelemad\u00f3, Eg\u00e9szs\u00e9g\u00fcgyi hozz\u00e1j\u00e1rul\u00e1s,<br \/>\nT\u00e1rsas\u00e1gi ad\u00f3, Ipar\u0171z\u00e9si ad\u00f3<\/p>\n<p><span style=\"color: null;\"><strong>A hat\u00e1rid\u0151k be nem tart\u00e1sa, k\u00e9sedelmes teljes\u00edt\u00e9se<br \/>\nAd\u00f3hat\u00f3s\u00e1gi b\u00edrs\u00e1got von maga ut\u00e1n!<\/strong><\/span><\/p>\n","protected":false},"featured_media":792,"menu_order":0,"template":"","meta":{"_acf_changed":false},"class_list":["post-805","hirek","type-hirek","status-publish","has-post-thumbnail","hentry"],"acf":[],"yoast_head":"<!-- This site is optimized with the Yoast SEO plugin v27.4 - https:\/\/yoast.com\/product\/yoast-seo-wordpress\/ -->\n<title>Fontos hat\u00e1rid\u0151k 2018. m\u00e1jusban - Seed<\/title>\n<meta name=\"robots\" content=\"index, follow, max-snippet:-1, max-image-preview:large, max-video-preview:-1\" \/>\n<link rel=\"canonical\" href=\"https:\/\/seed.hu\/hirek\/fontos-hataridok-2018-majusban\/\" \/>\n<meta property=\"og:locale\" content=\"en_US\" \/>\n<meta property=\"og:type\" content=\"article\" \/>\n<meta property=\"og:title\" content=\"Fontos hat\u00e1rid\u0151k 2018. m\u00e1jusban - Seed\" \/>\n<meta property=\"og:description\" content=\"2018.05.22. Az szja-bevall\u00e1s v\u00e9gs\u0151 hat\u00e1rideje 2018.05.22. 1+1 sz\u00e1zal\u00e9k felaj\u00e1nl\u00e1sa 2018.05.22. Egy\u00e9ni v\u00e1llalkoz\u00f3k szja bevall\u00e1sa (ha tev\u00e9kenys\u00e9g\u00e9t sz\u00fcnetelteti vagy az megsz\u0171nt) 2018.05.25. Az Eur\u00f3pai Parlament \u00faj \u00c1ltal\u00e1nos Adatv\u00e9delmi Rendelete\u00a0(GDPR &#8211; General Data Protection Regulation) hat\u00e1lyba l\u00e9p 2018.05.31. Ipar\u0171z\u00e9si Ad\u00f3bevall\u00e1s, T\u00e1rsas\u00e1gi Ad\u00f3bevall\u00e1s \u00e9s 2017. \u00e9vi Besz\u00e1mol\u00f3 elk\u00e9sz\u00edt\u00e9se Fizetnival\u00f3k: Szem\u00e9lyi j\u00f6vedelemad\u00f3, Eg\u00e9szs\u00e9g\u00fcgyi hozz\u00e1j\u00e1rul\u00e1s, T\u00e1rsas\u00e1gi ad\u00f3, Ipar\u0171z\u00e9si ad\u00f3 A [&hellip;]\" \/>\n<meta property=\"og:url\" content=\"https:\/\/seed.hu\/hirek\/fontos-hataridok-2018-majusban\/\" \/>\n<meta property=\"og:site_name\" content=\"Seed\" \/>\n<meta property=\"article:modified_time\" content=\"2022-01-17T17:15:39+00:00\" \/>\n<meta property=\"og:image\" content=\"https:\/\/seed.hu\/wp-content\/uploads\/2018\/04\/SEED_logo.png\" \/>\n\t<meta property=\"og:image:width\" content=\"250\" \/>\n\t<meta property=\"og:image:height\" content=\"206\" \/>\n\t<meta property=\"og:image:type\" content=\"image\/png\" \/>\n<meta name=\"twitter:card\" content=\"summary_large_image\" \/>\n<meta name=\"twitter:label1\" content=\"Est. reading time\" \/>\n\t<meta name=\"twitter:data1\" content=\"1 minute\" \/>\n<script type=\"application\/ld+json\" class=\"yoast-schema-graph\">{\"@context\":\"https:\\\/\\\/schema.org\",\"@graph\":[{\"@type\":\"WebPage\",\"@id\":\"https:\\\/\\\/seed.hu\\\/hirek\\\/fontos-hataridok-2018-majusban\\\/\",\"url\":\"https:\\\/\\\/seed.hu\\\/hirek\\\/fontos-hataridok-2018-majusban\\\/\",\"name\":\"Fontos hat\u00e1rid\u0151k 2018. m\u00e1jusban - Seed\",\"isPartOf\":{\"@id\":\"https:\\\/\\\/seed.hu\\\/#website\"},\"primaryImageOfPage\":{\"@id\":\"https:\\\/\\\/seed.hu\\\/hirek\\\/fontos-hataridok-2018-majusban\\\/#primaryimage\"},\"image\":{\"@id\":\"https:\\\/\\\/seed.hu\\\/hirek\\\/fontos-hataridok-2018-majusban\\\/#primaryimage\"},\"thumbnailUrl\":\"https:\\\/\\\/seed.hu\\\/wp-content\\\/uploads\\\/2018\\\/04\\\/SEED_logo.png\",\"datePublished\":\"2018-05-18T13:23:18+00:00\",\"dateModified\":\"2022-01-17T17:15:39+00:00\",\"breadcrumb\":{\"@id\":\"https:\\\/\\\/seed.hu\\\/hirek\\\/fontos-hataridok-2018-majusban\\\/#breadcrumb\"},\"inLanguage\":\"en-US\",\"potentialAction\":[{\"@type\":\"ReadAction\",\"target\":[\"https:\\\/\\\/seed.hu\\\/hirek\\\/fontos-hataridok-2018-majusban\\\/\"]}]},{\"@type\":\"ImageObject\",\"inLanguage\":\"en-US\",\"@id\":\"https:\\\/\\\/seed.hu\\\/hirek\\\/fontos-hataridok-2018-majusban\\\/#primaryimage\",\"url\":\"https:\\\/\\\/seed.hu\\\/wp-content\\\/uploads\\\/2018\\\/04\\\/SEED_logo.png\",\"contentUrl\":\"https:\\\/\\\/seed.hu\\\/wp-content\\\/uploads\\\/2018\\\/04\\\/SEED_logo.png\",\"width\":250,\"height\":206},{\"@type\":\"BreadcrumbList\",\"@id\":\"https:\\\/\\\/seed.hu\\\/hirek\\\/fontos-hataridok-2018-majusban\\\/#breadcrumb\",\"itemListElement\":[{\"@type\":\"ListItem\",\"position\":1,\"name\":\"H\u00edrek\",\"item\":\"https:\\\/\\\/seed.hu\\\/hirek\\\/\"},{\"@type\":\"ListItem\",\"position\":2,\"name\":\"Fontos hat\u00e1rid\u0151k 2018. m\u00e1jusban\"}]},{\"@type\":\"WebSite\",\"@id\":\"https:\\\/\\\/seed.hu\\\/#website\",\"url\":\"https:\\\/\\\/seed.hu\\\/\",\"name\":\"Seed\",\"description\":\"\",\"potentialAction\":[{\"@type\":\"SearchAction\",\"target\":{\"@type\":\"EntryPoint\",\"urlTemplate\":\"https:\\\/\\\/seed.hu\\\/?s={search_term_string}\"},\"query-input\":{\"@type\":\"PropertyValueSpecification\",\"valueRequired\":true,\"valueName\":\"search_term_string\"}}],\"inLanguage\":\"en-US\"}]}<\/script>\n<!-- \/ Yoast SEO plugin. -->","yoast_head_json":{"title":"Fontos hat\u00e1rid\u0151k 2018. m\u00e1jusban - Seed","robots":{"index":"index","follow":"follow","max-snippet":"max-snippet:-1","max-image-preview":"max-image-preview:large","max-video-preview":"max-video-preview:-1"},"canonical":"https:\/\/seed.hu\/hirek\/fontos-hataridok-2018-majusban\/","og_locale":"en_US","og_type":"article","og_title":"Fontos hat\u00e1rid\u0151k 2018. m\u00e1jusban - Seed","og_description":"2018.05.22. Az szja-bevall\u00e1s v\u00e9gs\u0151 hat\u00e1rideje 2018.05.22. 1+1 sz\u00e1zal\u00e9k felaj\u00e1nl\u00e1sa 2018.05.22. Egy\u00e9ni v\u00e1llalkoz\u00f3k szja bevall\u00e1sa (ha tev\u00e9kenys\u00e9g\u00e9t sz\u00fcnetelteti vagy az megsz\u0171nt) 2018.05.25. Az Eur\u00f3pai Parlament \u00faj \u00c1ltal\u00e1nos Adatv\u00e9delmi Rendelete\u00a0(GDPR &#8211; General Data Protection Regulation) hat\u00e1lyba l\u00e9p 2018.05.31. Ipar\u0171z\u00e9si Ad\u00f3bevall\u00e1s, T\u00e1rsas\u00e1gi Ad\u00f3bevall\u00e1s \u00e9s 2017. \u00e9vi Besz\u00e1mol\u00f3 elk\u00e9sz\u00edt\u00e9se Fizetnival\u00f3k: Szem\u00e9lyi j\u00f6vedelemad\u00f3, Eg\u00e9szs\u00e9g\u00fcgyi hozz\u00e1j\u00e1rul\u00e1s, T\u00e1rsas\u00e1gi ad\u00f3, Ipar\u0171z\u00e9si ad\u00f3 A [&hellip;]","og_url":"https:\/\/seed.hu\/hirek\/fontos-hataridok-2018-majusban\/","og_site_name":"Seed","article_modified_time":"2022-01-17T17:15:39+00:00","og_image":[{"width":250,"height":206,"url":"https:\/\/seed.hu\/wp-content\/uploads\/2018\/04\/SEED_logo.png","type":"image\/png"}],"twitter_card":"summary_large_image","twitter_misc":{"Est. reading time":"1 minute"},"schema":{"@context":"https:\/\/schema.org","@graph":[{"@type":"WebPage","@id":"https:\/\/seed.hu\/hirek\/fontos-hataridok-2018-majusban\/","url":"https:\/\/seed.hu\/hirek\/fontos-hataridok-2018-majusban\/","name":"Fontos hat\u00e1rid\u0151k 2018. m\u00e1jusban - Seed","isPartOf":{"@id":"https:\/\/seed.hu\/#website"},"primaryImageOfPage":{"@id":"https:\/\/seed.hu\/hirek\/fontos-hataridok-2018-majusban\/#primaryimage"},"image":{"@id":"https:\/\/seed.hu\/hirek\/fontos-hataridok-2018-majusban\/#primaryimage"},"thumbnailUrl":"https:\/\/seed.hu\/wp-content\/uploads\/2018\/04\/SEED_logo.png","datePublished":"2018-05-18T13:23:18+00:00","dateModified":"2022-01-17T17:15:39+00:00","breadcrumb":{"@id":"https:\/\/seed.hu\/hirek\/fontos-hataridok-2018-majusban\/#breadcrumb"},"inLanguage":"en-US","potentialAction":[{"@type":"ReadAction","target":["https:\/\/seed.hu\/hirek\/fontos-hataridok-2018-majusban\/"]}]},{"@type":"ImageObject","inLanguage":"en-US","@id":"https:\/\/seed.hu\/hirek\/fontos-hataridok-2018-majusban\/#primaryimage","url":"https:\/\/seed.hu\/wp-content\/uploads\/2018\/04\/SEED_logo.png","contentUrl":"https:\/\/seed.hu\/wp-content\/uploads\/2018\/04\/SEED_logo.png","width":250,"height":206},{"@type":"BreadcrumbList","@id":"https:\/\/seed.hu\/hirek\/fontos-hataridok-2018-majusban\/#breadcrumb","itemListElement":[{"@type":"ListItem","position":1,"name":"H\u00edrek","item":"https:\/\/seed.hu\/hirek\/"},{"@type":"ListItem","position":2,"name":"Fontos hat\u00e1rid\u0151k 2018. m\u00e1jusban"}]},{"@type":"WebSite","@id":"https:\/\/seed.hu\/#website","url":"https:\/\/seed.hu\/","name":"Seed","description":"","potentialAction":[{"@type":"SearchAction","target":{"@type":"EntryPoint","urlTemplate":"https:\/\/seed.hu\/?s={search_term_string}"},"query-input":{"@type":"PropertyValueSpecification","valueRequired":true,"valueName":"search_term_string"}}],"inLanguage":"en-US"}]}},"_links":{"self":[{"href":"https:\/\/seed.hu\/en\/wp-json\/wp\/v2\/hirek\/805","targetHints":{"allow":["GET"]}}],"collection":[{"href":"https:\/\/seed.hu\/en\/wp-json\/wp\/v2\/hirek"}],"about":[{"href":"https:\/\/seed.hu\/en\/wp-json\/wp\/v2\/types\/hirek"}],"wp:featuredmedia":[{"embeddable":true,"href":"https:\/\/seed.hu\/en\/wp-json\/wp\/v2\/media\/792"}],"wp:attachment":[{"href":"https:\/\/seed.hu\/en\/wp-json\/wp\/v2\/media?parent=805"}],"curies":[{"name":"wp","href":"https:\/\/api.w.org\/{rel}","templated":true}]}}

Fontos határidők 2018. májusban

<p>2018.05.22. Az szja-bevallás végső határideje<br />
2018.05.22. 1+1 százalék felajánlása<br />
2018.05.22. Egyéni vállalkozók szja bevallása (ha tevékenységét szünetelteti vagy az megszűnt)<br />
2018.05.25. Az Európai Parlament új Általános Adatvédelmi Rendelete (GDPR &#8211; General Data Protection Regulation) hatályba lép<br />
2018.05.31. Iparűzési Adóbevallás, Társasági Adóbevallás és 2017. évi Beszámoló elkészítése</p>
<p>Fizetnivalók:<br />
Személyi jövedelemadó, Egészségügyi hozzájárulás,<br />
Társasági adó, Iparűzési adó</p>
<p><span style="color: null;"><strong>A határidők be nem tartása, késedelmes teljesítése<br />
Adóhatósági bírságot von maga után!</strong></span></p>

<!-- This site is optimized with the Yoast SEO plugin v27.4 - https://yoast.com/product/yoast-seo-wordpress/ -->
<title>Fontos határidők 2018. májusban - Seed</title>
<meta name="robots" content="index, follow, max-snippet:-1, max-image-preview:large, max-video-preview:-1" />
<link rel="canonical" href="https://seed.hu/hirek/fontos-hataridok-2018-majusban/" />
<meta property="og:locale" content="en_US" />
<meta property="og:type" content="article" />
<meta property="og:title" content="Fontos határidők 2018. májusban - Seed" />
<meta property="og:description" content="2018.05.22. Az szja-bevallás végső határideje 2018.05.22. 1+1 százalék felajánlása 2018.05.22. Egyéni vállalkozók szja bevallása (ha tevékenységét szünetelteti vagy az megszűnt) 2018.05.25. Az Európai Parlament új Általános Adatvédelmi Rendelete (GDPR &#8211; General Data Protection Regulation) hatályba lép 2018.05.31. Iparűzési Adóbevallás, Társasági Adóbevallás és 2017. évi Beszámoló elkészítése Fizetnivalók: Személyi jövedelemadó, Egészségügyi hozzájárulás, Társasági adó, Iparűzési adó A [&hellip;]" />
<meta property="og:url" content="https://seed.hu/hirek/fontos-hataridok-2018-majusban/" />
<meta property="og:site_name" content="Seed" />
<meta property="article:modified_time" content="2022-01-17T17:15:39+00:00" />
<meta property="og:image" content="https://seed.hu/wp-content/uploads/2018/04/SEED_logo.png" />
	<meta property="og:image:width" content="250" />
	<meta property="og:image:height" content="206" />
	<meta property="og:image:type" content="image/png" />
<meta name="twitter:card" content="summary_large_image" />
<meta name="twitter:label1" content="Est. reading time" />
	<meta name="twitter:data1" content="1 minute" />
<script type="application/ld+json" class="yoast-schema-graph">{"@context":"https:\/\/schema.org","@graph":[{"@type":"WebPage","@id":"https:\/\/seed.hu\/hirek\/fontos-hataridok-2018-majusban\/","url":"https:\/\/seed.hu\/hirek\/fontos-hataridok-2018-majusban\/","name":"Fontos határidők 2018. májusban - Seed","isPartOf":{"@id":"https:\/\/seed.hu\/#website"},"primaryImageOfPage":{"@id":"https:\/\/seed.hu\/hirek\/fontos-hataridok-2018-majusban\/#primaryimage"},"image":{"@id":"https:\/\/seed.hu\/hirek\/fontos-hataridok-2018-majusban\/#primaryimage"},"thumbnailUrl":"https:\/\/seed.hu\/wp-content\/uploads\/2018\/04\/SEED_logo.png","datePublished":"2018-05-18T13:23:18+00:00","dateModified":"2022-01-17T17:15:39+00:00","breadcrumb":{"@id":"https:\/\/seed.hu\/hirek\/fontos-hataridok-2018-majusban\/#breadcrumb"},"inLanguage":"en-US","potentialAction":[{"@type":"ReadAction","target":["https:\/\/seed.hu\/hirek\/fontos-hataridok-2018-majusban\/"]}]},{"@type":"ImageObject","inLanguage":"en-US","@id":"https:\/\/seed.hu\/hirek\/fontos-hataridok-2018-majusban\/#primaryimage","url":"https:\/\/seed.hu\/wp-content\/uploads\/2018\/04\/SEED_logo.png","contentUrl":"https:\/\/seed.hu\/wp-content\/uploads\/2018\/04\/SEED_logo.png","width":250,"height":206},{"@type":"BreadcrumbList","@id":"https:\/\/seed.hu\/hirek\/fontos-hataridok-2018-majusban\/#breadcrumb","itemListElement":[{"@type":"ListItem","position":1,"name":"Hírek","item":"https:\/\/seed.hu\/hirek\/"},{"@type":"ListItem","position":2,"name":"Fontos határidők 2018. májusban"}]},{"@type":"WebSite","@id":"https:\/\/seed.hu\/#website","url":"https:\/\/seed.hu\/","name":"Seed","description":"","potentialAction":[{"@type":"SearchAction","target":{"@type":"EntryPoint","urlTemplate":"https:\/\/seed.hu\/?s={search_term_string}"},"query-input":{"@type":"PropertyValueSpecification","valueRequired":true,"valueName":"search_term_string"}}],"inLanguage":"en-US"}]}</script>
<!-- / Yoast SEO plugin. -->

Fontos határidők 2018. májusban - Seed

2018.05.22. Az szja-bevallás végső határideje 2018.05.22. 1+1 százalék felajánlása 2018.05.22. Egyéni vállalkozók szja bevallása (ha tevékenységét szünetelteti vagy az megszűnt) 2018.05.25. Az Európai Parlament új Általános Adatvédelmi Rendelete (GDPR &#8211; General Data Protection Regulation) hatályba lép 2018.05.31. Iparűzési Adóbevallás, Társasági Adóbevallás és 2017. évi Beszámoló elkészítése Fizetnivalók: Személyi jövedelemadó, Egészségügyi hozzájárulás, Társasági adó, Iparűzési adó A [&hellip;]

Hírek
