{"id":808,"date":"2018-08-14T20:45:07","date_gmt":"2018-08-14T18:45:07","guid":{"rendered":"https:\/\/seed.hu\/?post_type=hirek&#038;p=808"},"modified":"2022-01-17T21:00:23","modified_gmt":"2022-01-17T20:00:23","slug":"minoseg-es-fenntarthatosag","status":"publish","type":"hirek","link":"https:\/\/seed.hu\/en\/hirek\/minoseg-es-fenntarthatosag\/","title":{"rendered":"Min\u0151s\u00e9g \u00e9s fenntarthat\u00f3s\u00e1g"},"content":{"rendered":"<p>A SEED Kisv\u00e1llalkoz\u00e1s-fejleszt\u00e9si Alap\u00edtv\u00e1ny alap\u00edt\u00e1sa \u00f3ta kiemelked\u0151en fontosnak tartja, hogy tev\u00e9kenys\u00e9g\u00e9t megfelel\u0151 szab\u00e1lyozotts\u00e1g \u00e9s magas min\u0151s\u00e9gi krit\u00e9riumok alapj\u00e1n v\u00e9gezze, s ez\u00e1ltal \u00fcgyfeleit a lehet\u0151 legmagasabb sz\u00ednvonalon tudja kiszolg\u00e1lni. Emellett, az alap\u00edt\u00f3k sz\u00e1nd\u00e9kainak megfelel\u0151en, a szervezet a kezdetekt\u0151l nagy s\u00falyt helyez a k\u00f6rnyezettudatoss\u00e1gra, a fenntarthat\u00f3s\u00e1g elveivel \u00f6sszhangban l\u00e9v\u0151 m\u0171k\u00f6d\u00e9sre. Mindezek \u00e9rdek\u00e9ben \u00f6t kiemelt tev\u00e9kenys\u00e9gi ter\u00fclet\u00e9n (feln\u0151ttk\u00e9pz\u00e9s, kutat\u00e1s, eseti tan\u00e1csad\u00e1s, projekt jelleg\u0171 tan\u00e1csad\u00e1s, rendezv\u00e9nyszervez\u00e9s) vezetett be min\u0151s\u00e9gir\u00e1ny\u00edt\u00e1si \u00e9s k\u00f6rnyezetk\u00f6zpont\u00fa ir\u00e1ny\u00edt\u00e1si rendszert, el\u0151bbit 2009-ben, ut\u00f3bbit 2012-ben.<\/p>\n<p>A k\u00e9t rendszert mag\u00e1ba foglal\u00f3 integr\u00e1lt ir\u00e1ny\u00edt\u00e1si rendszert (IIR) a k\u00f6zelm\u00faltban audit\u00e1lta a CERTOP Term\u00e9k- \u00e9s Rendszertan\u00fas\u00edt\u00f3 Kft. A 2018. j\u00fanius 20-\u00e1n lefolytatott audit eredm\u00e9nyek\u00e9ppen a SEED \u00fajabb h\u00e1rom \u00e9vre kapta meg a tan\u00fas\u00edtv\u00e1nyt, amely szerint a szervezet \u00a0megfelel az ISO 9001:2015 \u00e9s az ISO 14001:2015 szabv\u00e1nyok k\u00f6vetelm\u00e9nyeinek.<\/p>\n<p>Annak \u00e9rdek\u00e9ben, hogy biztos\u00edtva legyen az IIR fenntarthat\u00f3s\u00e1ga, adminisztrat\u00edv feladatainak ell\u00e1t\u00e1sa \u00e9s fejleszt\u00e9se, a SEED valamennyi munkat\u00e1rsa tiszt\u00e1ban van a folyamatokkal, feladatait azoknak megfelel\u0151en l\u00e1tja el, figyelve a k\u00f6rnyezeti t\u00e9nyez\u0151ket, amivel a fenntarthat\u00f3 fejl\u0151d\u00e9st seg\u00edti el\u0151 a szervezet.<\/p>\n<p>A munkat\u00e1rsak rendszeres szakmai k\u00e9pz\u00e9seken vesznek r\u00e9szt, amelyek eredm\u00e9nyess\u00e9g\u00e9t az Alap\u00edtv\u00e1ny \u00e9rt\u00e9keli. A strat\u00e9giai ir\u00e1nyvonalaknak megfelel\u0151en a SEED minden \u00e9vben min\u0151s\u00e9g- \u00e9s k\u00f6rnyezeti c\u00e9lokat t\u0171z ki, amelyek megval\u00f3sul\u00e1s\u00e1t nyomon k\u00f6vetik.<\/p>\n<p>Az \u00fczleti c\u00e9lok el\u00e9r\u00e9se mellett teh\u00e1t a SEED Alap\u00edtv\u00e1ny a k\u00f6rnyezetk\u00f6zpont\u00fa m\u0171k\u00f6d\u00e9s ir\u00e1nti felt\u00e9tlen elk\u00f6telezetts\u00e9gre \u00e9s a k\u00f6rnyezet meg\u00f3v\u00e1s\u00e1ra is fokozott hangs\u00falyt helyez.<\/p>\n<p>A min\u0151s\u00e9gi \u00e9s a k\u00f6rnyezeti elv\u00e1r\u00e1soknak val\u00f3 megfelel\u00e9s biztos\u00edtja, hogy a SEED tev\u00e9kenys\u00e9geinek sz\u00ednvonala mind az \u00e9rdekelt felek ig\u00e9nyeinek, mind a jogszab\u00e1lyi k\u00f6vetelm\u00e9nyeknek\u00a0 marad\u00e9ktalanul megfeleljen.<\/p>\n","protected":false},"featured_media":0,"menu_order":0,"template":"","meta":{"_acf_changed":false},"class_list":["post-808","hirek","type-hirek","status-publish","hentry"],"acf":[],"yoast_head":"<!-- This site is optimized with the Yoast SEO plugin v27.4 - https:\/\/yoast.com\/product\/yoast-seo-wordpress\/ -->\n<title>Min\u0151s\u00e9g \u00e9s fenntarthat\u00f3s\u00e1g - Seed<\/title>\n<meta name=\"robots\" content=\"index, follow, max-snippet:-1, max-image-preview:large, max-video-preview:-1\" \/>\n<link rel=\"canonical\" href=\"https:\/\/seed.hu\/hirek\/minoseg-es-fenntarthatosag\/\" \/>\n<meta property=\"og:locale\" content=\"en_US\" \/>\n<meta property=\"og:type\" content=\"article\" \/>\n<meta property=\"og:title\" content=\"Min\u0151s\u00e9g \u00e9s fenntarthat\u00f3s\u00e1g - Seed\" \/>\n<meta property=\"og:description\" content=\"A SEED Kisv\u00e1llalkoz\u00e1s-fejleszt\u00e9si Alap\u00edtv\u00e1ny alap\u00edt\u00e1sa \u00f3ta kiemelked\u0151en fontosnak tartja, hogy tev\u00e9kenys\u00e9g\u00e9t megfelel\u0151 szab\u00e1lyozotts\u00e1g \u00e9s magas min\u0151s\u00e9gi krit\u00e9riumok alapj\u00e1n v\u00e9gezze, s ez\u00e1ltal \u00fcgyfeleit a lehet\u0151 legmagasabb sz\u00ednvonalon tudja kiszolg\u00e1lni. Emellett, az alap\u00edt\u00f3k sz\u00e1nd\u00e9kainak megfelel\u0151en, a szervezet a kezdetekt\u0151l nagy s\u00falyt helyez a k\u00f6rnyezettudatoss\u00e1gra, a fenntarthat\u00f3s\u00e1g elveivel \u00f6sszhangban l\u00e9v\u0151 m\u0171k\u00f6d\u00e9sre. Mindezek \u00e9rdek\u00e9ben \u00f6t kiemelt tev\u00e9kenys\u00e9gi ter\u00fclet\u00e9n (feln\u0151ttk\u00e9pz\u00e9s, [&hellip;]\" \/>\n<meta property=\"og:url\" content=\"https:\/\/seed.hu\/hirek\/minoseg-es-fenntarthatosag\/\" \/>\n<meta property=\"og:site_name\" content=\"Seed\" \/>\n<meta property=\"article:modified_time\" content=\"2022-01-17T20:00:23+00:00\" \/>\n<meta name=\"twitter:card\" content=\"summary_large_image\" \/>\n<meta name=\"twitter:label1\" content=\"Est. reading time\" \/>\n\t<meta name=\"twitter:data1\" content=\"2 minutes\" \/>\n<script type=\"application\/ld+json\" class=\"yoast-schema-graph\">{\"@context\":\"https:\\\/\\\/schema.org\",\"@graph\":[{\"@type\":\"WebPage\",\"@id\":\"https:\\\/\\\/seed.hu\\\/hirek\\\/minoseg-es-fenntarthatosag\\\/\",\"url\":\"https:\\\/\\\/seed.hu\\\/hirek\\\/minoseg-es-fenntarthatosag\\\/\",\"name\":\"Min\u0151s\u00e9g \u00e9s fenntarthat\u00f3s\u00e1g - Seed\",\"isPartOf\":{\"@id\":\"https:\\\/\\\/seed.hu\\\/#website\"},\"datePublished\":\"2018-08-14T18:45:07+00:00\",\"dateModified\":\"2022-01-17T20:00:23+00:00\",\"breadcrumb\":{\"@id\":\"https:\\\/\\\/seed.hu\\\/hirek\\\/minoseg-es-fenntarthatosag\\\/#breadcrumb\"},\"inLanguage\":\"en-US\",\"potentialAction\":[{\"@type\":\"ReadAction\",\"target\":[\"https:\\\/\\\/seed.hu\\\/hirek\\\/minoseg-es-fenntarthatosag\\\/\"]}]},{\"@type\":\"BreadcrumbList\",\"@id\":\"https:\\\/\\\/seed.hu\\\/hirek\\\/minoseg-es-fenntarthatosag\\\/#breadcrumb\",\"itemListElement\":[{\"@type\":\"ListItem\",\"position\":1,\"name\":\"H\u00edrek\",\"item\":\"https:\\\/\\\/seed.hu\\\/hirek\\\/\"},{\"@type\":\"ListItem\",\"position\":2,\"name\":\"Min\u0151s\u00e9g \u00e9s fenntarthat\u00f3s\u00e1g\"}]},{\"@type\":\"WebSite\",\"@id\":\"https:\\\/\\\/seed.hu\\\/#website\",\"url\":\"https:\\\/\\\/seed.hu\\\/\",\"name\":\"Seed\",\"description\":\"\",\"potentialAction\":[{\"@type\":\"SearchAction\",\"target\":{\"@type\":\"EntryPoint\",\"urlTemplate\":\"https:\\\/\\\/seed.hu\\\/?s={search_term_string}\"},\"query-input\":{\"@type\":\"PropertyValueSpecification\",\"valueRequired\":true,\"valueName\":\"search_term_string\"}}],\"inLanguage\":\"en-US\"}]}<\/script>\n<!-- \/ Yoast SEO plugin. -->","yoast_head_json":{"title":"Min\u0151s\u00e9g \u00e9s fenntarthat\u00f3s\u00e1g - Seed","robots":{"index":"index","follow":"follow","max-snippet":"max-snippet:-1","max-image-preview":"max-image-preview:large","max-video-preview":"max-video-preview:-1"},"canonical":"https:\/\/seed.hu\/hirek\/minoseg-es-fenntarthatosag\/","og_locale":"en_US","og_type":"article","og_title":"Min\u0151s\u00e9g \u00e9s fenntarthat\u00f3s\u00e1g - Seed","og_description":"A SEED Kisv\u00e1llalkoz\u00e1s-fejleszt\u00e9si Alap\u00edtv\u00e1ny alap\u00edt\u00e1sa \u00f3ta kiemelked\u0151en fontosnak tartja, hogy tev\u00e9kenys\u00e9g\u00e9t megfelel\u0151 szab\u00e1lyozotts\u00e1g \u00e9s magas min\u0151s\u00e9gi krit\u00e9riumok alapj\u00e1n v\u00e9gezze, s ez\u00e1ltal \u00fcgyfeleit a lehet\u0151 legmagasabb sz\u00ednvonalon tudja kiszolg\u00e1lni. Emellett, az alap\u00edt\u00f3k sz\u00e1nd\u00e9kainak megfelel\u0151en, a szervezet a kezdetekt\u0151l nagy s\u00falyt helyez a k\u00f6rnyezettudatoss\u00e1gra, a fenntarthat\u00f3s\u00e1g elveivel \u00f6sszhangban l\u00e9v\u0151 m\u0171k\u00f6d\u00e9sre. Mindezek \u00e9rdek\u00e9ben \u00f6t kiemelt tev\u00e9kenys\u00e9gi ter\u00fclet\u00e9n (feln\u0151ttk\u00e9pz\u00e9s, [&hellip;]","og_url":"https:\/\/seed.hu\/hirek\/minoseg-es-fenntarthatosag\/","og_site_name":"Seed","article_modified_time":"2022-01-17T20:00:23+00:00","twitter_card":"summary_large_image","twitter_misc":{"Est. reading time":"2 minutes"},"schema":{"@context":"https:\/\/schema.org","@graph":[{"@type":"WebPage","@id":"https:\/\/seed.hu\/hirek\/minoseg-es-fenntarthatosag\/","url":"https:\/\/seed.hu\/hirek\/minoseg-es-fenntarthatosag\/","name":"Min\u0151s\u00e9g \u00e9s fenntarthat\u00f3s\u00e1g - Seed","isPartOf":{"@id":"https:\/\/seed.hu\/#website"},"datePublished":"2018-08-14T18:45:07+00:00","dateModified":"2022-01-17T20:00:23+00:00","breadcrumb":{"@id":"https:\/\/seed.hu\/hirek\/minoseg-es-fenntarthatosag\/#breadcrumb"},"inLanguage":"en-US","potentialAction":[{"@type":"ReadAction","target":["https:\/\/seed.hu\/hirek\/minoseg-es-fenntarthatosag\/"]}]},{"@type":"BreadcrumbList","@id":"https:\/\/seed.hu\/hirek\/minoseg-es-fenntarthatosag\/#breadcrumb","itemListElement":[{"@type":"ListItem","position":1,"name":"H\u00edrek","item":"https:\/\/seed.hu\/hirek\/"},{"@type":"ListItem","position":2,"name":"Min\u0151s\u00e9g \u00e9s fenntarthat\u00f3s\u00e1g"}]},{"@type":"WebSite","@id":"https:\/\/seed.hu\/#website","url":"https:\/\/seed.hu\/","name":"Seed","description":"","potentialAction":[{"@type":"SearchAction","target":{"@type":"EntryPoint","urlTemplate":"https:\/\/seed.hu\/?s={search_term_string}"},"query-input":{"@type":"PropertyValueSpecification","valueRequired":true,"valueName":"search_term_string"}}],"inLanguage":"en-US"}]}},"_links":{"self":[{"href":"https:\/\/seed.hu\/en\/wp-json\/wp\/v2\/hirek\/808","targetHints":{"allow":["GET"]}}],"collection":[{"href":"https:\/\/seed.hu\/en\/wp-json\/wp\/v2\/hirek"}],"about":[{"href":"https:\/\/seed.hu\/en\/wp-json\/wp\/v2\/types\/hirek"}],"wp:attachment":[{"href":"https:\/\/seed.hu\/en\/wp-json\/wp\/v2\/media?parent=808"}],"curies":[{"name":"wp","href":"https:\/\/api.w.org\/{rel}","templated":true}]}}

Minőség és fenntarthatóság

<p>A SEED Kisvállalkozás-fejlesztési Alapítvány alapítása óta kiemelkedően fontosnak tartja, hogy tevékenységét megfelelő szabályozottság és magas minőségi kritériumok alapján végezze, s ezáltal ügyfeleit a lehető legmagasabb színvonalon tudja kiszolgálni. Emellett, az alapítók szándékainak megfelelően, a szervezet a kezdetektől nagy súlyt helyez a környezettudatosságra, a fenntarthatóság elveivel összhangban lévő működésre. Mindezek érdekében öt kiemelt tevékenységi területén (felnőttképzés, kutatás, eseti tanácsadás, projekt jellegű tanácsadás, rendezvényszervezés) vezetett be minőségirányítási és környezetközpontú irányítási rendszert, előbbit 2009-ben, utóbbit 2012-ben.</p>
<p>A két rendszert magába foglaló integrált irányítási rendszert (IIR) a közelmúltban auditálta a CERTOP Termék- és Rendszertanúsító Kft. A 2018. június 20-án lefolytatott audit eredményeképpen a SEED újabb három évre kapta meg a tanúsítványt, amely szerint a szervezet  megfelel az ISO 9001:2015 és az ISO 14001:2015 szabványok követelményeinek.</p>
<p>Annak érdekében, hogy biztosítva legyen az IIR fenntarthatósága, adminisztratív feladatainak ellátása és fejlesztése, a SEED valamennyi munkatársa tisztában van a folyamatokkal, feladatait azoknak megfelelően látja el, figyelve a környezeti tényezőket, amivel a fenntartható fejlődést segíti elő a szervezet.</p>
<p>A munkatársak rendszeres szakmai képzéseken vesznek részt, amelyek eredményességét az Alapítvány értékeli. A stratégiai irányvonalaknak megfelelően a SEED minden évben minőség- és környezeti célokat tűz ki, amelyek megvalósulását nyomon követik.</p>
<p>Az üzleti célok elérése mellett tehát a SEED Alapítvány a környezetközpontú működés iránti feltétlen elkötelezettségre és a környezet megóvására is fokozott hangsúlyt helyez.</p>
<p>A minőségi és a környezeti elvárásoknak való megfelelés biztosítja, hogy a SEED tevékenységeinek színvonala mind az érdekelt felek igényeinek, mind a jogszabályi követelményeknek  maradéktalanul megfeleljen.</p>

<!-- This site is optimized with the Yoast SEO plugin v27.4 - https://yoast.com/product/yoast-seo-wordpress/ -->
<title>Minőség és fenntarthatóság - Seed</title>
<meta name="robots" content="index, follow, max-snippet:-1, max-image-preview:large, max-video-preview:-1" />
<link rel="canonical" href="https://seed.hu/hirek/minoseg-es-fenntarthatosag/" />
<meta property="og:locale" content="en_US" />
<meta property="og:type" content="article" />
<meta property="og:title" content="Minőség és fenntarthatóság - Seed" />
<meta property="og:description" content="A SEED Kisvállalkozás-fejlesztési Alapítvány alapítása óta kiemelkedően fontosnak tartja, hogy tevékenységét megfelelő szabályozottság és magas minőségi kritériumok alapján végezze, s ezáltal ügyfeleit a lehető legmagasabb színvonalon tudja kiszolgálni. Emellett, az alapítók szándékainak megfelelően, a szervezet a kezdetektől nagy súlyt helyez a környezettudatosságra, a fenntarthatóság elveivel összhangban lévő működésre. Mindezek érdekében öt kiemelt tevékenységi területén (felnőttképzés, [&hellip;]" />
<meta property="og:url" content="https://seed.hu/hirek/minoseg-es-fenntarthatosag/" />
<meta property="og:site_name" content="Seed" />
<meta property="article:modified_time" content="2022-01-17T20:00:23+00:00" />
<meta name="twitter:card" content="summary_large_image" />
<meta name="twitter:label1" content="Est. reading time" />
	<meta name="twitter:data1" content="2 minutes" />
<script type="application/ld+json" class="yoast-schema-graph">{"@context":"https:\/\/schema.org","@graph":[{"@type":"WebPage","@id":"https:\/\/seed.hu\/hirek\/minoseg-es-fenntarthatosag\/","url":"https:\/\/seed.hu\/hirek\/minoseg-es-fenntarthatosag\/","name":"Minőség és fenntarthatóság - Seed","isPartOf":{"@id":"https:\/\/seed.hu\/#website"},"datePublished":"2018-08-14T18:45:07+00:00","dateModified":"2022-01-17T20:00:23+00:00","breadcrumb":{"@id":"https:\/\/seed.hu\/hirek\/minoseg-es-fenntarthatosag\/#breadcrumb"},"inLanguage":"en-US","potentialAction":[{"@type":"ReadAction","target":["https:\/\/seed.hu\/hirek\/minoseg-es-fenntarthatosag\/"]}]},{"@type":"BreadcrumbList","@id":"https:\/\/seed.hu\/hirek\/minoseg-es-fenntarthatosag\/#breadcrumb","itemListElement":[{"@type":"ListItem","position":1,"name":"Hírek","item":"https:\/\/seed.hu\/hirek\/"},{"@type":"ListItem","position":2,"name":"Minőség és fenntarthatóság"}]},{"@type":"WebSite","@id":"https:\/\/seed.hu\/#website","url":"https:\/\/seed.hu\/","name":"Seed","description":"","potentialAction":[{"@type":"SearchAction","target":{"@type":"EntryPoint","urlTemplate":"https:\/\/seed.hu\/?s={search_term_string}"},"query-input":{"@type":"PropertyValueSpecification","valueRequired":true,"valueName":"search_term_string"}}],"inLanguage":"en-US"}]}</script>
<!-- / Yoast SEO plugin. -->

Minőség és fenntarthatóság - Seed

A SEED Kisvállalkozás-fejlesztési Alapítvány alapítása óta kiemelkedően fontosnak tartja, hogy tevékenységét megfelelő szabályozottság és magas minőségi kritériumok alapján végezze, s ezáltal ügyfeleit a lehető legmagasabb színvonalon tudja kiszolgálni. Emellett, az alapítók szándékainak megfelelően, a szervezet a kezdetektől nagy súlyt helyez a környezettudatosságra, a fenntarthatóság elveivel összhangban lévő működésre. Mindezek érdekében öt kiemelt tevékenységi területén (felnőttképzés, [&hellip;]

Hírek
