{"id":822,"date":"2018-11-13T16:51:26","date_gmt":"2018-11-13T15:51:26","guid":{"rendered":"https:\/\/seed.hu\/?post_type=hirek&#038;p=822"},"modified":"2022-01-17T18:41:52","modified_gmt":"2022-01-17T17:41:52","slug":"lepjen-at-2019-be-felkeszulten-vizualis-uzleti-modellezessel","status":"publish","type":"hirek","link":"https:\/\/seed.hu\/en\/hirek\/lepjen-at-2019-be-felkeszulten-vizualis-uzleti-modellezessel\/","title":{"rendered":"L\u00e9pjen \u00e1t 2019-be felk\u00e9sz\u00fclten, vizu\u00e1lis \u00fczleti modellez\u00e9ssel!"},"content":{"rendered":"<p><a href=\"https:\/\/seed.hu\/szolgaltatasok\/dobbanto\/dobbantologo\/\" rel=\"attachment wp-att-39\"><img loading=\"lazy\" decoding=\"async\" class=\"alignnone size-medium wp-image-39\" src=\"https:\/\/seed.hu\/wp-content\/uploads\/2021\/02\/dobbantologo-300x84.jpg\" alt=\"\" width=\"300\" height=\"84\" srcset=\"https:\/\/seed.hu\/wp-content\/uploads\/2021\/02\/dobbantologo-300x84.jpg 300w, https:\/\/seed.hu\/wp-content\/uploads\/2021\/02\/dobbantologo.jpg 384w\" sizes=\"auto, (max-width: 300px) 100vw, 300px\" \/><\/a><\/p>\n<p>Kialakultak m\u00e1r v\u00e1llalkoz\u00e1s\u00e1nak 2019-es tervei? Ha m\u00e9g nem, akkor \u00e9rdemes kiszakadni a 2018-as \u00e9v v\u00e9gi hajr\u00e1b\u00f3l, \u00e9s egy napot \u00e1ldozni a j\u00f6v\u0151re. Szeretettel v\u00e1rjuk a Dobbant\u00f3 program keret\u00e9ben \u00fajra el\u00e9rhet\u0151 Business Model Canvas k\u00e9pz\u00e9s\u00fcnk\u00f6n, amelyen egy v\u00e1llalkoz\u00e1sb\u00f3l ak\u00e1r t\u00f6bben is r\u00e9szt vehetnek (a h\u00f6lgyek p\u00e9ld\u00e1ul elhozhatj\u00e1k f\u00e9rfi \u00fczlett\u00e1rsukat, koll\u00e9g\u00e1jukat).<\/p>\n<p>A k\u00e9pz\u00e9sen legfeljebb 20 f\u0151 vehet r\u00e9szt.<br \/>\nSiessen, hogy felk\u00e9sz\u00fclten v\u00e1gjon neki 2019 \u00faj kih\u00edv\u00e1sainak!<\/p>\n<p><strong>K\u00e9pz\u00e9si id\u0151pont:<\/strong> 2018. december 10.<\/p>\n<p><strong>Jelentkez\u00e9si hat\u00e1rid\u0151: <\/strong>2018. december 3., h\u00e9tf\u0151, 23:59.<\/p>\n<p>Jelentkez\u00e9s \u00e9s tov\u00e1bbi r\u00e9szletek:\u00a0<a href=\"https:\/\/dobbanto.seed.hu\/urlap\/jelentkezes-a-business-model-canvas-kepzesre\" target=\"_blank\" rel=\"noopener\">https:\/\/dobbanto.seed.hu\/urlap\/jelentkezes-a-business-model-canvas-kepzesre<\/a><\/p>\n<p>&nbsp;<\/p>\n","protected":false},"featured_media":335,"menu_order":0,"template":"","meta":{"_acf_changed":false},"class_list":["post-822","hirek","type-hirek","status-publish","has-post-thumbnail","hentry"],"acf":[],"yoast_head":"<!-- This site is optimized with the Yoast SEO plugin v27.4 - https:\/\/yoast.com\/product\/yoast-seo-wordpress\/ -->\n<title>L\u00e9pjen \u00e1t 2019-be felk\u00e9sz\u00fclten, vizu\u00e1lis \u00fczleti modellez\u00e9ssel! - Seed<\/title>\n<meta name=\"robots\" content=\"index, follow, max-snippet:-1, max-image-preview:large, max-video-preview:-1\" \/>\n<link rel=\"canonical\" href=\"https:\/\/seed.hu\/hirek\/lepjen-at-2019-be-felkeszulten-vizualis-uzleti-modellezessel\/\" \/>\n<meta property=\"og:locale\" content=\"en_US\" \/>\n<meta property=\"og:type\" content=\"article\" \/>\n<meta property=\"og:title\" content=\"L\u00e9pjen \u00e1t 2019-be felk\u00e9sz\u00fclten, vizu\u00e1lis \u00fczleti modellez\u00e9ssel! - Seed\" \/>\n<meta property=\"og:description\" content=\"Kialakultak m\u00e1r v\u00e1llalkoz\u00e1s\u00e1nak 2019-es tervei? Ha m\u00e9g nem, akkor \u00e9rdemes kiszakadni a 2018-as \u00e9v v\u00e9gi hajr\u00e1b\u00f3l, \u00e9s egy napot \u00e1ldozni a j\u00f6v\u0151re. Szeretettel v\u00e1rjuk a Dobbant\u00f3 program keret\u00e9ben \u00fajra el\u00e9rhet\u0151 Business Model Canvas k\u00e9pz\u00e9s\u00fcnk\u00f6n, amelyen egy v\u00e1llalkoz\u00e1sb\u00f3l ak\u00e1r t\u00f6bben is r\u00e9szt vehetnek (a h\u00f6lgyek p\u00e9ld\u00e1ul elhozhatj\u00e1k f\u00e9rfi \u00fczlett\u00e1rsukat, koll\u00e9g\u00e1jukat). A k\u00e9pz\u00e9sen legfeljebb 20 f\u0151 vehet [&hellip;]\" \/>\n<meta property=\"og:url\" content=\"https:\/\/seed.hu\/hirek\/lepjen-at-2019-be-felkeszulten-vizualis-uzleti-modellezessel\/\" \/>\n<meta property=\"og:site_name\" content=\"Seed\" \/>\n<meta property=\"article:modified_time\" content=\"2022-01-17T17:41:52+00:00\" \/>\n<meta property=\"og:image\" content=\"https:\/\/seed.hu\/wp-content\/uploads\/2021\/04\/dobbanto.png\" \/>\n\t<meta property=\"og:image:width\" content=\"773\" \/>\n\t<meta property=\"og:image:height\" content=\"773\" \/>\n\t<meta property=\"og:image:type\" content=\"image\/png\" \/>\n<meta name=\"twitter:card\" content=\"summary_large_image\" \/>\n<meta name=\"twitter:label1\" content=\"Est. reading time\" \/>\n\t<meta name=\"twitter:data1\" content=\"1 minute\" \/>\n<script type=\"application\/ld+json\" class=\"yoast-schema-graph\">{\"@context\":\"https:\\\/\\\/schema.org\",\"@graph\":[{\"@type\":\"WebPage\",\"@id\":\"https:\\\/\\\/seed.hu\\\/hirek\\\/lepjen-at-2019-be-felkeszulten-vizualis-uzleti-modellezessel\\\/\",\"url\":\"https:\\\/\\\/seed.hu\\\/hirek\\\/lepjen-at-2019-be-felkeszulten-vizualis-uzleti-modellezessel\\\/\",\"name\":\"L\u00e9pjen \u00e1t 2019-be felk\u00e9sz\u00fclten, vizu\u00e1lis \u00fczleti modellez\u00e9ssel! - Seed\",\"isPartOf\":{\"@id\":\"https:\\\/\\\/seed.hu\\\/#website\"},\"primaryImageOfPage\":{\"@id\":\"https:\\\/\\\/seed.hu\\\/hirek\\\/lepjen-at-2019-be-felkeszulten-vizualis-uzleti-modellezessel\\\/#primaryimage\"},\"image\":{\"@id\":\"https:\\\/\\\/seed.hu\\\/hirek\\\/lepjen-at-2019-be-felkeszulten-vizualis-uzleti-modellezessel\\\/#primaryimage\"},\"thumbnailUrl\":\"https:\\\/\\\/seed.hu\\\/wp-content\\\/uploads\\\/2021\\\/04\\\/dobbanto.png\",\"datePublished\":\"2018-11-13T15:51:26+00:00\",\"dateModified\":\"2022-01-17T17:41:52+00:00\",\"breadcrumb\":{\"@id\":\"https:\\\/\\\/seed.hu\\\/hirek\\\/lepjen-at-2019-be-felkeszulten-vizualis-uzleti-modellezessel\\\/#breadcrumb\"},\"inLanguage\":\"en-US\",\"potentialAction\":[{\"@type\":\"ReadAction\",\"target\":[\"https:\\\/\\\/seed.hu\\\/hirek\\\/lepjen-at-2019-be-felkeszulten-vizualis-uzleti-modellezessel\\\/\"]}]},{\"@type\":\"ImageObject\",\"inLanguage\":\"en-US\",\"@id\":\"https:\\\/\\\/seed.hu\\\/hirek\\\/lepjen-at-2019-be-felkeszulten-vizualis-uzleti-modellezessel\\\/#primaryimage\",\"url\":\"https:\\\/\\\/seed.hu\\\/wp-content\\\/uploads\\\/2021\\\/04\\\/dobbanto.png\",\"contentUrl\":\"https:\\\/\\\/seed.hu\\\/wp-content\\\/uploads\\\/2021\\\/04\\\/dobbanto.png\",\"width\":773,\"height\":773},{\"@type\":\"BreadcrumbList\",\"@id\":\"https:\\\/\\\/seed.hu\\\/hirek\\\/lepjen-at-2019-be-felkeszulten-vizualis-uzleti-modellezessel\\\/#breadcrumb\",\"itemListElement\":[{\"@type\":\"ListItem\",\"position\":1,\"name\":\"H\u00edrek\",\"item\":\"https:\\\/\\\/seed.hu\\\/hirek\\\/\"},{\"@type\":\"ListItem\",\"position\":2,\"name\":\"L\u00e9pjen \u00e1t 2019-be felk\u00e9sz\u00fclten, vizu\u00e1lis \u00fczleti modellez\u00e9ssel!\"}]},{\"@type\":\"WebSite\",\"@id\":\"https:\\\/\\\/seed.hu\\\/#website\",\"url\":\"https:\\\/\\\/seed.hu\\\/\",\"name\":\"Seed\",\"description\":\"\",\"potentialAction\":[{\"@type\":\"SearchAction\",\"target\":{\"@type\":\"EntryPoint\",\"urlTemplate\":\"https:\\\/\\\/seed.hu\\\/?s={search_term_string}\"},\"query-input\":{\"@type\":\"PropertyValueSpecification\",\"valueRequired\":true,\"valueName\":\"search_term_string\"}}],\"inLanguage\":\"en-US\"}]}<\/script>\n<!-- \/ Yoast SEO plugin. -->","yoast_head_json":{"title":"L\u00e9pjen \u00e1t 2019-be felk\u00e9sz\u00fclten, vizu\u00e1lis \u00fczleti modellez\u00e9ssel! - Seed","robots":{"index":"index","follow":"follow","max-snippet":"max-snippet:-1","max-image-preview":"max-image-preview:large","max-video-preview":"max-video-preview:-1"},"canonical":"https:\/\/seed.hu\/hirek\/lepjen-at-2019-be-felkeszulten-vizualis-uzleti-modellezessel\/","og_locale":"en_US","og_type":"article","og_title":"L\u00e9pjen \u00e1t 2019-be felk\u00e9sz\u00fclten, vizu\u00e1lis \u00fczleti modellez\u00e9ssel! - Seed","og_description":"Kialakultak m\u00e1r v\u00e1llalkoz\u00e1s\u00e1nak 2019-es tervei? Ha m\u00e9g nem, akkor \u00e9rdemes kiszakadni a 2018-as \u00e9v v\u00e9gi hajr\u00e1b\u00f3l, \u00e9s egy napot \u00e1ldozni a j\u00f6v\u0151re. Szeretettel v\u00e1rjuk a Dobbant\u00f3 program keret\u00e9ben \u00fajra el\u00e9rhet\u0151 Business Model Canvas k\u00e9pz\u00e9s\u00fcnk\u00f6n, amelyen egy v\u00e1llalkoz\u00e1sb\u00f3l ak\u00e1r t\u00f6bben is r\u00e9szt vehetnek (a h\u00f6lgyek p\u00e9ld\u00e1ul elhozhatj\u00e1k f\u00e9rfi \u00fczlett\u00e1rsukat, koll\u00e9g\u00e1jukat). A k\u00e9pz\u00e9sen legfeljebb 20 f\u0151 vehet [&hellip;]","og_url":"https:\/\/seed.hu\/hirek\/lepjen-at-2019-be-felkeszulten-vizualis-uzleti-modellezessel\/","og_site_name":"Seed","article_modified_time":"2022-01-17T17:41:52+00:00","og_image":[{"width":773,"height":773,"url":"https:\/\/seed.hu\/wp-content\/uploads\/2021\/04\/dobbanto.png","type":"image\/png"}],"twitter_card":"summary_large_image","twitter_misc":{"Est. reading time":"1 minute"},"schema":{"@context":"https:\/\/schema.org","@graph":[{"@type":"WebPage","@id":"https:\/\/seed.hu\/hirek\/lepjen-at-2019-be-felkeszulten-vizualis-uzleti-modellezessel\/","url":"https:\/\/seed.hu\/hirek\/lepjen-at-2019-be-felkeszulten-vizualis-uzleti-modellezessel\/","name":"L\u00e9pjen \u00e1t 2019-be felk\u00e9sz\u00fclten, vizu\u00e1lis \u00fczleti modellez\u00e9ssel! - Seed","isPartOf":{"@id":"https:\/\/seed.hu\/#website"},"primaryImageOfPage":{"@id":"https:\/\/seed.hu\/hirek\/lepjen-at-2019-be-felkeszulten-vizualis-uzleti-modellezessel\/#primaryimage"},"image":{"@id":"https:\/\/seed.hu\/hirek\/lepjen-at-2019-be-felkeszulten-vizualis-uzleti-modellezessel\/#primaryimage"},"thumbnailUrl":"https:\/\/seed.hu\/wp-content\/uploads\/2021\/04\/dobbanto.png","datePublished":"2018-11-13T15:51:26+00:00","dateModified":"2022-01-17T17:41:52+00:00","breadcrumb":{"@id":"https:\/\/seed.hu\/hirek\/lepjen-at-2019-be-felkeszulten-vizualis-uzleti-modellezessel\/#breadcrumb"},"inLanguage":"en-US","potentialAction":[{"@type":"ReadAction","target":["https:\/\/seed.hu\/hirek\/lepjen-at-2019-be-felkeszulten-vizualis-uzleti-modellezessel\/"]}]},{"@type":"ImageObject","inLanguage":"en-US","@id":"https:\/\/seed.hu\/hirek\/lepjen-at-2019-be-felkeszulten-vizualis-uzleti-modellezessel\/#primaryimage","url":"https:\/\/seed.hu\/wp-content\/uploads\/2021\/04\/dobbanto.png","contentUrl":"https:\/\/seed.hu\/wp-content\/uploads\/2021\/04\/dobbanto.png","width":773,"height":773},{"@type":"BreadcrumbList","@id":"https:\/\/seed.hu\/hirek\/lepjen-at-2019-be-felkeszulten-vizualis-uzleti-modellezessel\/#breadcrumb","itemListElement":[{"@type":"ListItem","position":1,"name":"H\u00edrek","item":"https:\/\/seed.hu\/hirek\/"},{"@type":"ListItem","position":2,"name":"L\u00e9pjen \u00e1t 2019-be felk\u00e9sz\u00fclten, vizu\u00e1lis \u00fczleti modellez\u00e9ssel!"}]},{"@type":"WebSite","@id":"https:\/\/seed.hu\/#website","url":"https:\/\/seed.hu\/","name":"Seed","description":"","potentialAction":[{"@type":"SearchAction","target":{"@type":"EntryPoint","urlTemplate":"https:\/\/seed.hu\/?s={search_term_string}"},"query-input":{"@type":"PropertyValueSpecification","valueRequired":true,"valueName":"search_term_string"}}],"inLanguage":"en-US"}]}},"_links":{"self":[{"href":"https:\/\/seed.hu\/en\/wp-json\/wp\/v2\/hirek\/822","targetHints":{"allow":["GET"]}}],"collection":[{"href":"https:\/\/seed.hu\/en\/wp-json\/wp\/v2\/hirek"}],"about":[{"href":"https:\/\/seed.hu\/en\/wp-json\/wp\/v2\/types\/hirek"}],"wp:featuredmedia":[{"embeddable":true,"href":"https:\/\/seed.hu\/en\/wp-json\/wp\/v2\/media\/335"}],"wp:attachment":[{"href":"https:\/\/seed.hu\/en\/wp-json\/wp\/v2\/media?parent=822"}],"curies":[{"name":"wp","href":"https:\/\/api.w.org\/{rel}","templated":true}]}}

Lépjen át 2019-be felkészülten, vizuális üzleti modellezéssel!

<p><a href="https://seed.hu/szolgaltatasok/dobbanto/dobbantologo/" rel="attachment wp-att-39"><img loading="lazy" decoding="async" class="alignnone size-medium wp-image-39" src="https://seed.hu/wp-content/uploads/2021/02/dobbantologo-300x84.jpg" alt="" width="300" height="84" srcset="https://seed.hu/wp-content/uploads/2021/02/dobbantologo-300x84.jpg 300w, https://seed.hu/wp-content/uploads/2021/02/dobbantologo.jpg 384w" sizes="auto, (max-width: 300px) 100vw, 300px" /></a></p>
<p>Kialakultak már vállalkozásának 2019-es tervei? Ha még nem, akkor érdemes kiszakadni a 2018-as év végi hajrából, és egy napot áldozni a jövőre. Szeretettel várjuk a Dobbantó program keretében újra elérhető Business Model Canvas képzésünkön, amelyen egy vállalkozásból akár többen is részt vehetnek (a hölgyek például elhozhatják férfi üzlettársukat, kollégájukat).</p>
<p>A képzésen legfeljebb 20 fő vehet részt.<br />
Siessen, hogy felkészülten vágjon neki 2019 új kihívásainak!</p>
<p><strong>Képzési időpont:</strong> 2018. december 10.</p>
<p><strong>Jelentkezési határidő: </strong>2018. december 3., hétfő, 23:59.</p>
<p>Jelentkezés és további részletek: <a href="https://dobbanto.seed.hu/urlap/jelentkezes-a-business-model-canvas-kepzesre" target="_blank" rel="noopener">https://dobbanto.seed.hu/urlap/jelentkezes-a-business-model-canvas-kepzesre</a></p>
<p>&nbsp;</p>

<!-- This site is optimized with the Yoast SEO plugin v27.4 - https://yoast.com/product/yoast-seo-wordpress/ -->
<title>Lépjen át 2019-be felkészülten, vizuális üzleti modellezéssel! - Seed</title>
<meta name="robots" content="index, follow, max-snippet:-1, max-image-preview:large, max-video-preview:-1" />
<link rel="canonical" href="https://seed.hu/hirek/lepjen-at-2019-be-felkeszulten-vizualis-uzleti-modellezessel/" />
<meta property="og:locale" content="en_US" />
<meta property="og:type" content="article" />
<meta property="og:title" content="Lépjen át 2019-be felkészülten, vizuális üzleti modellezéssel! - Seed" />
<meta property="og:description" content="Kialakultak már vállalkozásának 2019-es tervei? Ha még nem, akkor érdemes kiszakadni a 2018-as év végi hajrából, és egy napot áldozni a jövőre. Szeretettel várjuk a Dobbantó program keretében újra elérhető Business Model Canvas képzésünkön, amelyen egy vállalkozásból akár többen is részt vehetnek (a hölgyek például elhozhatják férfi üzlettársukat, kollégájukat). A képzésen legfeljebb 20 fő vehet [&hellip;]" />
<meta property="og:url" content="https://seed.hu/hirek/lepjen-at-2019-be-felkeszulten-vizualis-uzleti-modellezessel/" />
<meta property="og:site_name" content="Seed" />
<meta property="article:modified_time" content="2022-01-17T17:41:52+00:00" />
<meta property="og:image" content="https://seed.hu/wp-content/uploads/2021/04/dobbanto.png" />
	<meta property="og:image:width" content="773" />
	<meta property="og:image:height" content="773" />
	<meta property="og:image:type" content="image/png" />
<meta name="twitter:card" content="summary_large_image" />
<meta name="twitter:label1" content="Est. reading time" />
	<meta name="twitter:data1" content="1 minute" />
<script type="application/ld+json" class="yoast-schema-graph">{"@context":"https:\/\/schema.org","@graph":[{"@type":"WebPage","@id":"https:\/\/seed.hu\/hirek\/lepjen-at-2019-be-felkeszulten-vizualis-uzleti-modellezessel\/","url":"https:\/\/seed.hu\/hirek\/lepjen-at-2019-be-felkeszulten-vizualis-uzleti-modellezessel\/","name":"Lépjen át 2019-be felkészülten, vizuális üzleti modellezéssel! - Seed","isPartOf":{"@id":"https:\/\/seed.hu\/#website"},"primaryImageOfPage":{"@id":"https:\/\/seed.hu\/hirek\/lepjen-at-2019-be-felkeszulten-vizualis-uzleti-modellezessel\/#primaryimage"},"image":{"@id":"https:\/\/seed.hu\/hirek\/lepjen-at-2019-be-felkeszulten-vizualis-uzleti-modellezessel\/#primaryimage"},"thumbnailUrl":"https:\/\/seed.hu\/wp-content\/uploads\/2021\/04\/dobbanto.png","datePublished":"2018-11-13T15:51:26+00:00","dateModified":"2022-01-17T17:41:52+00:00","breadcrumb":{"@id":"https:\/\/seed.hu\/hirek\/lepjen-at-2019-be-felkeszulten-vizualis-uzleti-modellezessel\/#breadcrumb"},"inLanguage":"en-US","potentialAction":[{"@type":"ReadAction","target":["https:\/\/seed.hu\/hirek\/lepjen-at-2019-be-felkeszulten-vizualis-uzleti-modellezessel\/"]}]},{"@type":"ImageObject","inLanguage":"en-US","@id":"https:\/\/seed.hu\/hirek\/lepjen-at-2019-be-felkeszulten-vizualis-uzleti-modellezessel\/#primaryimage","url":"https:\/\/seed.hu\/wp-content\/uploads\/2021\/04\/dobbanto.png","contentUrl":"https:\/\/seed.hu\/wp-content\/uploads\/2021\/04\/dobbanto.png","width":773,"height":773},{"@type":"BreadcrumbList","@id":"https:\/\/seed.hu\/hirek\/lepjen-at-2019-be-felkeszulten-vizualis-uzleti-modellezessel\/#breadcrumb","itemListElement":[{"@type":"ListItem","position":1,"name":"Hírek","item":"https:\/\/seed.hu\/hirek\/"},{"@type":"ListItem","position":2,"name":"Lépjen át 2019-be felkészülten, vizuális üzleti modellezéssel!"}]},{"@type":"WebSite","@id":"https:\/\/seed.hu\/#website","url":"https:\/\/seed.hu\/","name":"Seed","description":"","potentialAction":[{"@type":"SearchAction","target":{"@type":"EntryPoint","urlTemplate":"https:\/\/seed.hu\/?s={search_term_string}"},"query-input":{"@type":"PropertyValueSpecification","valueRequired":true,"valueName":"search_term_string"}}],"inLanguage":"en-US"}]}</script>
<!-- / Yoast SEO plugin. -->

Lépjen át 2019-be felkészülten, vizuális üzleti modellezéssel! - Seed

Kialakultak már vállalkozásának 2019-es tervei? Ha még nem, akkor érdemes kiszakadni a 2018-as év végi hajrából, és egy napot áldozni a jövőre. Szeretettel várjuk a Dobbantó program keretében újra elérhető Business Model Canvas képzésünkön, amelyen egy vállalkozásból akár többen is részt vehetnek (a hölgyek például elhozhatják férfi üzlettársukat, kollégájukat). A képzésen legfeljebb 20 fő vehet [&hellip;]

Hírek
