{"id":823,"date":"2018-11-22T20:44:58","date_gmt":"2018-11-22T19:44:58","guid":{"rendered":"https:\/\/seed.hu\/?post_type=hirek&#038;p=823"},"modified":"2022-01-17T18:42:57","modified_gmt":"2022-01-17T17:42:57","slug":"ingyenes-online-konferencia-a-magyar-csaladi-vallalkozasokert","status":"publish","type":"hirek","link":"https:\/\/seed.hu\/en\/hirek\/ingyenes-online-konferencia-a-magyar-csaladi-vallalkozasokert\/","title":{"rendered":"Ingyenes online konferencia a magyar csal\u00e1di v\u00e1llalkoz\u00e1sok\u00e9rt"},"content":{"rendered":"<p><strong>A SEED Alap\u00edtv\u00e1ny, mint a gener\u00e1ci\u00f3v\u00e1lt\u00e1s el\u0151tt \u00e1ll\u00f3 csal\u00e1di v\u00e1llalkoz\u00e1sok szak\u00e9rt\u0151je is bemutatkozik az els\u0151 magyarorsz\u00e1gi online konferenci\u00e1n, amelyet a Csal\u00e1di V\u00e1llalkoz\u00e1sok Orsz\u00e1gos Egyes\u00fclete (CSAVE) rendez 2018. november 24-25-\u00e9n \u201eCsal\u00e1dban maradt\u201dc\u00edmmel. A k\u00e9tnapos \u201et\u00e1vesem\u00e9nyen\u201d minden olyan t\u00e9m\u00e1t \u00e9rintenek, amely hat\u00e1ssal van \u00e9s lehet a magyar csal\u00e1di v\u00e1llalkoz\u00e1sok boldogul\u00e1s\u00e1ra.\u00a0Az el\u0151ad\u00e1sok a rendezv\u00e9ny ideje alatt az erre a c\u00e9lra fejlesztett, k\u00f6nnyen kezelhet\u0151 \u00e9s \u00e1ttekinthet\u0151 weboldalon (<a href=\"http:\/\/www.csaladbanmaradt.hu\" target=\"_blank\" rel=\"noopener\">www.csaladbanmaradt.hu<\/a>) lesznek ingyenesen el\u00e9rhet\u0151k vide\u00f3k form\u00e1j\u00e1ban.<\/strong><\/p>\n<p>&nbsp;<\/p>\n<p>Az el\u0151ad\u00e1sok mellett virtu\u00e1lis kerekasztal-besz\u00e9lget\u00e9sek v\u00e1rnak az \u00e9rdekl\u0151d\u0151kre, amelyeken a r\u00e9sztvev\u0151k az ut\u00f3dl\u00e1s sor\u00e1n felmer\u00fcl\u0151 probl\u00e9m\u00e1kra keresik a megold\u00e1sokat. Egyebek k\u00f6z\u00f6tt sz\u00f3 esik majd arr\u00f3l, hogy milyen t\u00f6rv\u00e9nyi kieg\u00e9sz\u00edt\u00e9s\u00a0szolg\u00e1lja az alap\u00edt\u00f3 kies\u00e9se eset\u00e9n keletkez\u0151 jogi szakad\u00e9k \u00e1thidal\u00e1s\u00e1t; milyen normat\u00edv p\u00e1ly\u00e1zati lehet\u0151s\u00e9gek sz\u00fcks\u00e9gesek a menedzsment, vagy az alkalmazottak r\u00e9szleges tulajdonszerz\u00e9s\u00e9nek megk\u00f6nny\u00edt\u00e9s\u00e9re; milyen ad\u00f3z\u00e1si \u00e9s t\u00e1mogat\u00e1si rendszert l\u00e1tn\u00e1nk sz\u00edvesen a csal\u00e1di c\u00e9gek &#8220;t\u0151zsdek\u00e9pess\u00e9g\u00fck&#8221; el\u00e9r\u00e9s\u00e9hez; mik\u00e9ppen lehet a csal\u00e1di mag\u00e1n \u00e9s c\u00e9ges vagyon sz\u00e9tv\u00e1laszt\u00e1s\u00e1t, \u00e9s \u00edgy a csal\u00e1di v\u00e1llalkoz\u00e1sok t\u00fal\u00e9l\u00e9s\u00e9t el\u0151seg\u00edteni.<\/p>\n<p>&nbsp;<\/p>\n<p>A k\u00e9tnapos, kiz\u00e1r\u00f3lag az online t\u00e9rben k\u00f6vethet\u0151 m\u0171helymunk\u00e1ba olyan neves el\u0151ad\u00f3k is bekapcsol\u00f3dnak, mint Cegl\u00e9di Zolt\u00e1n \u00e9s Z\u00e1rug P\u00e9ter Farkas politol\u00f3gusok, k\u00e9pviseltetik magukat a Budapesti \u00c9rt\u00e9kt\u0151zsde, k\u00e9t miniszt\u00e9rium, a Neumann Egyetem, az MGYOSZ k\u00e9pvisel\u0151i, valamint GDPR-szak\u00e9rt\u0151k \u00e9s szervezetfejleszt\u0151 szakemberek, illetve az egyes\u00fclet eln\u00f6ks\u00e9gi tagjai is. Az online tartalmak a konferencia k\u00e9t napj\u00e1n t\u00fal is el\u00e9rhet\u0151k lesznek.<br \/>\nA SEED Alap\u00edtv\u00e1ny rendk\u00edv\u00fcl fontosnak tartja, hogy a gener\u00e1ci\u00f3v\u00e1lt\u00f3 csal\u00e1di v\u00e1llalkoz\u00e1sok min\u00e9l t\u00f6bb inform\u00e1ci\u00f3val rendelkezzenek err\u0151l a t\u00e9m\u00e1r\u00f3l, amely seg\u00edts\u00e9get ny\u00fajt nekik az \u00e1tmenet z\u00f6kken\u0151mentes menedzsel\u00e9s\u00e9hez. Ez\u00e9rt is vesz r\u00e9szt ezen az \u00fajszer\u0171, a kor k\u00f6vetelm\u00e9nyeinek megfelel\u0151 rendezv\u00e9nyen.<\/p>\n","protected":false},"featured_media":0,"menu_order":0,"template":"","meta":{"_acf_changed":false},"class_list":["post-823","hirek","type-hirek","status-publish","hentry"],"acf":[],"yoast_head":"<!-- This site is optimized with the Yoast SEO plugin v27.4 - https:\/\/yoast.com\/product\/yoast-seo-wordpress\/ -->\n<title>Ingyenes online konferencia a magyar csal\u00e1di v\u00e1llalkoz\u00e1sok\u00e9rt - Seed<\/title>\n<meta name=\"robots\" content=\"index, follow, max-snippet:-1, max-image-preview:large, max-video-preview:-1\" \/>\n<link rel=\"canonical\" href=\"https:\/\/seed.hu\/hirek\/ingyenes-online-konferencia-a-magyar-csaladi-vallalkozasokert\/\" \/>\n<meta property=\"og:locale\" content=\"en_US\" \/>\n<meta property=\"og:type\" content=\"article\" \/>\n<meta property=\"og:title\" content=\"Ingyenes online konferencia a magyar csal\u00e1di v\u00e1llalkoz\u00e1sok\u00e9rt - Seed\" \/>\n<meta property=\"og:description\" content=\"A SEED Alap\u00edtv\u00e1ny, mint a gener\u00e1ci\u00f3v\u00e1lt\u00e1s el\u0151tt \u00e1ll\u00f3 csal\u00e1di v\u00e1llalkoz\u00e1sok szak\u00e9rt\u0151je is bemutatkozik az els\u0151 magyarorsz\u00e1gi online konferenci\u00e1n, amelyet a Csal\u00e1di V\u00e1llalkoz\u00e1sok Orsz\u00e1gos Egyes\u00fclete (CSAVE) rendez 2018. november 24-25-\u00e9n \u201eCsal\u00e1dban maradt\u201dc\u00edmmel. A k\u00e9tnapos \u201et\u00e1vesem\u00e9nyen\u201d minden olyan t\u00e9m\u00e1t \u00e9rintenek, amely hat\u00e1ssal van \u00e9s lehet a magyar csal\u00e1di v\u00e1llalkoz\u00e1sok boldogul\u00e1s\u00e1ra.\u00a0Az el\u0151ad\u00e1sok a rendezv\u00e9ny ideje alatt az erre [&hellip;]\" \/>\n<meta property=\"og:url\" content=\"https:\/\/seed.hu\/hirek\/ingyenes-online-konferencia-a-magyar-csaladi-vallalkozasokert\/\" \/>\n<meta property=\"og:site_name\" content=\"Seed\" \/>\n<meta property=\"article:modified_time\" content=\"2022-01-17T17:42:57+00:00\" \/>\n<meta name=\"twitter:card\" content=\"summary_large_image\" \/>\n<meta name=\"twitter:label1\" content=\"Est. reading time\" \/>\n\t<meta name=\"twitter:data1\" content=\"2 minutes\" \/>\n<script type=\"application\/ld+json\" class=\"yoast-schema-graph\">{\"@context\":\"https:\\\/\\\/schema.org\",\"@graph\":[{\"@type\":\"WebPage\",\"@id\":\"https:\\\/\\\/seed.hu\\\/hirek\\\/ingyenes-online-konferencia-a-magyar-csaladi-vallalkozasokert\\\/\",\"url\":\"https:\\\/\\\/seed.hu\\\/hirek\\\/ingyenes-online-konferencia-a-magyar-csaladi-vallalkozasokert\\\/\",\"name\":\"Ingyenes online konferencia a magyar csal\u00e1di v\u00e1llalkoz\u00e1sok\u00e9rt - Seed\",\"isPartOf\":{\"@id\":\"https:\\\/\\\/seed.hu\\\/#website\"},\"datePublished\":\"2018-11-22T19:44:58+00:00\",\"dateModified\":\"2022-01-17T17:42:57+00:00\",\"breadcrumb\":{\"@id\":\"https:\\\/\\\/seed.hu\\\/hirek\\\/ingyenes-online-konferencia-a-magyar-csaladi-vallalkozasokert\\\/#breadcrumb\"},\"inLanguage\":\"en-US\",\"potentialAction\":[{\"@type\":\"ReadAction\",\"target\":[\"https:\\\/\\\/seed.hu\\\/hirek\\\/ingyenes-online-konferencia-a-magyar-csaladi-vallalkozasokert\\\/\"]}]},{\"@type\":\"BreadcrumbList\",\"@id\":\"https:\\\/\\\/seed.hu\\\/hirek\\\/ingyenes-online-konferencia-a-magyar-csaladi-vallalkozasokert\\\/#breadcrumb\",\"itemListElement\":[{\"@type\":\"ListItem\",\"position\":1,\"name\":\"H\u00edrek\",\"item\":\"https:\\\/\\\/seed.hu\\\/hirek\\\/\"},{\"@type\":\"ListItem\",\"position\":2,\"name\":\"Ingyenes online konferencia a magyar csal\u00e1di v\u00e1llalkoz\u00e1sok\u00e9rt\"}]},{\"@type\":\"WebSite\",\"@id\":\"https:\\\/\\\/seed.hu\\\/#website\",\"url\":\"https:\\\/\\\/seed.hu\\\/\",\"name\":\"Seed\",\"description\":\"\",\"potentialAction\":[{\"@type\":\"SearchAction\",\"target\":{\"@type\":\"EntryPoint\",\"urlTemplate\":\"https:\\\/\\\/seed.hu\\\/?s={search_term_string}\"},\"query-input\":{\"@type\":\"PropertyValueSpecification\",\"valueRequired\":true,\"valueName\":\"search_term_string\"}}],\"inLanguage\":\"en-US\"}]}<\/script>\n<!-- \/ Yoast SEO plugin. -->","yoast_head_json":{"title":"Ingyenes online konferencia a magyar csal\u00e1di v\u00e1llalkoz\u00e1sok\u00e9rt - Seed","robots":{"index":"index","follow":"follow","max-snippet":"max-snippet:-1","max-image-preview":"max-image-preview:large","max-video-preview":"max-video-preview:-1"},"canonical":"https:\/\/seed.hu\/hirek\/ingyenes-online-konferencia-a-magyar-csaladi-vallalkozasokert\/","og_locale":"en_US","og_type":"article","og_title":"Ingyenes online konferencia a magyar csal\u00e1di v\u00e1llalkoz\u00e1sok\u00e9rt - Seed","og_description":"A SEED Alap\u00edtv\u00e1ny, mint a gener\u00e1ci\u00f3v\u00e1lt\u00e1s el\u0151tt \u00e1ll\u00f3 csal\u00e1di v\u00e1llalkoz\u00e1sok szak\u00e9rt\u0151je is bemutatkozik az els\u0151 magyarorsz\u00e1gi online konferenci\u00e1n, amelyet a Csal\u00e1di V\u00e1llalkoz\u00e1sok Orsz\u00e1gos Egyes\u00fclete (CSAVE) rendez 2018. november 24-25-\u00e9n \u201eCsal\u00e1dban maradt\u201dc\u00edmmel. A k\u00e9tnapos \u201et\u00e1vesem\u00e9nyen\u201d minden olyan t\u00e9m\u00e1t \u00e9rintenek, amely hat\u00e1ssal van \u00e9s lehet a magyar csal\u00e1di v\u00e1llalkoz\u00e1sok boldogul\u00e1s\u00e1ra.\u00a0Az el\u0151ad\u00e1sok a rendezv\u00e9ny ideje alatt az erre [&hellip;]","og_url":"https:\/\/seed.hu\/hirek\/ingyenes-online-konferencia-a-magyar-csaladi-vallalkozasokert\/","og_site_name":"Seed","article_modified_time":"2022-01-17T17:42:57+00:00","twitter_card":"summary_large_image","twitter_misc":{"Est. reading time":"2 minutes"},"schema":{"@context":"https:\/\/schema.org","@graph":[{"@type":"WebPage","@id":"https:\/\/seed.hu\/hirek\/ingyenes-online-konferencia-a-magyar-csaladi-vallalkozasokert\/","url":"https:\/\/seed.hu\/hirek\/ingyenes-online-konferencia-a-magyar-csaladi-vallalkozasokert\/","name":"Ingyenes online konferencia a magyar csal\u00e1di v\u00e1llalkoz\u00e1sok\u00e9rt - Seed","isPartOf":{"@id":"https:\/\/seed.hu\/#website"},"datePublished":"2018-11-22T19:44:58+00:00","dateModified":"2022-01-17T17:42:57+00:00","breadcrumb":{"@id":"https:\/\/seed.hu\/hirek\/ingyenes-online-konferencia-a-magyar-csaladi-vallalkozasokert\/#breadcrumb"},"inLanguage":"en-US","potentialAction":[{"@type":"ReadAction","target":["https:\/\/seed.hu\/hirek\/ingyenes-online-konferencia-a-magyar-csaladi-vallalkozasokert\/"]}]},{"@type":"BreadcrumbList","@id":"https:\/\/seed.hu\/hirek\/ingyenes-online-konferencia-a-magyar-csaladi-vallalkozasokert\/#breadcrumb","itemListElement":[{"@type":"ListItem","position":1,"name":"H\u00edrek","item":"https:\/\/seed.hu\/hirek\/"},{"@type":"ListItem","position":2,"name":"Ingyenes online konferencia a magyar csal\u00e1di v\u00e1llalkoz\u00e1sok\u00e9rt"}]},{"@type":"WebSite","@id":"https:\/\/seed.hu\/#website","url":"https:\/\/seed.hu\/","name":"Seed","description":"","potentialAction":[{"@type":"SearchAction","target":{"@type":"EntryPoint","urlTemplate":"https:\/\/seed.hu\/?s={search_term_string}"},"query-input":{"@type":"PropertyValueSpecification","valueRequired":true,"valueName":"search_term_string"}}],"inLanguage":"en-US"}]}},"_links":{"self":[{"href":"https:\/\/seed.hu\/en\/wp-json\/wp\/v2\/hirek\/823","targetHints":{"allow":["GET"]}}],"collection":[{"href":"https:\/\/seed.hu\/en\/wp-json\/wp\/v2\/hirek"}],"about":[{"href":"https:\/\/seed.hu\/en\/wp-json\/wp\/v2\/types\/hirek"}],"wp:attachment":[{"href":"https:\/\/seed.hu\/en\/wp-json\/wp\/v2\/media?parent=823"}],"curies":[{"name":"wp","href":"https:\/\/api.w.org\/{rel}","templated":true}]}}

Ingyenes online konferencia a magyar családi vállalkozásokért

<p><strong>A SEED Alapítvány, mint a generációváltás előtt álló családi vállalkozások szakértője is bemutatkozik az első magyarországi online konferencián, amelyet a Családi Vállalkozások Országos Egyesülete (CSAVE) rendez 2018. november 24-25-én „Családban maradt”címmel. A kétnapos „táveseményen” minden olyan témát érintenek, amely hatással van és lehet a magyar családi vállalkozások boldogulására. Az előadások a rendezvény ideje alatt az erre a célra fejlesztett, könnyen kezelhető és áttekinthető weboldalon (<a href="http://www.csaladbanmaradt.hu" target="_blank" rel="noopener">www.csaladbanmaradt.hu</a>) lesznek ingyenesen elérhetők videók formájában.</strong></p>
<p>&nbsp;</p>
<p>Az előadások mellett virtuális kerekasztal-beszélgetések várnak az érdeklődőkre, amelyeken a résztvevők az utódlás során felmerülő problémákra keresik a megoldásokat. Egyebek között szó esik majd arról, hogy milyen törvényi kiegészítés szolgálja az alapító kiesése esetén keletkező jogi szakadék áthidalását; milyen normatív pályázati lehetőségek szükségesek a menedzsment, vagy az alkalmazottak részleges tulajdonszerzésének megkönnyítésére; milyen adózási és támogatási rendszert látnánk szívesen a családi cégek &#8220;tőzsdeképességük&#8221; eléréséhez; miképpen lehet a családi magán és céges vagyon szétválasztását, és így a családi vállalkozások túlélését elősegíteni.</p>
<p>&nbsp;</p>
<p>A kétnapos, kizárólag az online térben követhető műhelymunkába olyan neves előadók is bekapcsolódnak, mint Ceglédi Zoltán és Zárug Péter Farkas politológusok, képviseltetik magukat a Budapesti Értéktőzsde, két minisztérium, a Neumann Egyetem, az MGYOSZ képviselői, valamint GDPR-szakértők és szervezetfejlesztő szakemberek, illetve az egyesület elnökségi tagjai is. Az online tartalmak a konferencia két napján túl is elérhetők lesznek.<br />
A SEED Alapítvány rendkívül fontosnak tartja, hogy a generációváltó családi vállalkozások minél több információval rendelkezzenek erről a témáról, amely segítséget nyújt nekik az átmenet zökkenőmentes menedzseléséhez. Ezért is vesz részt ezen az újszerű, a kor követelményeinek megfelelő rendezvényen.</p>

<!-- This site is optimized with the Yoast SEO plugin v27.4 - https://yoast.com/product/yoast-seo-wordpress/ -->
<title>Ingyenes online konferencia a magyar családi vállalkozásokért - Seed</title>
<meta name="robots" content="index, follow, max-snippet:-1, max-image-preview:large, max-video-preview:-1" />
<link rel="canonical" href="https://seed.hu/hirek/ingyenes-online-konferencia-a-magyar-csaladi-vallalkozasokert/" />
<meta property="og:locale" content="en_US" />
<meta property="og:type" content="article" />
<meta property="og:title" content="Ingyenes online konferencia a magyar családi vállalkozásokért - Seed" />
<meta property="og:description" content="A SEED Alapítvány, mint a generációváltás előtt álló családi vállalkozások szakértője is bemutatkozik az első magyarországi online konferencián, amelyet a Családi Vállalkozások Országos Egyesülete (CSAVE) rendez 2018. november 24-25-én „Családban maradt”címmel. A kétnapos „táveseményen” minden olyan témát érintenek, amely hatással van és lehet a magyar családi vállalkozások boldogulására. Az előadások a rendezvény ideje alatt az erre [&hellip;]" />
<meta property="og:url" content="https://seed.hu/hirek/ingyenes-online-konferencia-a-magyar-csaladi-vallalkozasokert/" />
<meta property="og:site_name" content="Seed" />
<meta property="article:modified_time" content="2022-01-17T17:42:57+00:00" />
<meta name="twitter:card" content="summary_large_image" />
<meta name="twitter:label1" content="Est. reading time" />
	<meta name="twitter:data1" content="2 minutes" />
<script type="application/ld+json" class="yoast-schema-graph">{"@context":"https:\/\/schema.org","@graph":[{"@type":"WebPage","@id":"https:\/\/seed.hu\/hirek\/ingyenes-online-konferencia-a-magyar-csaladi-vallalkozasokert\/","url":"https:\/\/seed.hu\/hirek\/ingyenes-online-konferencia-a-magyar-csaladi-vallalkozasokert\/","name":"Ingyenes online konferencia a magyar családi vállalkozásokért - Seed","isPartOf":{"@id":"https:\/\/seed.hu\/#website"},"datePublished":"2018-11-22T19:44:58+00:00","dateModified":"2022-01-17T17:42:57+00:00","breadcrumb":{"@id":"https:\/\/seed.hu\/hirek\/ingyenes-online-konferencia-a-magyar-csaladi-vallalkozasokert\/#breadcrumb"},"inLanguage":"en-US","potentialAction":[{"@type":"ReadAction","target":["https:\/\/seed.hu\/hirek\/ingyenes-online-konferencia-a-magyar-csaladi-vallalkozasokert\/"]}]},{"@type":"BreadcrumbList","@id":"https:\/\/seed.hu\/hirek\/ingyenes-online-konferencia-a-magyar-csaladi-vallalkozasokert\/#breadcrumb","itemListElement":[{"@type":"ListItem","position":1,"name":"Hírek","item":"https:\/\/seed.hu\/hirek\/"},{"@type":"ListItem","position":2,"name":"Ingyenes online konferencia a magyar családi vállalkozásokért"}]},{"@type":"WebSite","@id":"https:\/\/seed.hu\/#website","url":"https:\/\/seed.hu\/","name":"Seed","description":"","potentialAction":[{"@type":"SearchAction","target":{"@type":"EntryPoint","urlTemplate":"https:\/\/seed.hu\/?s={search_term_string}"},"query-input":{"@type":"PropertyValueSpecification","valueRequired":true,"valueName":"search_term_string"}}],"inLanguage":"en-US"}]}</script>
<!-- / Yoast SEO plugin. -->

Ingyenes online konferencia a magyar családi vállalkozásokért - Seed

A SEED Alapítvány, mint a generációváltás előtt álló családi vállalkozások szakértője is bemutatkozik az első magyarországi online konferencián, amelyet a Családi Vállalkozások Országos Egyesülete (CSAVE) rendez 2018. november 24-25-én „Családban maradt”címmel. A kétnapos „táveseményen” minden olyan témát érintenek, amely hatással van és lehet a magyar családi vállalkozások boldogulására. Az előadások a rendezvény ideje alatt az erre [&hellip;]

Hírek
