{"id":830,"date":"2019-01-23T14:10:16","date_gmt":"2019-01-23T13:10:16","guid":{"rendered":"https:\/\/seed.hu\/?post_type=hirek&#038;p=830"},"modified":"2022-01-17T19:30:04","modified_gmt":"2022-01-17T18:30:04","slug":"seed-kepzesek","status":"publish","type":"hirek","link":"https:\/\/seed.hu\/en\/hirek\/seed-kepzesek\/","title":{"rendered":"SEED-k\u00e9pz\u00e9sek"},"content":{"rendered":"<p><span style=\"font-size: 16px;\"><strong>SEED-k\u00e9pz\u00e9sek Borsod-Aba\u00faj-Zempl\u00e9n megy\u00e9ben<\/strong><\/span><\/p>\n<p>S\u00e1rospatak V\u00e1ros \u00d6nkorm\u00e1nyzata megb\u00edz\u00e1s\u00e1b\u00f3l a \u201eHelyi foglalkoztat\u00e1si egy\u00fcttm\u0171k\u00f6d\u00e9s kialak\u00edt\u00e1sa S\u00e1rospatak k\u00f6zponttal\u201d c\u00edm\u0171 TOP-5.1.2-15-BO1-2016-00005 k\u00f3dsz\u00e1m\u00fa program keret\u00e9ben a helyi termel\u0151k \u00e9s szolg\u00e1ltat\u00f3k alapvet\u0151 v\u00e1llalkoz\u00f3i k\u00e9szs\u00e9g\u00e9t n\u00f6vel\u0151 k\u00e9pz\u00e9seket tart a SEED Alap\u00edtv\u00e1ny.<\/p>\n<p>A SEED tr\u00e9nerei 2019. janu\u00e1r 11. \u00e9s m\u00e1rcius 3. k\u00f6z\u00f6tt, h\u00e1rom Borsod-Aba\u00faj-Zempl\u00e9n megyei helysz\u00ednen \u2013 S\u00e1rospatakon, Boldogk\u0151v\u00e1ralj\u00e1n \u00e9s Hercegk\u00faton \u2013 tartottak, illetve tartanak kompetenciafejleszt\u0151 k\u00e9pz\u00e9seket V\u00e1llalkoz\u00f3i tudnival\u00f3k, tennival\u00f3k, tanulnival\u00f3k c\u00edmen. Helysz\u00ednenk\u00e9nt 15 v\u00e1llalkoz\u00f3, illetve v\u00e1llalkoz\u00e1st ind\u00edtani sz\u00e1nd\u00e9koz\u00f3 \u00e9rdekl\u0151d\u0151 vesz r\u00e9szt a tr\u00e9ningeken. A k\u00e9pz\u00e9s eredm\u00e9nyek\u00e9nt a r\u00e9sztvev\u0151k a \u201ebusiness model canvas\u201d m\u00f3dszertant alkalmazva kidolgozz\u00e1k saj\u00e1t v\u00e1llalkoz\u00e1suk \u00fczleti terv\u00e9t, amelyet a tr\u00e9ning z\u00e1r\u00e1sakor prezent\u00e1lnak is.<\/p>\n<p>S\u00e1rospatakon a legk\u00fcl\u00f6nf\u00e9l\u00e9bb szektorokb\u00f3l \u00e9rkeztek \u00e9rdekl\u0151d\u0151 v\u00e1llalkoz\u00f3k, Boldogk\u0151v\u00e1ralj\u00e1n k\u00fcl\u00f6n\u00f6sen a falusi turizmusban \u00e9rdekelt v\u00e1llalkoz\u00e1sok jelezt\u00e9k \u00e9rdekl\u0151d\u00e9s\u00fcket, m\u00edg Hercegk\u00faton f\u0151leg bor\u00e1szok jelentkeztek.<\/p>\n<p>\u201eNagy \u00e9lm\u00e9ny volt egy\u00fctt dolgozni a s\u00e1rospataki v\u00e1llalkoz\u00f3kkal: \u00f6r\u00f6m volt megtapasztalni nyitotts\u00e1gukat, kreativit\u00e1sukat \u00e9s tenni akar\u00e1sukat. \u00a0\u00c9rezhet\u0151 volt, hogy a v\u00e1llalkoz\u00e1si \u00f6tleteiket, a m\u00e1r megszerzett tapasztalataikat sz\u00edvesen eg\u00e9sz\u00edtik ki \u00faj tud\u00e1ssal. Kommunik\u00e1ci\u00f3s gyakorlatok r\u00e9v\u00e9n r\u00e1l\u00e1thattak a saj\u00e1t mindennapi m\u0171k\u00f6d\u00e9s\u00fckre, amit a k\u00e9s\u0151bbiekben a v\u00e1llalkoz\u00f3i l\u00e9t\u00fckben is hasznos\u00edthatnak. Megfigyelhett\u00e9k magukat k\u00fcl\u00f6nb\u00f6z\u0151 konfliktuskezel\u0151 gyakorlatokban, egy\u00fcttm\u0171k\u00f6d\u00e9sfejleszt\u00e9sben, \u00e9s szempontokat kaptak a r\u00f6vid \u00e9s hat\u00e1sos \u00fczleti bemutatkoz\u00e1shoz. Nagy \u00e9rdekl\u0151d\u00e9ssel v\u00e1rom a tov\u00e1bbi k\u00e9pz\u00e9seket\u201d \u2013 foglalta \u00f6ssze a tr\u00e9ninggel kapcsolatos tapasztalatait B\u00fas Borb\u00e1la tr\u00e9ner, HR-szak\u00e9rt\u0151, aki a 12 napos k\u00e9pz\u00e9sek els\u0151 napjait tartotta meg a r\u00e9sztvev\u0151knek.<\/p>\n<p><img loading=\"lazy\" decoding=\"async\" src=\"https:\/\/seed.hu\/files\/images\/news-images\/1474.jpg\" alt=\"\" width=\"688\" height=\"516\" \/><\/p>\n","protected":false},"featured_media":792,"menu_order":0,"template":"","meta":{"_acf_changed":false},"class_list":["post-830","hirek","type-hirek","status-publish","has-post-thumbnail","hentry"],"acf":[],"yoast_head":"<!-- This site is optimized with the Yoast SEO plugin v27.4 - https:\/\/yoast.com\/product\/yoast-seo-wordpress\/ -->\n<title>SEED-k\u00e9pz\u00e9sek - Seed<\/title>\n<meta name=\"robots\" content=\"index, follow, max-snippet:-1, max-image-preview:large, max-video-preview:-1\" \/>\n<link rel=\"canonical\" href=\"https:\/\/seed.hu\/hirek\/seed-kepzesek\/\" \/>\n<meta property=\"og:locale\" content=\"en_US\" \/>\n<meta property=\"og:type\" content=\"article\" \/>\n<meta property=\"og:title\" content=\"SEED-k\u00e9pz\u00e9sek - Seed\" \/>\n<meta property=\"og:description\" content=\"SEED-k\u00e9pz\u00e9sek Borsod-Aba\u00faj-Zempl\u00e9n megy\u00e9ben S\u00e1rospatak V\u00e1ros \u00d6nkorm\u00e1nyzata megb\u00edz\u00e1s\u00e1b\u00f3l a \u201eHelyi foglalkoztat\u00e1si egy\u00fcttm\u0171k\u00f6d\u00e9s kialak\u00edt\u00e1sa S\u00e1rospatak k\u00f6zponttal\u201d c\u00edm\u0171 TOP-5.1.2-15-BO1-2016-00005 k\u00f3dsz\u00e1m\u00fa program keret\u00e9ben a helyi termel\u0151k \u00e9s szolg\u00e1ltat\u00f3k alapvet\u0151 v\u00e1llalkoz\u00f3i k\u00e9szs\u00e9g\u00e9t n\u00f6vel\u0151 k\u00e9pz\u00e9seket tart a SEED Alap\u00edtv\u00e1ny. A SEED tr\u00e9nerei 2019. janu\u00e1r 11. \u00e9s m\u00e1rcius 3. k\u00f6z\u00f6tt, h\u00e1rom Borsod-Aba\u00faj-Zempl\u00e9n megyei helysz\u00ednen \u2013 S\u00e1rospatakon, Boldogk\u0151v\u00e1ralj\u00e1n \u00e9s Hercegk\u00faton \u2013 tartottak, illetve [&hellip;]\" \/>\n<meta property=\"og:url\" content=\"https:\/\/seed.hu\/hirek\/seed-kepzesek\/\" \/>\n<meta property=\"og:site_name\" content=\"Seed\" \/>\n<meta property=\"article:modified_time\" content=\"2022-01-17T18:30:04+00:00\" \/>\n<meta property=\"og:image\" content=\"https:\/\/seed.hu\/wp-content\/uploads\/2018\/04\/SEED_logo.png\" \/>\n\t<meta property=\"og:image:width\" content=\"250\" \/>\n\t<meta property=\"og:image:height\" content=\"206\" \/>\n\t<meta property=\"og:image:type\" content=\"image\/png\" \/>\n<meta name=\"twitter:card\" content=\"summary_large_image\" \/>\n<meta name=\"twitter:label1\" content=\"Est. reading time\" \/>\n\t<meta name=\"twitter:data1\" content=\"2 minutes\" \/>\n<script type=\"application\/ld+json\" class=\"yoast-schema-graph\">{\"@context\":\"https:\\\/\\\/schema.org\",\"@graph\":[{\"@type\":\"WebPage\",\"@id\":\"https:\\\/\\\/seed.hu\\\/hirek\\\/seed-kepzesek\\\/\",\"url\":\"https:\\\/\\\/seed.hu\\\/hirek\\\/seed-kepzesek\\\/\",\"name\":\"SEED-k\u00e9pz\u00e9sek - Seed\",\"isPartOf\":{\"@id\":\"https:\\\/\\\/seed.hu\\\/#website\"},\"primaryImageOfPage\":{\"@id\":\"https:\\\/\\\/seed.hu\\\/hirek\\\/seed-kepzesek\\\/#primaryimage\"},\"image\":{\"@id\":\"https:\\\/\\\/seed.hu\\\/hirek\\\/seed-kepzesek\\\/#primaryimage\"},\"thumbnailUrl\":\"https:\\\/\\\/seed.hu\\\/wp-content\\\/uploads\\\/2018\\\/04\\\/SEED_logo.png\",\"datePublished\":\"2019-01-23T13:10:16+00:00\",\"dateModified\":\"2022-01-17T18:30:04+00:00\",\"breadcrumb\":{\"@id\":\"https:\\\/\\\/seed.hu\\\/hirek\\\/seed-kepzesek\\\/#breadcrumb\"},\"inLanguage\":\"en-US\",\"potentialAction\":[{\"@type\":\"ReadAction\",\"target\":[\"https:\\\/\\\/seed.hu\\\/hirek\\\/seed-kepzesek\\\/\"]}]},{\"@type\":\"ImageObject\",\"inLanguage\":\"en-US\",\"@id\":\"https:\\\/\\\/seed.hu\\\/hirek\\\/seed-kepzesek\\\/#primaryimage\",\"url\":\"https:\\\/\\\/seed.hu\\\/wp-content\\\/uploads\\\/2018\\\/04\\\/SEED_logo.png\",\"contentUrl\":\"https:\\\/\\\/seed.hu\\\/wp-content\\\/uploads\\\/2018\\\/04\\\/SEED_logo.png\",\"width\":250,\"height\":206},{\"@type\":\"BreadcrumbList\",\"@id\":\"https:\\\/\\\/seed.hu\\\/hirek\\\/seed-kepzesek\\\/#breadcrumb\",\"itemListElement\":[{\"@type\":\"ListItem\",\"position\":1,\"name\":\"H\u00edrek\",\"item\":\"https:\\\/\\\/seed.hu\\\/hirek\\\/\"},{\"@type\":\"ListItem\",\"position\":2,\"name\":\"SEED-k\u00e9pz\u00e9sek\"}]},{\"@type\":\"WebSite\",\"@id\":\"https:\\\/\\\/seed.hu\\\/#website\",\"url\":\"https:\\\/\\\/seed.hu\\\/\",\"name\":\"Seed\",\"description\":\"\",\"potentialAction\":[{\"@type\":\"SearchAction\",\"target\":{\"@type\":\"EntryPoint\",\"urlTemplate\":\"https:\\\/\\\/seed.hu\\\/?s={search_term_string}\"},\"query-input\":{\"@type\":\"PropertyValueSpecification\",\"valueRequired\":true,\"valueName\":\"search_term_string\"}}],\"inLanguage\":\"en-US\"}]}<\/script>\n<!-- \/ Yoast SEO plugin. -->","yoast_head_json":{"title":"SEED-k\u00e9pz\u00e9sek - Seed","robots":{"index":"index","follow":"follow","max-snippet":"max-snippet:-1","max-image-preview":"max-image-preview:large","max-video-preview":"max-video-preview:-1"},"canonical":"https:\/\/seed.hu\/hirek\/seed-kepzesek\/","og_locale":"en_US","og_type":"article","og_title":"SEED-k\u00e9pz\u00e9sek - Seed","og_description":"SEED-k\u00e9pz\u00e9sek Borsod-Aba\u00faj-Zempl\u00e9n megy\u00e9ben S\u00e1rospatak V\u00e1ros \u00d6nkorm\u00e1nyzata megb\u00edz\u00e1s\u00e1b\u00f3l a \u201eHelyi foglalkoztat\u00e1si egy\u00fcttm\u0171k\u00f6d\u00e9s kialak\u00edt\u00e1sa S\u00e1rospatak k\u00f6zponttal\u201d c\u00edm\u0171 TOP-5.1.2-15-BO1-2016-00005 k\u00f3dsz\u00e1m\u00fa program keret\u00e9ben a helyi termel\u0151k \u00e9s szolg\u00e1ltat\u00f3k alapvet\u0151 v\u00e1llalkoz\u00f3i k\u00e9szs\u00e9g\u00e9t n\u00f6vel\u0151 k\u00e9pz\u00e9seket tart a SEED Alap\u00edtv\u00e1ny. A SEED tr\u00e9nerei 2019. janu\u00e1r 11. \u00e9s m\u00e1rcius 3. k\u00f6z\u00f6tt, h\u00e1rom Borsod-Aba\u00faj-Zempl\u00e9n megyei helysz\u00ednen \u2013 S\u00e1rospatakon, Boldogk\u0151v\u00e1ralj\u00e1n \u00e9s Hercegk\u00faton \u2013 tartottak, illetve [&hellip;]","og_url":"https:\/\/seed.hu\/hirek\/seed-kepzesek\/","og_site_name":"Seed","article_modified_time":"2022-01-17T18:30:04+00:00","og_image":[{"width":250,"height":206,"url":"https:\/\/seed.hu\/wp-content\/uploads\/2018\/04\/SEED_logo.png","type":"image\/png"}],"twitter_card":"summary_large_image","twitter_misc":{"Est. reading time":"2 minutes"},"schema":{"@context":"https:\/\/schema.org","@graph":[{"@type":"WebPage","@id":"https:\/\/seed.hu\/hirek\/seed-kepzesek\/","url":"https:\/\/seed.hu\/hirek\/seed-kepzesek\/","name":"SEED-k\u00e9pz\u00e9sek - Seed","isPartOf":{"@id":"https:\/\/seed.hu\/#website"},"primaryImageOfPage":{"@id":"https:\/\/seed.hu\/hirek\/seed-kepzesek\/#primaryimage"},"image":{"@id":"https:\/\/seed.hu\/hirek\/seed-kepzesek\/#primaryimage"},"thumbnailUrl":"https:\/\/seed.hu\/wp-content\/uploads\/2018\/04\/SEED_logo.png","datePublished":"2019-01-23T13:10:16+00:00","dateModified":"2022-01-17T18:30:04+00:00","breadcrumb":{"@id":"https:\/\/seed.hu\/hirek\/seed-kepzesek\/#breadcrumb"},"inLanguage":"en-US","potentialAction":[{"@type":"ReadAction","target":["https:\/\/seed.hu\/hirek\/seed-kepzesek\/"]}]},{"@type":"ImageObject","inLanguage":"en-US","@id":"https:\/\/seed.hu\/hirek\/seed-kepzesek\/#primaryimage","url":"https:\/\/seed.hu\/wp-content\/uploads\/2018\/04\/SEED_logo.png","contentUrl":"https:\/\/seed.hu\/wp-content\/uploads\/2018\/04\/SEED_logo.png","width":250,"height":206},{"@type":"BreadcrumbList","@id":"https:\/\/seed.hu\/hirek\/seed-kepzesek\/#breadcrumb","itemListElement":[{"@type":"ListItem","position":1,"name":"H\u00edrek","item":"https:\/\/seed.hu\/hirek\/"},{"@type":"ListItem","position":2,"name":"SEED-k\u00e9pz\u00e9sek"}]},{"@type":"WebSite","@id":"https:\/\/seed.hu\/#website","url":"https:\/\/seed.hu\/","name":"Seed","description":"","potentialAction":[{"@type":"SearchAction","target":{"@type":"EntryPoint","urlTemplate":"https:\/\/seed.hu\/?s={search_term_string}"},"query-input":{"@type":"PropertyValueSpecification","valueRequired":true,"valueName":"search_term_string"}}],"inLanguage":"en-US"}]}},"_links":{"self":[{"href":"https:\/\/seed.hu\/en\/wp-json\/wp\/v2\/hirek\/830","targetHints":{"allow":["GET"]}}],"collection":[{"href":"https:\/\/seed.hu\/en\/wp-json\/wp\/v2\/hirek"}],"about":[{"href":"https:\/\/seed.hu\/en\/wp-json\/wp\/v2\/types\/hirek"}],"wp:featuredmedia":[{"embeddable":true,"href":"https:\/\/seed.hu\/en\/wp-json\/wp\/v2\/media\/792"}],"wp:attachment":[{"href":"https:\/\/seed.hu\/en\/wp-json\/wp\/v2\/media?parent=830"}],"curies":[{"name":"wp","href":"https:\/\/api.w.org\/{rel}","templated":true}]}}

SEED-képzések

<p><span style="font-size: 16px;"><strong>SEED-képzések Borsod-Abaúj-Zemplén megyében</strong></span></p>
<p>Sárospatak Város Önkormányzata megbízásából a „Helyi foglalkoztatási együttműködés kialakítása Sárospatak központtal” című TOP-5.1.2-15-BO1-2016-00005 kódszámú program keretében a helyi termelők és szolgáltatók alapvető vállalkozói készségét növelő képzéseket tart a SEED Alapítvány.</p>
<p>A SEED trénerei 2019. január 11. és március 3. között, három Borsod-Abaúj-Zemplén megyei helyszínen – Sárospatakon, Boldogkőváralján és Hercegkúton – tartottak, illetve tartanak kompetenciafejlesztő képzéseket Vállalkozói tudnivalók, tennivalók, tanulnivalók címen. Helyszínenként 15 vállalkozó, illetve vállalkozást indítani szándékozó érdeklődő vesz részt a tréningeken. A képzés eredményeként a résztvevők a „business model canvas” módszertant alkalmazva kidolgozzák saját vállalkozásuk üzleti tervét, amelyet a tréning zárásakor prezentálnak is.</p>
<p>Sárospatakon a legkülönfélébb szektorokból érkeztek érdeklődő vállalkozók, Boldogkőváralján különösen a falusi turizmusban érdekelt vállalkozások jelezték érdeklődésüket, míg Hercegkúton főleg borászok jelentkeztek.</p>
<p>„Nagy élmény volt együtt dolgozni a sárospataki vállalkozókkal: öröm volt megtapasztalni nyitottságukat, kreativitásukat és tenni akarásukat.  Érezhető volt, hogy a vállalkozási ötleteiket, a már megszerzett tapasztalataikat szívesen egészítik ki új tudással. Kommunikációs gyakorlatok révén ráláthattak a saját mindennapi működésükre, amit a későbbiekben a vállalkozói létükben is hasznosíthatnak. Megfigyelhették magukat különböző konfliktuskezelő gyakorlatokban, együttműködésfejlesztésben, és szempontokat kaptak a rövid és hatásos üzleti bemutatkozáshoz. Nagy érdeklődéssel várom a további képzéseket” – foglalta össze a tréninggel kapcsolatos tapasztalatait Bús Borbála tréner, HR-szakértő, aki a 12 napos képzések első napjait tartotta meg a résztvevőknek.</p>
<p><img loading="lazy" decoding="async" src="https://seed.hu/files/images/news-images/1474.jpg" alt="" width="688" height="516" /></p>

<!-- This site is optimized with the Yoast SEO plugin v27.4 - https://yoast.com/product/yoast-seo-wordpress/ -->
<title>SEED-képzések - Seed</title>
<meta name="robots" content="index, follow, max-snippet:-1, max-image-preview:large, max-video-preview:-1" />
<link rel="canonical" href="https://seed.hu/hirek/seed-kepzesek/" />
<meta property="og:locale" content="en_US" />
<meta property="og:type" content="article" />
<meta property="og:title" content="SEED-képzések - Seed" />
<meta property="og:description" content="SEED-képzések Borsod-Abaúj-Zemplén megyében Sárospatak Város Önkormányzata megbízásából a „Helyi foglalkoztatási együttműködés kialakítása Sárospatak központtal” című TOP-5.1.2-15-BO1-2016-00005 kódszámú program keretében a helyi termelők és szolgáltatók alapvető vállalkozói készségét növelő képzéseket tart a SEED Alapítvány. A SEED trénerei 2019. január 11. és március 3. között, három Borsod-Abaúj-Zemplén megyei helyszínen – Sárospatakon, Boldogkőváralján és Hercegkúton – tartottak, illetve [&hellip;]" />
<meta property="og:url" content="https://seed.hu/hirek/seed-kepzesek/" />
<meta property="og:site_name" content="Seed" />
<meta property="article:modified_time" content="2022-01-17T18:30:04+00:00" />
<meta property="og:image" content="https://seed.hu/wp-content/uploads/2018/04/SEED_logo.png" />
	<meta property="og:image:width" content="250" />
	<meta property="og:image:height" content="206" />
	<meta property="og:image:type" content="image/png" />
<meta name="twitter:card" content="summary_large_image" />
<meta name="twitter:label1" content="Est. reading time" />
	<meta name="twitter:data1" content="2 minutes" />
<script type="application/ld+json" class="yoast-schema-graph">{"@context":"https:\/\/schema.org","@graph":[{"@type":"WebPage","@id":"https:\/\/seed.hu\/hirek\/seed-kepzesek\/","url":"https:\/\/seed.hu\/hirek\/seed-kepzesek\/","name":"SEED-képzések - Seed","isPartOf":{"@id":"https:\/\/seed.hu\/#website"},"primaryImageOfPage":{"@id":"https:\/\/seed.hu\/hirek\/seed-kepzesek\/#primaryimage"},"image":{"@id":"https:\/\/seed.hu\/hirek\/seed-kepzesek\/#primaryimage"},"thumbnailUrl":"https:\/\/seed.hu\/wp-content\/uploads\/2018\/04\/SEED_logo.png","datePublished":"2019-01-23T13:10:16+00:00","dateModified":"2022-01-17T18:30:04+00:00","breadcrumb":{"@id":"https:\/\/seed.hu\/hirek\/seed-kepzesek\/#breadcrumb"},"inLanguage":"en-US","potentialAction":[{"@type":"ReadAction","target":["https:\/\/seed.hu\/hirek\/seed-kepzesek\/"]}]},{"@type":"ImageObject","inLanguage":"en-US","@id":"https:\/\/seed.hu\/hirek\/seed-kepzesek\/#primaryimage","url":"https:\/\/seed.hu\/wp-content\/uploads\/2018\/04\/SEED_logo.png","contentUrl":"https:\/\/seed.hu\/wp-content\/uploads\/2018\/04\/SEED_logo.png","width":250,"height":206},{"@type":"BreadcrumbList","@id":"https:\/\/seed.hu\/hirek\/seed-kepzesek\/#breadcrumb","itemListElement":[{"@type":"ListItem","position":1,"name":"Hírek","item":"https:\/\/seed.hu\/hirek\/"},{"@type":"ListItem","position":2,"name":"SEED-képzések"}]},{"@type":"WebSite","@id":"https:\/\/seed.hu\/#website","url":"https:\/\/seed.hu\/","name":"Seed","description":"","potentialAction":[{"@type":"SearchAction","target":{"@type":"EntryPoint","urlTemplate":"https:\/\/seed.hu\/?s={search_term_string}"},"query-input":{"@type":"PropertyValueSpecification","valueRequired":true,"valueName":"search_term_string"}}],"inLanguage":"en-US"}]}</script>
<!-- / Yoast SEO plugin. -->

SEED-képzések - Seed

SEED-képzések Borsod-Abaúj-Zemplén megyében Sárospatak Város Önkormányzata megbízásából a „Helyi foglalkoztatási együttműködés kialakítása Sárospatak központtal” című TOP-5.1.2-15-BO1-2016-00005 kódszámú program keretében a helyi termelők és szolgáltatók alapvető vállalkozói készségét növelő képzéseket tart a SEED Alapítvány. A SEED trénerei 2019. január 11. és március 3. között, három Borsod-Abaúj-Zemplén megyei helyszínen – Sárospatakon, Boldogkőváralján és Hercegkúton – tartottak, illetve [&hellip;]

Hírek
