{"id":866,"date":"2019-03-29T10:36:35","date_gmt":"2019-03-29T09:36:35","guid":{"rendered":"https:\/\/seed.hu\/?post_type=hirek&#038;p=866"},"modified":"2022-01-17T20:42:59","modified_gmt":"2022-01-17T19:42:59","slug":"toborzorendezveny-szekszardon","status":"publish","type":"hirek","link":"https:\/\/seed.hu\/en\/hirek\/toborzorendezveny-szekszardon\/","title":{"rendered":"Toborz\u00f3rendezv\u00e9ny Szeksz\u00e1rdon"},"content":{"rendered":"<p><a href=\"https:\/\/seed.hu\/hirek\/mentorok-es-mentoraltak-jelentkezeset-varja-a-seed-alapitvany\/ovm\/\" rel=\"attachment wp-att-844\"><img loading=\"lazy\" decoding=\"async\" class=\"alignnone wp-image-844 size-full\" src=\"https:\/\/seed.hu\/wp-content\/uploads\/2022\/01\/OVM.png\" alt=\"\" width=\"601\" height=\"163\" srcset=\"https:\/\/seed.hu\/wp-content\/uploads\/2022\/01\/OVM.png 601w, https:\/\/seed.hu\/wp-content\/uploads\/2022\/01\/OVM-300x81.png 300w\" sizes=\"auto, (max-width: 601px) 100vw, 601px\" \/><\/a><\/p>\n<p>Az Orsz\u00e1gos V\u00e1llalkoz\u00f3i Mentorprogram Szem\u00e9lyes V\u00e1llalkoz\u00f3i Mentor\u00e1l\u00e1s alprojektj\u00e9nek keret\u00e9ben a SEED Kisv\u00e1llalkoz\u00e1s-fejleszt\u00e9si Alap\u00edtv\u00e1ny m\u00e1rcius 27-\u00e9n Szeksz\u00e1rdon tartotta meg m\u00e1sodik toborz\u00f3rendezv\u00e9ny\u00e9t. Az esem\u00e9nyre a megyesz\u00e9khelyen k\u00edv\u00fcl Bonyh\u00e1dr\u00f3l \u00e9s P\u00e9csr\u0151l is \u00e9rkeztek \u00e9rdekl\u0151d\u0151k.<\/p>\n<p>A rendezv\u00e9nyen Danics \u00c1gnes, a SEED Alap\u00edtv\u00e1ny szakmai felel\u0151se r\u00e9szletesen ismertette a Szem\u00e9lyes V\u00e1llalkoz\u00f3i Mentorprogrammal kapcsolatos tudnival\u00f3kat. Hangs\u00falyozta, hogy a programban a mentor\u00e1ltak ingyen vehetnek r\u00e9szt, de hat\u00e1rozottan el kell k\u00f6telez\u0151dni\u00fck a 9-12 h\u00f3napos folyamat mellett, \u00e9s a siker \u00e9rdek\u00e9ben, ami az \u0151 v\u00e1llalkoz\u00e1suk siker\u00e9t jelenti, id\u0151t \u00e9s energi\u00e1t kell \u00e1ldozniuk a programra.<\/p>\n<p>A r\u00e9sztvev\u0151k f\u0151leg a kiv\u00e1laszt\u00e1s felt\u00e9teleir\u0151l, a mentorok \u00e9s a mentor\u00e1ltak \u201e\u00f6sszeilleszt\u00e9s\u00e9nek\u201d mik\u00e9ntj\u00e9r\u0151l, a mentor\u00e1l\u00e1si folyamat elemeir\u0151l k\u00e9rdezt\u00e9k a SEED munkat\u00e1rs\u00e1t.<\/p>\n<p>Sok sz\u00f3 esett arr\u00f3l, hogy a genr\u00e1ci\u00f3v\u00e1lt\u00f3 csal\u00e1di v\u00e1llalkoz\u00e1sokat hogyan seg\u00edti a program, ugyanis a r\u00e9sztvev\u0151k k\u00f6z\u00f6tt volt olyan c\u00e9g, amelyn\u00e9l aktu\u00e1lis ez a probl\u00e9ma. A hallgat\u00f3s\u00e1g el\u00e9gedetten konstat\u00e1lta, hogy ilyen esetben a mentor olyan v\u00e1llalkoz\u00f3 lesz, aki m\u00e1r sikeresen megoldotta v\u00e1llalkoz\u00e1sa ut\u00f3dl\u00e1s\u00e1t.<\/p>\n<p>Arra a k\u00e9rd\u00e9sre, hogy a r\u00e9sztvev\u0151k szerint milyennek kellene lennie a j\u00f3 mentornak, a k\u00f6vetkez\u0151 v\u00e1laszok \u00e9rkeztek: nyitottnak, empatikusnak, pozit\u00edvnak. Azt is hangs\u00falyozt\u00e1k a megsz\u00f3lal\u00f3k, hogy nagyon fontos, hogy a mentor j\u00f3l tudjon k\u00e9rdezni, \u00e9s a habitusa ne k\u00fcl\u00f6nb\u00f6zz\u00f6n nagyon a mentor\u00e1lt habitus\u00e1t\u00f3l.<\/p>\n<p>A r\u00e9sztvev\u0151k a program egyik legnagyobb hozad\u00e9k\u00e1nak a kapcsolati h\u00e1l\u00f3juk lehets\u00e9ges b\u0151v\u00fcl\u00e9s\u00e9t tartott\u00e1k, s ennek jegy\u00e9ben az esem\u00e9ny sz\u00fcnet\u00e9ben \u00e9l\u00e9nk, r\u00e9szben \u00fczleti jelleg\u0171, megbesz\u00e9l\u00e9seket folytattak egym\u00e1ssal.<\/p>\n","protected":false},"featured_media":338,"menu_order":0,"template":"","meta":{"_acf_changed":false},"class_list":["post-866","hirek","type-hirek","status-publish","has-post-thumbnail","hentry"],"acf":[],"yoast_head":"<!-- This site is optimized with the Yoast SEO plugin v27.4 - https:\/\/yoast.com\/product\/yoast-seo-wordpress\/ -->\n<title>Toborz\u00f3rendezv\u00e9ny Szeksz\u00e1rdon - Seed<\/title>\n<meta name=\"robots\" content=\"index, follow, max-snippet:-1, max-image-preview:large, max-video-preview:-1\" \/>\n<link rel=\"canonical\" href=\"https:\/\/seed.hu\/hirek\/toborzorendezveny-szekszardon\/\" \/>\n<meta property=\"og:locale\" content=\"en_US\" \/>\n<meta property=\"og:type\" content=\"article\" \/>\n<meta property=\"og:title\" content=\"Toborz\u00f3rendezv\u00e9ny Szeksz\u00e1rdon - Seed\" \/>\n<meta property=\"og:description\" content=\"Az Orsz\u00e1gos V\u00e1llalkoz\u00f3i Mentorprogram Szem\u00e9lyes V\u00e1llalkoz\u00f3i Mentor\u00e1l\u00e1s alprojektj\u00e9nek keret\u00e9ben a SEED Kisv\u00e1llalkoz\u00e1s-fejleszt\u00e9si Alap\u00edtv\u00e1ny m\u00e1rcius 27-\u00e9n Szeksz\u00e1rdon tartotta meg m\u00e1sodik toborz\u00f3rendezv\u00e9ny\u00e9t. Az esem\u00e9nyre a megyesz\u00e9khelyen k\u00edv\u00fcl Bonyh\u00e1dr\u00f3l \u00e9s P\u00e9csr\u0151l is \u00e9rkeztek \u00e9rdekl\u0151d\u0151k. A rendezv\u00e9nyen Danics \u00c1gnes, a SEED Alap\u00edtv\u00e1ny szakmai felel\u0151se r\u00e9szletesen ismertette a Szem\u00e9lyes V\u00e1llalkoz\u00f3i Mentorprogrammal kapcsolatos tudnival\u00f3kat. Hangs\u00falyozta, hogy a programban a mentor\u00e1ltak ingyen [&hellip;]\" \/>\n<meta property=\"og:url\" content=\"https:\/\/seed.hu\/hirek\/toborzorendezveny-szekszardon\/\" \/>\n<meta property=\"og:site_name\" content=\"Seed\" \/>\n<meta property=\"article:modified_time\" content=\"2022-01-17T19:42:59+00:00\" \/>\n<meta property=\"og:image\" content=\"https:\/\/seed.hu\/wp-content\/uploads\/2021\/04\/Orsza\u0301gos-Va\u0301llalkozo\u0301i-Mentorprogram.png\" \/>\n\t<meta property=\"og:image:width\" content=\"773\" \/>\n\t<meta property=\"og:image:height\" content=\"774\" \/>\n\t<meta property=\"og:image:type\" content=\"image\/png\" \/>\n<meta name=\"twitter:card\" content=\"summary_large_image\" \/>\n<meta name=\"twitter:label1\" content=\"Est. reading time\" \/>\n\t<meta name=\"twitter:data1\" content=\"2 minutes\" \/>\n<script type=\"application\/ld+json\" class=\"yoast-schema-graph\">{\"@context\":\"https:\\\/\\\/schema.org\",\"@graph\":[{\"@type\":\"WebPage\",\"@id\":\"https:\\\/\\\/seed.hu\\\/hirek\\\/toborzorendezveny-szekszardon\\\/\",\"url\":\"https:\\\/\\\/seed.hu\\\/hirek\\\/toborzorendezveny-szekszardon\\\/\",\"name\":\"Toborz\u00f3rendezv\u00e9ny Szeksz\u00e1rdon - Seed\",\"isPartOf\":{\"@id\":\"https:\\\/\\\/seed.hu\\\/#website\"},\"primaryImageOfPage\":{\"@id\":\"https:\\\/\\\/seed.hu\\\/hirek\\\/toborzorendezveny-szekszardon\\\/#primaryimage\"},\"image\":{\"@id\":\"https:\\\/\\\/seed.hu\\\/hirek\\\/toborzorendezveny-szekszardon\\\/#primaryimage\"},\"thumbnailUrl\":\"https:\\\/\\\/seed.hu\\\/wp-content\\\/uploads\\\/2021\\\/04\\\/Orsza\u0301gos-Va\u0301llalkozo\u0301i-Mentorprogram.png\",\"datePublished\":\"2019-03-29T09:36:35+00:00\",\"dateModified\":\"2022-01-17T19:42:59+00:00\",\"breadcrumb\":{\"@id\":\"https:\\\/\\\/seed.hu\\\/hirek\\\/toborzorendezveny-szekszardon\\\/#breadcrumb\"},\"inLanguage\":\"en-US\",\"potentialAction\":[{\"@type\":\"ReadAction\",\"target\":[\"https:\\\/\\\/seed.hu\\\/hirek\\\/toborzorendezveny-szekszardon\\\/\"]}]},{\"@type\":\"ImageObject\",\"inLanguage\":\"en-US\",\"@id\":\"https:\\\/\\\/seed.hu\\\/hirek\\\/toborzorendezveny-szekszardon\\\/#primaryimage\",\"url\":\"https:\\\/\\\/seed.hu\\\/wp-content\\\/uploads\\\/2021\\\/04\\\/Orsza\u0301gos-Va\u0301llalkozo\u0301i-Mentorprogram.png\",\"contentUrl\":\"https:\\\/\\\/seed.hu\\\/wp-content\\\/uploads\\\/2021\\\/04\\\/Orsza\u0301gos-Va\u0301llalkozo\u0301i-Mentorprogram.png\",\"width\":773,\"height\":774},{\"@type\":\"BreadcrumbList\",\"@id\":\"https:\\\/\\\/seed.hu\\\/hirek\\\/toborzorendezveny-szekszardon\\\/#breadcrumb\",\"itemListElement\":[{\"@type\":\"ListItem\",\"position\":1,\"name\":\"H\u00edrek\",\"item\":\"https:\\\/\\\/seed.hu\\\/hirek\\\/\"},{\"@type\":\"ListItem\",\"position\":2,\"name\":\"Toborz\u00f3rendezv\u00e9ny Szeksz\u00e1rdon\"}]},{\"@type\":\"WebSite\",\"@id\":\"https:\\\/\\\/seed.hu\\\/#website\",\"url\":\"https:\\\/\\\/seed.hu\\\/\",\"name\":\"Seed\",\"description\":\"\",\"potentialAction\":[{\"@type\":\"SearchAction\",\"target\":{\"@type\":\"EntryPoint\",\"urlTemplate\":\"https:\\\/\\\/seed.hu\\\/?s={search_term_string}\"},\"query-input\":{\"@type\":\"PropertyValueSpecification\",\"valueRequired\":true,\"valueName\":\"search_term_string\"}}],\"inLanguage\":\"en-US\"}]}<\/script>\n<!-- \/ Yoast SEO plugin. -->","yoast_head_json":{"title":"Toborz\u00f3rendezv\u00e9ny Szeksz\u00e1rdon - Seed","robots":{"index":"index","follow":"follow","max-snippet":"max-snippet:-1","max-image-preview":"max-image-preview:large","max-video-preview":"max-video-preview:-1"},"canonical":"https:\/\/seed.hu\/hirek\/toborzorendezveny-szekszardon\/","og_locale":"en_US","og_type":"article","og_title":"Toborz\u00f3rendezv\u00e9ny Szeksz\u00e1rdon - Seed","og_description":"Az Orsz\u00e1gos V\u00e1llalkoz\u00f3i Mentorprogram Szem\u00e9lyes V\u00e1llalkoz\u00f3i Mentor\u00e1l\u00e1s alprojektj\u00e9nek keret\u00e9ben a SEED Kisv\u00e1llalkoz\u00e1s-fejleszt\u00e9si Alap\u00edtv\u00e1ny m\u00e1rcius 27-\u00e9n Szeksz\u00e1rdon tartotta meg m\u00e1sodik toborz\u00f3rendezv\u00e9ny\u00e9t. Az esem\u00e9nyre a megyesz\u00e9khelyen k\u00edv\u00fcl Bonyh\u00e1dr\u00f3l \u00e9s P\u00e9csr\u0151l is \u00e9rkeztek \u00e9rdekl\u0151d\u0151k. A rendezv\u00e9nyen Danics \u00c1gnes, a SEED Alap\u00edtv\u00e1ny szakmai felel\u0151se r\u00e9szletesen ismertette a Szem\u00e9lyes V\u00e1llalkoz\u00f3i Mentorprogrammal kapcsolatos tudnival\u00f3kat. Hangs\u00falyozta, hogy a programban a mentor\u00e1ltak ingyen [&hellip;]","og_url":"https:\/\/seed.hu\/hirek\/toborzorendezveny-szekszardon\/","og_site_name":"Seed","article_modified_time":"2022-01-17T19:42:59+00:00","og_image":[{"width":773,"height":774,"url":"https:\/\/seed.hu\/wp-content\/uploads\/2021\/04\/Orsza\u0301gos-Va\u0301llalkozo\u0301i-Mentorprogram.png","type":"image\/png"}],"twitter_card":"summary_large_image","twitter_misc":{"Est. reading time":"2 minutes"},"schema":{"@context":"https:\/\/schema.org","@graph":[{"@type":"WebPage","@id":"https:\/\/seed.hu\/hirek\/toborzorendezveny-szekszardon\/","url":"https:\/\/seed.hu\/hirek\/toborzorendezveny-szekszardon\/","name":"Toborz\u00f3rendezv\u00e9ny Szeksz\u00e1rdon - Seed","isPartOf":{"@id":"https:\/\/seed.hu\/#website"},"primaryImageOfPage":{"@id":"https:\/\/seed.hu\/hirek\/toborzorendezveny-szekszardon\/#primaryimage"},"image":{"@id":"https:\/\/seed.hu\/hirek\/toborzorendezveny-szekszardon\/#primaryimage"},"thumbnailUrl":"https:\/\/seed.hu\/wp-content\/uploads\/2021\/04\/Orsza\u0301gos-Va\u0301llalkozo\u0301i-Mentorprogram.png","datePublished":"2019-03-29T09:36:35+00:00","dateModified":"2022-01-17T19:42:59+00:00","breadcrumb":{"@id":"https:\/\/seed.hu\/hirek\/toborzorendezveny-szekszardon\/#breadcrumb"},"inLanguage":"en-US","potentialAction":[{"@type":"ReadAction","target":["https:\/\/seed.hu\/hirek\/toborzorendezveny-szekszardon\/"]}]},{"@type":"ImageObject","inLanguage":"en-US","@id":"https:\/\/seed.hu\/hirek\/toborzorendezveny-szekszardon\/#primaryimage","url":"https:\/\/seed.hu\/wp-content\/uploads\/2021\/04\/Orsza\u0301gos-Va\u0301llalkozo\u0301i-Mentorprogram.png","contentUrl":"https:\/\/seed.hu\/wp-content\/uploads\/2021\/04\/Orsza\u0301gos-Va\u0301llalkozo\u0301i-Mentorprogram.png","width":773,"height":774},{"@type":"BreadcrumbList","@id":"https:\/\/seed.hu\/hirek\/toborzorendezveny-szekszardon\/#breadcrumb","itemListElement":[{"@type":"ListItem","position":1,"name":"H\u00edrek","item":"https:\/\/seed.hu\/hirek\/"},{"@type":"ListItem","position":2,"name":"Toborz\u00f3rendezv\u00e9ny Szeksz\u00e1rdon"}]},{"@type":"WebSite","@id":"https:\/\/seed.hu\/#website","url":"https:\/\/seed.hu\/","name":"Seed","description":"","potentialAction":[{"@type":"SearchAction","target":{"@type":"EntryPoint","urlTemplate":"https:\/\/seed.hu\/?s={search_term_string}"},"query-input":{"@type":"PropertyValueSpecification","valueRequired":true,"valueName":"search_term_string"}}],"inLanguage":"en-US"}]}},"_links":{"self":[{"href":"https:\/\/seed.hu\/en\/wp-json\/wp\/v2\/hirek\/866","targetHints":{"allow":["GET"]}}],"collection":[{"href":"https:\/\/seed.hu\/en\/wp-json\/wp\/v2\/hirek"}],"about":[{"href":"https:\/\/seed.hu\/en\/wp-json\/wp\/v2\/types\/hirek"}],"wp:featuredmedia":[{"embeddable":true,"href":"https:\/\/seed.hu\/en\/wp-json\/wp\/v2\/media\/338"}],"wp:attachment":[{"href":"https:\/\/seed.hu\/en\/wp-json\/wp\/v2\/media?parent=866"}],"curies":[{"name":"wp","href":"https:\/\/api.w.org\/{rel}","templated":true}]}}

Toborzórendezvény Szekszárdon

<p><a href="https://seed.hu/hirek/mentorok-es-mentoraltak-jelentkezeset-varja-a-seed-alapitvany/ovm/" rel="attachment wp-att-844"><img loading="lazy" decoding="async" class="alignnone wp-image-844 size-full" src="https://seed.hu/wp-content/uploads/2022/01/OVM.png" alt="" width="601" height="163" srcset="https://seed.hu/wp-content/uploads/2022/01/OVM.png 601w, https://seed.hu/wp-content/uploads/2022/01/OVM-300x81.png 300w" sizes="auto, (max-width: 601px) 100vw, 601px" /></a></p>
<p>Az Országos Vállalkozói Mentorprogram Személyes Vállalkozói Mentorálás alprojektjének keretében a SEED Kisvállalkozás-fejlesztési Alapítvány március 27-én Szekszárdon tartotta meg második toborzórendezvényét. Az eseményre a megyeszékhelyen kívül Bonyhádról és Pécsről is érkeztek érdeklődők.</p>
<p>A rendezvényen Danics Ágnes, a SEED Alapítvány szakmai felelőse részletesen ismertette a Személyes Vállalkozói Mentorprogrammal kapcsolatos tudnivalókat. Hangsúlyozta, hogy a programban a mentoráltak ingyen vehetnek részt, de határozottan el kell köteleződniük a 9-12 hónapos folyamat mellett, és a siker érdekében, ami az ő vállalkozásuk sikerét jelenti, időt és energiát kell áldozniuk a programra.</p>
<p>A résztvevők főleg a kiválasztás feltételeiről, a mentorok és a mentoráltak „összeillesztésének” mikéntjéről, a mentorálási folyamat elemeiről kérdezték a SEED munkatársát.</p>
<p>Sok szó esett arról, hogy a genrációváltó családi vállalkozásokat hogyan segíti a program, ugyanis a résztvevők között volt olyan cég, amelynél aktuális ez a probléma. A hallgatóság elégedetten konstatálta, hogy ilyen esetben a mentor olyan vállalkozó lesz, aki már sikeresen megoldotta vállalkozása utódlását.</p>
<p>Arra a kérdésre, hogy a résztvevők szerint milyennek kellene lennie a jó mentornak, a következő válaszok érkeztek: nyitottnak, empatikusnak, pozitívnak. Azt is hangsúlyozták a megszólalók, hogy nagyon fontos, hogy a mentor jól tudjon kérdezni, és a habitusa ne különbözzön nagyon a mentorált habitusától.</p>
<p>A résztvevők a program egyik legnagyobb hozadékának a kapcsolati hálójuk lehetséges bővülését tartották, s ennek jegyében az esemény szünetében élénk, részben üzleti jellegű, megbeszéléseket folytattak egymással.</p>

<!-- This site is optimized with the Yoast SEO plugin v27.4 - https://yoast.com/product/yoast-seo-wordpress/ -->
<title>Toborzórendezvény Szekszárdon - Seed</title>
<meta name="robots" content="index, follow, max-snippet:-1, max-image-preview:large, max-video-preview:-1" />
<link rel="canonical" href="https://seed.hu/hirek/toborzorendezveny-szekszardon/" />
<meta property="og:locale" content="en_US" />
<meta property="og:type" content="article" />
<meta property="og:title" content="Toborzórendezvény Szekszárdon - Seed" />
<meta property="og:description" content="Az Országos Vállalkozói Mentorprogram Személyes Vállalkozói Mentorálás alprojektjének keretében a SEED Kisvállalkozás-fejlesztési Alapítvány március 27-én Szekszárdon tartotta meg második toborzórendezvényét. Az eseményre a megyeszékhelyen kívül Bonyhádról és Pécsről is érkeztek érdeklődők. A rendezvényen Danics Ágnes, a SEED Alapítvány szakmai felelőse részletesen ismertette a Személyes Vállalkozói Mentorprogrammal kapcsolatos tudnivalókat. Hangsúlyozta, hogy a programban a mentoráltak ingyen [&hellip;]" />
<meta property="og:url" content="https://seed.hu/hirek/toborzorendezveny-szekszardon/" />
<meta property="og:site_name" content="Seed" />
<meta property="article:modified_time" content="2022-01-17T19:42:59+00:00" />
<meta property="og:image" content="https://seed.hu/wp-content/uploads/2021/04/Országos-Vállalkozói-Mentorprogram.png" />
	<meta property="og:image:width" content="773" />
	<meta property="og:image:height" content="774" />
	<meta property="og:image:type" content="image/png" />
<meta name="twitter:card" content="summary_large_image" />
<meta name="twitter:label1" content="Est. reading time" />
	<meta name="twitter:data1" content="2 minutes" />
<script type="application/ld+json" class="yoast-schema-graph">{"@context":"https:\/\/schema.org","@graph":[{"@type":"WebPage","@id":"https:\/\/seed.hu\/hirek\/toborzorendezveny-szekszardon\/","url":"https:\/\/seed.hu\/hirek\/toborzorendezveny-szekszardon\/","name":"Toborzórendezvény Szekszárdon - Seed","isPartOf":{"@id":"https:\/\/seed.hu\/#website"},"primaryImageOfPage":{"@id":"https:\/\/seed.hu\/hirek\/toborzorendezveny-szekszardon\/#primaryimage"},"image":{"@id":"https:\/\/seed.hu\/hirek\/toborzorendezveny-szekszardon\/#primaryimage"},"thumbnailUrl":"https:\/\/seed.hu\/wp-content\/uploads\/2021\/04\/Országos-Vállalkozói-Mentorprogram.png","datePublished":"2019-03-29T09:36:35+00:00","dateModified":"2022-01-17T19:42:59+00:00","breadcrumb":{"@id":"https:\/\/seed.hu\/hirek\/toborzorendezveny-szekszardon\/#breadcrumb"},"inLanguage":"en-US","potentialAction":[{"@type":"ReadAction","target":["https:\/\/seed.hu\/hirek\/toborzorendezveny-szekszardon\/"]}]},{"@type":"ImageObject","inLanguage":"en-US","@id":"https:\/\/seed.hu\/hirek\/toborzorendezveny-szekszardon\/#primaryimage","url":"https:\/\/seed.hu\/wp-content\/uploads\/2021\/04\/Országos-Vállalkozói-Mentorprogram.png","contentUrl":"https:\/\/seed.hu\/wp-content\/uploads\/2021\/04\/Országos-Vállalkozói-Mentorprogram.png","width":773,"height":774},{"@type":"BreadcrumbList","@id":"https:\/\/seed.hu\/hirek\/toborzorendezveny-szekszardon\/#breadcrumb","itemListElement":[{"@type":"ListItem","position":1,"name":"Hírek","item":"https:\/\/seed.hu\/hirek\/"},{"@type":"ListItem","position":2,"name":"Toborzórendezvény Szekszárdon"}]},{"@type":"WebSite","@id":"https:\/\/seed.hu\/#website","url":"https:\/\/seed.hu\/","name":"Seed","description":"","potentialAction":[{"@type":"SearchAction","target":{"@type":"EntryPoint","urlTemplate":"https:\/\/seed.hu\/?s={search_term_string}"},"query-input":{"@type":"PropertyValueSpecification","valueRequired":true,"valueName":"search_term_string"}}],"inLanguage":"en-US"}]}</script>
<!-- / Yoast SEO plugin. -->

Toborzórendezvény Szekszárdon - Seed

Az Országos Vállalkozói Mentorprogram Személyes Vállalkozói Mentorálás alprojektjének keretében a SEED Kisvállalkozás-fejlesztési Alapítvány március 27-én Szekszárdon tartotta meg második toborzórendezvényét. Az eseményre a megyeszékhelyen kívül Bonyhádról és Pécsről is érkeztek érdeklődők. A rendezvényen Danics Ágnes, a SEED Alapítvány szakmai felelőse részletesen ismertette a Személyes Vállalkozói Mentorprogrammal kapcsolatos tudnivalókat. Hangsúlyozta, hogy a programban a mentoráltak ingyen [&hellip;]

Hírek
