{"id":867,"date":"2019-04-03T23:41:19","date_gmt":"2019-04-03T21:41:19","guid":{"rendered":"https:\/\/seed.hu\/?post_type=hirek&#038;p=867"},"modified":"2022-01-17T20:44:52","modified_gmt":"2022-01-17T19:44:52","slug":"a-karc-fm-spajz-cimu-mai-musoraban-az-orszagos-vallalkozoi-mentorprogram-2019-04-03","status":"publish","type":"hirek","link":"https:\/\/seed.hu\/en\/hirek\/a-karc-fm-spajz-cimu-mai-musoraban-az-orszagos-vallalkozoi-mentorprogram-2019-04-03\/","title":{"rendered":"A Karc FM Sp\u00e1jz c\u00edm\u0171 mai m\u0171sor\u00e1ban az Orsz\u00e1gos V\u00e1llalkoz\u00f3i Mentorprogram (2019.04.03)!"},"content":{"rendered":"<p><a href=\"https:\/\/seed.hu\/hirek\/mentorok-es-mentoraltak-jelentkezeset-varja-a-seed-alapitvany\/ovm\/\" rel=\"attachment wp-att-844\"><img loading=\"lazy\" decoding=\"async\" class=\"alignnone wp-image-844 size-full\" src=\"https:\/\/seed.hu\/wp-content\/uploads\/2022\/01\/OVM.png\" alt=\"\" width=\"601\" height=\"163\" srcset=\"https:\/\/seed.hu\/wp-content\/uploads\/2022\/01\/OVM.png 601w, https:\/\/seed.hu\/wp-content\/uploads\/2022\/01\/OVM-300x81.png 300w\" sizes=\"auto, (max-width: 601px) 100vw, 601px\" \/><\/a><\/p>\n<p>A teljes interj\u00fat az al\u00e1bbi linken hallgathatj\u00e1k meg:<\/p>\n<p><a href=\"https:\/\/www.mixcloud.com\/karcfm\/sp\u00e1jz-2019-04-03-0900-1159-1\/\">https:\/\/www.mixcloud.com\/karcfm\/sp\u00e1jz-2019-04-03-0900-1159-1\/<\/a><\/p>\n","protected":false},"featured_media":338,"menu_order":0,"template":"","meta":{"_acf_changed":false},"class_list":["post-867","hirek","type-hirek","status-publish","has-post-thumbnail","hentry"],"acf":[],"yoast_head":"<!-- This site is optimized with the Yoast SEO plugin v27.4 - https:\/\/yoast.com\/product\/yoast-seo-wordpress\/ -->\n<title>A Karc FM Sp\u00e1jz c\u00edm\u0171 mai m\u0171sor\u00e1ban az Orsz\u00e1gos V\u00e1llalkoz\u00f3i Mentorprogram (2019.04.03)! - Seed<\/title>\n<meta name=\"robots\" content=\"index, follow, max-snippet:-1, max-image-preview:large, max-video-preview:-1\" \/>\n<link rel=\"canonical\" href=\"https:\/\/seed.hu\/hirek\/a-karc-fm-spajz-cimu-mai-musoraban-az-orszagos-vallalkozoi-mentorprogram-2019-04-03\/\" \/>\n<meta property=\"og:locale\" content=\"en_US\" \/>\n<meta property=\"og:type\" content=\"article\" \/>\n<meta property=\"og:title\" content=\"A Karc FM Sp\u00e1jz c\u00edm\u0171 mai m\u0171sor\u00e1ban az Orsz\u00e1gos V\u00e1llalkoz\u00f3i Mentorprogram (2019.04.03)! - Seed\" \/>\n<meta property=\"og:description\" content=\"A teljes interj\u00fat az al\u00e1bbi linken hallgathatj\u00e1k meg: https:\/\/www.mixcloud.com\/karcfm\/sp\u00e1jz-2019-04-03-0900-1159-1\/\" \/>\n<meta property=\"og:url\" content=\"https:\/\/seed.hu\/hirek\/a-karc-fm-spajz-cimu-mai-musoraban-az-orszagos-vallalkozoi-mentorprogram-2019-04-03\/\" \/>\n<meta property=\"og:site_name\" content=\"Seed\" \/>\n<meta property=\"article:modified_time\" content=\"2022-01-17T19:44:52+00:00\" \/>\n<meta property=\"og:image\" content=\"https:\/\/seed.hu\/wp-content\/uploads\/2021\/04\/Orsza\u0301gos-Va\u0301llalkozo\u0301i-Mentorprogram.png\" \/>\n\t<meta property=\"og:image:width\" content=\"773\" \/>\n\t<meta property=\"og:image:height\" content=\"774\" \/>\n\t<meta property=\"og:image:type\" content=\"image\/png\" \/>\n<meta name=\"twitter:card\" content=\"summary_large_image\" \/>\n<script type=\"application\/ld+json\" class=\"yoast-schema-graph\">{\"@context\":\"https:\\\/\\\/schema.org\",\"@graph\":[{\"@type\":\"WebPage\",\"@id\":\"https:\\\/\\\/seed.hu\\\/hirek\\\/a-karc-fm-spajz-cimu-mai-musoraban-az-orszagos-vallalkozoi-mentorprogram-2019-04-03\\\/\",\"url\":\"https:\\\/\\\/seed.hu\\\/hirek\\\/a-karc-fm-spajz-cimu-mai-musoraban-az-orszagos-vallalkozoi-mentorprogram-2019-04-03\\\/\",\"name\":\"A Karc FM Sp\u00e1jz c\u00edm\u0171 mai m\u0171sor\u00e1ban az Orsz\u00e1gos V\u00e1llalkoz\u00f3i Mentorprogram (2019.04.03)! - Seed\",\"isPartOf\":{\"@id\":\"https:\\\/\\\/seed.hu\\\/#website\"},\"primaryImageOfPage\":{\"@id\":\"https:\\\/\\\/seed.hu\\\/hirek\\\/a-karc-fm-spajz-cimu-mai-musoraban-az-orszagos-vallalkozoi-mentorprogram-2019-04-03\\\/#primaryimage\"},\"image\":{\"@id\":\"https:\\\/\\\/seed.hu\\\/hirek\\\/a-karc-fm-spajz-cimu-mai-musoraban-az-orszagos-vallalkozoi-mentorprogram-2019-04-03\\\/#primaryimage\"},\"thumbnailUrl\":\"https:\\\/\\\/seed.hu\\\/wp-content\\\/uploads\\\/2021\\\/04\\\/Orsza\u0301gos-Va\u0301llalkozo\u0301i-Mentorprogram.png\",\"datePublished\":\"2019-04-03T21:41:19+00:00\",\"dateModified\":\"2022-01-17T19:44:52+00:00\",\"breadcrumb\":{\"@id\":\"https:\\\/\\\/seed.hu\\\/hirek\\\/a-karc-fm-spajz-cimu-mai-musoraban-az-orszagos-vallalkozoi-mentorprogram-2019-04-03\\\/#breadcrumb\"},\"inLanguage\":\"en-US\",\"potentialAction\":[{\"@type\":\"ReadAction\",\"target\":[\"https:\\\/\\\/seed.hu\\\/hirek\\\/a-karc-fm-spajz-cimu-mai-musoraban-az-orszagos-vallalkozoi-mentorprogram-2019-04-03\\\/\"]}]},{\"@type\":\"ImageObject\",\"inLanguage\":\"en-US\",\"@id\":\"https:\\\/\\\/seed.hu\\\/hirek\\\/a-karc-fm-spajz-cimu-mai-musoraban-az-orszagos-vallalkozoi-mentorprogram-2019-04-03\\\/#primaryimage\",\"url\":\"https:\\\/\\\/seed.hu\\\/wp-content\\\/uploads\\\/2021\\\/04\\\/Orsza\u0301gos-Va\u0301llalkozo\u0301i-Mentorprogram.png\",\"contentUrl\":\"https:\\\/\\\/seed.hu\\\/wp-content\\\/uploads\\\/2021\\\/04\\\/Orsza\u0301gos-Va\u0301llalkozo\u0301i-Mentorprogram.png\",\"width\":773,\"height\":774},{\"@type\":\"BreadcrumbList\",\"@id\":\"https:\\\/\\\/seed.hu\\\/hirek\\\/a-karc-fm-spajz-cimu-mai-musoraban-az-orszagos-vallalkozoi-mentorprogram-2019-04-03\\\/#breadcrumb\",\"itemListElement\":[{\"@type\":\"ListItem\",\"position\":1,\"name\":\"H\u00edrek\",\"item\":\"https:\\\/\\\/seed.hu\\\/hirek\\\/\"},{\"@type\":\"ListItem\",\"position\":2,\"name\":\"A Karc FM Sp\u00e1jz c\u00edm\u0171 mai m\u0171sor\u00e1ban az Orsz\u00e1gos V\u00e1llalkoz\u00f3i Mentorprogram (2019.04.03)!\"}]},{\"@type\":\"WebSite\",\"@id\":\"https:\\\/\\\/seed.hu\\\/#website\",\"url\":\"https:\\\/\\\/seed.hu\\\/\",\"name\":\"Seed\",\"description\":\"\",\"potentialAction\":[{\"@type\":\"SearchAction\",\"target\":{\"@type\":\"EntryPoint\",\"urlTemplate\":\"https:\\\/\\\/seed.hu\\\/?s={search_term_string}\"},\"query-input\":{\"@type\":\"PropertyValueSpecification\",\"valueRequired\":true,\"valueName\":\"search_term_string\"}}],\"inLanguage\":\"en-US\"}]}<\/script>\n<!-- \/ Yoast SEO plugin. -->","yoast_head_json":{"title":"A Karc FM Sp\u00e1jz c\u00edm\u0171 mai m\u0171sor\u00e1ban az Orsz\u00e1gos V\u00e1llalkoz\u00f3i Mentorprogram (2019.04.03)! - Seed","robots":{"index":"index","follow":"follow","max-snippet":"max-snippet:-1","max-image-preview":"max-image-preview:large","max-video-preview":"max-video-preview:-1"},"canonical":"https:\/\/seed.hu\/hirek\/a-karc-fm-spajz-cimu-mai-musoraban-az-orszagos-vallalkozoi-mentorprogram-2019-04-03\/","og_locale":"en_US","og_type":"article","og_title":"A Karc FM Sp\u00e1jz c\u00edm\u0171 mai m\u0171sor\u00e1ban az Orsz\u00e1gos V\u00e1llalkoz\u00f3i Mentorprogram (2019.04.03)! - Seed","og_description":"A teljes interj\u00fat az al\u00e1bbi linken hallgathatj\u00e1k meg: https:\/\/www.mixcloud.com\/karcfm\/sp\u00e1jz-2019-04-03-0900-1159-1\/","og_url":"https:\/\/seed.hu\/hirek\/a-karc-fm-spajz-cimu-mai-musoraban-az-orszagos-vallalkozoi-mentorprogram-2019-04-03\/","og_site_name":"Seed","article_modified_time":"2022-01-17T19:44:52+00:00","og_image":[{"width":773,"height":774,"url":"https:\/\/seed.hu\/wp-content\/uploads\/2021\/04\/Orsza\u0301gos-Va\u0301llalkozo\u0301i-Mentorprogram.png","type":"image\/png"}],"twitter_card":"summary_large_image","schema":{"@context":"https:\/\/schema.org","@graph":[{"@type":"WebPage","@id":"https:\/\/seed.hu\/hirek\/a-karc-fm-spajz-cimu-mai-musoraban-az-orszagos-vallalkozoi-mentorprogram-2019-04-03\/","url":"https:\/\/seed.hu\/hirek\/a-karc-fm-spajz-cimu-mai-musoraban-az-orszagos-vallalkozoi-mentorprogram-2019-04-03\/","name":"A Karc FM Sp\u00e1jz c\u00edm\u0171 mai m\u0171sor\u00e1ban az Orsz\u00e1gos V\u00e1llalkoz\u00f3i Mentorprogram (2019.04.03)! - Seed","isPartOf":{"@id":"https:\/\/seed.hu\/#website"},"primaryImageOfPage":{"@id":"https:\/\/seed.hu\/hirek\/a-karc-fm-spajz-cimu-mai-musoraban-az-orszagos-vallalkozoi-mentorprogram-2019-04-03\/#primaryimage"},"image":{"@id":"https:\/\/seed.hu\/hirek\/a-karc-fm-spajz-cimu-mai-musoraban-az-orszagos-vallalkozoi-mentorprogram-2019-04-03\/#primaryimage"},"thumbnailUrl":"https:\/\/seed.hu\/wp-content\/uploads\/2021\/04\/Orsza\u0301gos-Va\u0301llalkozo\u0301i-Mentorprogram.png","datePublished":"2019-04-03T21:41:19+00:00","dateModified":"2022-01-17T19:44:52+00:00","breadcrumb":{"@id":"https:\/\/seed.hu\/hirek\/a-karc-fm-spajz-cimu-mai-musoraban-az-orszagos-vallalkozoi-mentorprogram-2019-04-03\/#breadcrumb"},"inLanguage":"en-US","potentialAction":[{"@type":"ReadAction","target":["https:\/\/seed.hu\/hirek\/a-karc-fm-spajz-cimu-mai-musoraban-az-orszagos-vallalkozoi-mentorprogram-2019-04-03\/"]}]},{"@type":"ImageObject","inLanguage":"en-US","@id":"https:\/\/seed.hu\/hirek\/a-karc-fm-spajz-cimu-mai-musoraban-az-orszagos-vallalkozoi-mentorprogram-2019-04-03\/#primaryimage","url":"https:\/\/seed.hu\/wp-content\/uploads\/2021\/04\/Orsza\u0301gos-Va\u0301llalkozo\u0301i-Mentorprogram.png","contentUrl":"https:\/\/seed.hu\/wp-content\/uploads\/2021\/04\/Orsza\u0301gos-Va\u0301llalkozo\u0301i-Mentorprogram.png","width":773,"height":774},{"@type":"BreadcrumbList","@id":"https:\/\/seed.hu\/hirek\/a-karc-fm-spajz-cimu-mai-musoraban-az-orszagos-vallalkozoi-mentorprogram-2019-04-03\/#breadcrumb","itemListElement":[{"@type":"ListItem","position":1,"name":"H\u00edrek","item":"https:\/\/seed.hu\/hirek\/"},{"@type":"ListItem","position":2,"name":"A Karc FM Sp\u00e1jz c\u00edm\u0171 mai m\u0171sor\u00e1ban az Orsz\u00e1gos V\u00e1llalkoz\u00f3i Mentorprogram (2019.04.03)!"}]},{"@type":"WebSite","@id":"https:\/\/seed.hu\/#website","url":"https:\/\/seed.hu\/","name":"Seed","description":"","potentialAction":[{"@type":"SearchAction","target":{"@type":"EntryPoint","urlTemplate":"https:\/\/seed.hu\/?s={search_term_string}"},"query-input":{"@type":"PropertyValueSpecification","valueRequired":true,"valueName":"search_term_string"}}],"inLanguage":"en-US"}]}},"_links":{"self":[{"href":"https:\/\/seed.hu\/en\/wp-json\/wp\/v2\/hirek\/867","targetHints":{"allow":["GET"]}}],"collection":[{"href":"https:\/\/seed.hu\/en\/wp-json\/wp\/v2\/hirek"}],"about":[{"href":"https:\/\/seed.hu\/en\/wp-json\/wp\/v2\/types\/hirek"}],"wp:featuredmedia":[{"embeddable":true,"href":"https:\/\/seed.hu\/en\/wp-json\/wp\/v2\/media\/338"}],"wp:attachment":[{"href":"https:\/\/seed.hu\/en\/wp-json\/wp\/v2\/media?parent=867"}],"curies":[{"name":"wp","href":"https:\/\/api.w.org\/{rel}","templated":true}]}}

A Karc FM Spájz című mai műsorában az Országos Vállalkozói Mentorprogram (2019.04.03)!

<p><a href="https://seed.hu/hirek/mentorok-es-mentoraltak-jelentkezeset-varja-a-seed-alapitvany/ovm/" rel="attachment wp-att-844"><img loading="lazy" decoding="async" class="alignnone wp-image-844 size-full" src="https://seed.hu/wp-content/uploads/2022/01/OVM.png" alt="" width="601" height="163" srcset="https://seed.hu/wp-content/uploads/2022/01/OVM.png 601w, https://seed.hu/wp-content/uploads/2022/01/OVM-300x81.png 300w" sizes="auto, (max-width: 601px) 100vw, 601px" /></a></p>
<p>A teljes interjút az alábbi linken hallgathatják meg:</p>
<p><a href="https://www.mixcloud.com/karcfm/spájz-2019-04-03-0900-1159-1/">https://www.mixcloud.com/karcfm/spájz-2019-04-03-0900-1159-1/</a></p>

<!-- This site is optimized with the Yoast SEO plugin v27.4 - https://yoast.com/product/yoast-seo-wordpress/ -->
<title>A Karc FM Spájz című mai műsorában az Országos Vállalkozói Mentorprogram (2019.04.03)! - Seed</title>
<meta name="robots" content="index, follow, max-snippet:-1, max-image-preview:large, max-video-preview:-1" />
<link rel="canonical" href="https://seed.hu/hirek/a-karc-fm-spajz-cimu-mai-musoraban-az-orszagos-vallalkozoi-mentorprogram-2019-04-03/" />
<meta property="og:locale" content="en_US" />
<meta property="og:type" content="article" />
<meta property="og:title" content="A Karc FM Spájz című mai műsorában az Országos Vállalkozói Mentorprogram (2019.04.03)! - Seed" />
<meta property="og:description" content="A teljes interjút az alábbi linken hallgathatják meg: https://www.mixcloud.com/karcfm/spájz-2019-04-03-0900-1159-1/" />
<meta property="og:url" content="https://seed.hu/hirek/a-karc-fm-spajz-cimu-mai-musoraban-az-orszagos-vallalkozoi-mentorprogram-2019-04-03/" />
<meta property="og:site_name" content="Seed" />
<meta property="article:modified_time" content="2022-01-17T19:44:52+00:00" />
<meta property="og:image" content="https://seed.hu/wp-content/uploads/2021/04/Országos-Vállalkozói-Mentorprogram.png" />
	<meta property="og:image:width" content="773" />
	<meta property="og:image:height" content="774" />
	<meta property="og:image:type" content="image/png" />
<meta name="twitter:card" content="summary_large_image" />
<script type="application/ld+json" class="yoast-schema-graph">{"@context":"https:\/\/schema.org","@graph":[{"@type":"WebPage","@id":"https:\/\/seed.hu\/hirek\/a-karc-fm-spajz-cimu-mai-musoraban-az-orszagos-vallalkozoi-mentorprogram-2019-04-03\/","url":"https:\/\/seed.hu\/hirek\/a-karc-fm-spajz-cimu-mai-musoraban-az-orszagos-vallalkozoi-mentorprogram-2019-04-03\/","name":"A Karc FM Spájz című mai műsorában az Országos Vállalkozói Mentorprogram (2019.04.03)! - Seed","isPartOf":{"@id":"https:\/\/seed.hu\/#website"},"primaryImageOfPage":{"@id":"https:\/\/seed.hu\/hirek\/a-karc-fm-spajz-cimu-mai-musoraban-az-orszagos-vallalkozoi-mentorprogram-2019-04-03\/#primaryimage"},"image":{"@id":"https:\/\/seed.hu\/hirek\/a-karc-fm-spajz-cimu-mai-musoraban-az-orszagos-vallalkozoi-mentorprogram-2019-04-03\/#primaryimage"},"thumbnailUrl":"https:\/\/seed.hu\/wp-content\/uploads\/2021\/04\/Országos-Vállalkozói-Mentorprogram.png","datePublished":"2019-04-03T21:41:19+00:00","dateModified":"2022-01-17T19:44:52+00:00","breadcrumb":{"@id":"https:\/\/seed.hu\/hirek\/a-karc-fm-spajz-cimu-mai-musoraban-az-orszagos-vallalkozoi-mentorprogram-2019-04-03\/#breadcrumb"},"inLanguage":"en-US","potentialAction":[{"@type":"ReadAction","target":["https:\/\/seed.hu\/hirek\/a-karc-fm-spajz-cimu-mai-musoraban-az-orszagos-vallalkozoi-mentorprogram-2019-04-03\/"]}]},{"@type":"ImageObject","inLanguage":"en-US","@id":"https:\/\/seed.hu\/hirek\/a-karc-fm-spajz-cimu-mai-musoraban-az-orszagos-vallalkozoi-mentorprogram-2019-04-03\/#primaryimage","url":"https:\/\/seed.hu\/wp-content\/uploads\/2021\/04\/Országos-Vállalkozói-Mentorprogram.png","contentUrl":"https:\/\/seed.hu\/wp-content\/uploads\/2021\/04\/Országos-Vállalkozói-Mentorprogram.png","width":773,"height":774},{"@type":"BreadcrumbList","@id":"https:\/\/seed.hu\/hirek\/a-karc-fm-spajz-cimu-mai-musoraban-az-orszagos-vallalkozoi-mentorprogram-2019-04-03\/#breadcrumb","itemListElement":[{"@type":"ListItem","position":1,"name":"Hírek","item":"https:\/\/seed.hu\/hirek\/"},{"@type":"ListItem","position":2,"name":"A Karc FM Spájz című mai műsorában az Országos Vállalkozói Mentorprogram (2019.04.03)!"}]},{"@type":"WebSite","@id":"https:\/\/seed.hu\/#website","url":"https:\/\/seed.hu\/","name":"Seed","description":"","potentialAction":[{"@type":"SearchAction","target":{"@type":"EntryPoint","urlTemplate":"https:\/\/seed.hu\/?s={search_term_string}"},"query-input":{"@type":"PropertyValueSpecification","valueRequired":true,"valueName":"search_term_string"}}],"inLanguage":"en-US"}]}</script>
<!-- / Yoast SEO plugin. -->

A Karc FM Spájz című mai műsorában az Országos Vállalkozói Mentorprogram (2019.04.03)! - Seed

A teljes interjút az alábbi linken hallgathatják meg: https://www.mixcloud.com/karcfm/spájz-2019-04-03-0900-1159-1/

Hírek
