{"id":877,"date":"2019-05-21T01:11:50","date_gmt":"2019-05-20T23:11:50","guid":{"rendered":"https:\/\/seed.hu\/?post_type=hirek&#038;p=877"},"modified":"2022-01-17T20:56:34","modified_gmt":"2022-01-17T19:56:34","slug":"majus-vegen-szombathelyen-toboroz-a-seed-alapitvany","status":"publish","type":"hirek","link":"https:\/\/seed.hu\/en\/hirek\/majus-vegen-szombathelyen-toboroz-a-seed-alapitvany\/","title":{"rendered":"M\u00e1jus v\u00e9g\u00e9n Szombathelyen toboroz a SEED Alap\u00edtv\u00e1ny"},"content":{"rendered":"<p><a href=\"https:\/\/seed.hu\/hirek\/mentorok-es-mentoraltak-jelentkezeset-varja-a-seed-alapitvany\/ovm\/\" rel=\"attachment wp-att-844\"><img loading=\"lazy\" decoding=\"async\" class=\"alignnone wp-image-844 size-full\" src=\"https:\/\/seed.hu\/wp-content\/uploads\/2022\/01\/OVM.png\" alt=\"\" width=\"601\" height=\"163\" srcset=\"https:\/\/seed.hu\/wp-content\/uploads\/2022\/01\/OVM.png 601w, https:\/\/seed.hu\/wp-content\/uploads\/2022\/01\/OVM-300x81.png 300w\" sizes=\"auto, (max-width: 601px) 100vw, 601px\" \/><\/a><\/p>\n<p>M\u00e1jus 27-\u00e9n, h\u00e9tf\u0151n, a vasi megyesz\u00e9khelyen, Szombathelyen, a Vas Megyei Kereskedelmi \u00e9s Iparkamara sz\u00e9kh\u00e1z\u00e1ban folytatja a Szem\u00e9lyes V\u00e1llalkoz\u00f3i Mentorprogram bemutat\u00e1s\u00e1t a SEED Kisv\u00e1llalkoz\u00e1s-fejleszt\u00e9si Alap\u00edtv\u00e1ny.<\/p>\n<p>A 14 \u00f3rakor kezd\u0151d\u0151 rendezv\u00e9nyen az \u00e9rdekl\u0151d\u0151k megismerkedhetnek a\u00a0GINOP-1.1.2-VEKOP-17-2017-00001 \u201eA KKV szektor hat\u00e9konys\u00e1g\u00e1nak n\u00f6vel\u00e9se p\u00e9nz\u00fcgyi ismeretek fejleszt\u00e9se, v\u00e1llalkoz\u00f3i mentor\u00e1l\u00e1s biztos\u00edt\u00e1sa r\u00e9v\u00e9n&#8221; c\u00edm\u0171 kiemelt projekt alprojektj\u00e9vel, amelyet Lakatosn\u00e9 Luk\u00e1cs Zsuzsanna, a SEED Alap\u00edtv\u00e1ny \u00fcgyvezet\u0151 igazgat\u00f3ja mutat be. Az esem\u00e9ny utols\u00f3 programpontjak\u00e9nt egy kerekasztal-besz\u00e9lget\u00e9s keret\u00e9ben, a mentor\u00e1l\u00e1s gyakorlati rejtelmeibe avatj\u00e1k be a jelen l\u00e9v\u0151 v\u00e1llalkoz\u00f3kat a besz\u00e9lget\u00e9s r\u00e9sztvev\u0151i.<\/p>\n<p>&nbsp;<\/p>\n<p>A rendezv\u00e9nyre regisztr\u00e1lni a k\u00f6vetkez\u0151 linken lehet:<\/p>\n<p><a href=\"https:\/\/seed.hu\/kerdoiv\/orszagos-vallalkozoi-mentorprogram-toborzo-rendezveny-szombathely-2019-05-27\">&lt;&lt; JELENTKEZEM &gt;&gt;<\/a><\/p>\n","protected":false},"featured_media":338,"menu_order":0,"template":"","meta":{"_acf_changed":false},"class_list":["post-877","hirek","type-hirek","status-publish","has-post-thumbnail","hentry"],"acf":[],"yoast_head":"<!-- This site is optimized with the Yoast SEO plugin v27.4 - https:\/\/yoast.com\/product\/yoast-seo-wordpress\/ -->\n<title>M\u00e1jus v\u00e9g\u00e9n Szombathelyen toboroz a SEED Alap\u00edtv\u00e1ny - Seed<\/title>\n<meta name=\"robots\" content=\"index, follow, max-snippet:-1, max-image-preview:large, max-video-preview:-1\" \/>\n<link rel=\"canonical\" href=\"https:\/\/seed.hu\/hirek\/majus-vegen-szombathelyen-toboroz-a-seed-alapitvany\/\" \/>\n<meta property=\"og:locale\" content=\"en_US\" \/>\n<meta property=\"og:type\" content=\"article\" \/>\n<meta property=\"og:title\" content=\"M\u00e1jus v\u00e9g\u00e9n Szombathelyen toboroz a SEED Alap\u00edtv\u00e1ny - Seed\" \/>\n<meta property=\"og:description\" content=\"M\u00e1jus 27-\u00e9n, h\u00e9tf\u0151n, a vasi megyesz\u00e9khelyen, Szombathelyen, a Vas Megyei Kereskedelmi \u00e9s Iparkamara sz\u00e9kh\u00e1z\u00e1ban folytatja a Szem\u00e9lyes V\u00e1llalkoz\u00f3i Mentorprogram bemutat\u00e1s\u00e1t a SEED Kisv\u00e1llalkoz\u00e1s-fejleszt\u00e9si Alap\u00edtv\u00e1ny. A 14 \u00f3rakor kezd\u0151d\u0151 rendezv\u00e9nyen az \u00e9rdekl\u0151d\u0151k megismerkedhetnek a\u00a0GINOP-1.1.2-VEKOP-17-2017-00001 \u201eA KKV szektor hat\u00e9konys\u00e1g\u00e1nak n\u00f6vel\u00e9se p\u00e9nz\u00fcgyi ismeretek fejleszt\u00e9se, v\u00e1llalkoz\u00f3i mentor\u00e1l\u00e1s biztos\u00edt\u00e1sa r\u00e9v\u00e9n&#8221; c\u00edm\u0171 kiemelt projekt alprojektj\u00e9vel, amelyet Lakatosn\u00e9 Luk\u00e1cs Zsuzsanna, a SEED [&hellip;]\" \/>\n<meta property=\"og:url\" content=\"https:\/\/seed.hu\/hirek\/majus-vegen-szombathelyen-toboroz-a-seed-alapitvany\/\" \/>\n<meta property=\"og:site_name\" content=\"Seed\" \/>\n<meta property=\"article:modified_time\" content=\"2022-01-17T19:56:34+00:00\" \/>\n<meta property=\"og:image\" content=\"https:\/\/seed.hu\/wp-content\/uploads\/2021\/04\/Orsza\u0301gos-Va\u0301llalkozo\u0301i-Mentorprogram.png\" \/>\n\t<meta property=\"og:image:width\" content=\"773\" \/>\n\t<meta property=\"og:image:height\" content=\"774\" \/>\n\t<meta property=\"og:image:type\" content=\"image\/png\" \/>\n<meta name=\"twitter:card\" content=\"summary_large_image\" \/>\n<meta name=\"twitter:label1\" content=\"Est. reading time\" \/>\n\t<meta name=\"twitter:data1\" content=\"1 minute\" \/>\n<script type=\"application\/ld+json\" class=\"yoast-schema-graph\">{\"@context\":\"https:\\\/\\\/schema.org\",\"@graph\":[{\"@type\":\"WebPage\",\"@id\":\"https:\\\/\\\/seed.hu\\\/hirek\\\/majus-vegen-szombathelyen-toboroz-a-seed-alapitvany\\\/\",\"url\":\"https:\\\/\\\/seed.hu\\\/hirek\\\/majus-vegen-szombathelyen-toboroz-a-seed-alapitvany\\\/\",\"name\":\"M\u00e1jus v\u00e9g\u00e9n Szombathelyen toboroz a SEED Alap\u00edtv\u00e1ny - Seed\",\"isPartOf\":{\"@id\":\"https:\\\/\\\/seed.hu\\\/#website\"},\"primaryImageOfPage\":{\"@id\":\"https:\\\/\\\/seed.hu\\\/hirek\\\/majus-vegen-szombathelyen-toboroz-a-seed-alapitvany\\\/#primaryimage\"},\"image\":{\"@id\":\"https:\\\/\\\/seed.hu\\\/hirek\\\/majus-vegen-szombathelyen-toboroz-a-seed-alapitvany\\\/#primaryimage\"},\"thumbnailUrl\":\"https:\\\/\\\/seed.hu\\\/wp-content\\\/uploads\\\/2021\\\/04\\\/Orsza\u0301gos-Va\u0301llalkozo\u0301i-Mentorprogram.png\",\"datePublished\":\"2019-05-20T23:11:50+00:00\",\"dateModified\":\"2022-01-17T19:56:34+00:00\",\"breadcrumb\":{\"@id\":\"https:\\\/\\\/seed.hu\\\/hirek\\\/majus-vegen-szombathelyen-toboroz-a-seed-alapitvany\\\/#breadcrumb\"},\"inLanguage\":\"en-US\",\"potentialAction\":[{\"@type\":\"ReadAction\",\"target\":[\"https:\\\/\\\/seed.hu\\\/hirek\\\/majus-vegen-szombathelyen-toboroz-a-seed-alapitvany\\\/\"]}]},{\"@type\":\"ImageObject\",\"inLanguage\":\"en-US\",\"@id\":\"https:\\\/\\\/seed.hu\\\/hirek\\\/majus-vegen-szombathelyen-toboroz-a-seed-alapitvany\\\/#primaryimage\",\"url\":\"https:\\\/\\\/seed.hu\\\/wp-content\\\/uploads\\\/2021\\\/04\\\/Orsza\u0301gos-Va\u0301llalkozo\u0301i-Mentorprogram.png\",\"contentUrl\":\"https:\\\/\\\/seed.hu\\\/wp-content\\\/uploads\\\/2021\\\/04\\\/Orsza\u0301gos-Va\u0301llalkozo\u0301i-Mentorprogram.png\",\"width\":773,\"height\":774},{\"@type\":\"BreadcrumbList\",\"@id\":\"https:\\\/\\\/seed.hu\\\/hirek\\\/majus-vegen-szombathelyen-toboroz-a-seed-alapitvany\\\/#breadcrumb\",\"itemListElement\":[{\"@type\":\"ListItem\",\"position\":1,\"name\":\"H\u00edrek\",\"item\":\"https:\\\/\\\/seed.hu\\\/hirek\\\/\"},{\"@type\":\"ListItem\",\"position\":2,\"name\":\"M\u00e1jus v\u00e9g\u00e9n Szombathelyen toboroz a SEED Alap\u00edtv\u00e1ny\"}]},{\"@type\":\"WebSite\",\"@id\":\"https:\\\/\\\/seed.hu\\\/#website\",\"url\":\"https:\\\/\\\/seed.hu\\\/\",\"name\":\"Seed\",\"description\":\"\",\"potentialAction\":[{\"@type\":\"SearchAction\",\"target\":{\"@type\":\"EntryPoint\",\"urlTemplate\":\"https:\\\/\\\/seed.hu\\\/?s={search_term_string}\"},\"query-input\":{\"@type\":\"PropertyValueSpecification\",\"valueRequired\":true,\"valueName\":\"search_term_string\"}}],\"inLanguage\":\"en-US\"}]}<\/script>\n<!-- \/ Yoast SEO plugin. -->","yoast_head_json":{"title":"M\u00e1jus v\u00e9g\u00e9n Szombathelyen toboroz a SEED Alap\u00edtv\u00e1ny - Seed","robots":{"index":"index","follow":"follow","max-snippet":"max-snippet:-1","max-image-preview":"max-image-preview:large","max-video-preview":"max-video-preview:-1"},"canonical":"https:\/\/seed.hu\/hirek\/majus-vegen-szombathelyen-toboroz-a-seed-alapitvany\/","og_locale":"en_US","og_type":"article","og_title":"M\u00e1jus v\u00e9g\u00e9n Szombathelyen toboroz a SEED Alap\u00edtv\u00e1ny - Seed","og_description":"M\u00e1jus 27-\u00e9n, h\u00e9tf\u0151n, a vasi megyesz\u00e9khelyen, Szombathelyen, a Vas Megyei Kereskedelmi \u00e9s Iparkamara sz\u00e9kh\u00e1z\u00e1ban folytatja a Szem\u00e9lyes V\u00e1llalkoz\u00f3i Mentorprogram bemutat\u00e1s\u00e1t a SEED Kisv\u00e1llalkoz\u00e1s-fejleszt\u00e9si Alap\u00edtv\u00e1ny. A 14 \u00f3rakor kezd\u0151d\u0151 rendezv\u00e9nyen az \u00e9rdekl\u0151d\u0151k megismerkedhetnek a\u00a0GINOP-1.1.2-VEKOP-17-2017-00001 \u201eA KKV szektor hat\u00e9konys\u00e1g\u00e1nak n\u00f6vel\u00e9se p\u00e9nz\u00fcgyi ismeretek fejleszt\u00e9se, v\u00e1llalkoz\u00f3i mentor\u00e1l\u00e1s biztos\u00edt\u00e1sa r\u00e9v\u00e9n&#8221; c\u00edm\u0171 kiemelt projekt alprojektj\u00e9vel, amelyet Lakatosn\u00e9 Luk\u00e1cs Zsuzsanna, a SEED [&hellip;]","og_url":"https:\/\/seed.hu\/hirek\/majus-vegen-szombathelyen-toboroz-a-seed-alapitvany\/","og_site_name":"Seed","article_modified_time":"2022-01-17T19:56:34+00:00","og_image":[{"width":773,"height":774,"url":"https:\/\/seed.hu\/wp-content\/uploads\/2021\/04\/Orsza\u0301gos-Va\u0301llalkozo\u0301i-Mentorprogram.png","type":"image\/png"}],"twitter_card":"summary_large_image","twitter_misc":{"Est. reading time":"1 minute"},"schema":{"@context":"https:\/\/schema.org","@graph":[{"@type":"WebPage","@id":"https:\/\/seed.hu\/hirek\/majus-vegen-szombathelyen-toboroz-a-seed-alapitvany\/","url":"https:\/\/seed.hu\/hirek\/majus-vegen-szombathelyen-toboroz-a-seed-alapitvany\/","name":"M\u00e1jus v\u00e9g\u00e9n Szombathelyen toboroz a SEED Alap\u00edtv\u00e1ny - Seed","isPartOf":{"@id":"https:\/\/seed.hu\/#website"},"primaryImageOfPage":{"@id":"https:\/\/seed.hu\/hirek\/majus-vegen-szombathelyen-toboroz-a-seed-alapitvany\/#primaryimage"},"image":{"@id":"https:\/\/seed.hu\/hirek\/majus-vegen-szombathelyen-toboroz-a-seed-alapitvany\/#primaryimage"},"thumbnailUrl":"https:\/\/seed.hu\/wp-content\/uploads\/2021\/04\/Orsza\u0301gos-Va\u0301llalkozo\u0301i-Mentorprogram.png","datePublished":"2019-05-20T23:11:50+00:00","dateModified":"2022-01-17T19:56:34+00:00","breadcrumb":{"@id":"https:\/\/seed.hu\/hirek\/majus-vegen-szombathelyen-toboroz-a-seed-alapitvany\/#breadcrumb"},"inLanguage":"en-US","potentialAction":[{"@type":"ReadAction","target":["https:\/\/seed.hu\/hirek\/majus-vegen-szombathelyen-toboroz-a-seed-alapitvany\/"]}]},{"@type":"ImageObject","inLanguage":"en-US","@id":"https:\/\/seed.hu\/hirek\/majus-vegen-szombathelyen-toboroz-a-seed-alapitvany\/#primaryimage","url":"https:\/\/seed.hu\/wp-content\/uploads\/2021\/04\/Orsza\u0301gos-Va\u0301llalkozo\u0301i-Mentorprogram.png","contentUrl":"https:\/\/seed.hu\/wp-content\/uploads\/2021\/04\/Orsza\u0301gos-Va\u0301llalkozo\u0301i-Mentorprogram.png","width":773,"height":774},{"@type":"BreadcrumbList","@id":"https:\/\/seed.hu\/hirek\/majus-vegen-szombathelyen-toboroz-a-seed-alapitvany\/#breadcrumb","itemListElement":[{"@type":"ListItem","position":1,"name":"H\u00edrek","item":"https:\/\/seed.hu\/hirek\/"},{"@type":"ListItem","position":2,"name":"M\u00e1jus v\u00e9g\u00e9n Szombathelyen toboroz a SEED Alap\u00edtv\u00e1ny"}]},{"@type":"WebSite","@id":"https:\/\/seed.hu\/#website","url":"https:\/\/seed.hu\/","name":"Seed","description":"","potentialAction":[{"@type":"SearchAction","target":{"@type":"EntryPoint","urlTemplate":"https:\/\/seed.hu\/?s={search_term_string}"},"query-input":{"@type":"PropertyValueSpecification","valueRequired":true,"valueName":"search_term_string"}}],"inLanguage":"en-US"}]}},"_links":{"self":[{"href":"https:\/\/seed.hu\/en\/wp-json\/wp\/v2\/hirek\/877","targetHints":{"allow":["GET"]}}],"collection":[{"href":"https:\/\/seed.hu\/en\/wp-json\/wp\/v2\/hirek"}],"about":[{"href":"https:\/\/seed.hu\/en\/wp-json\/wp\/v2\/types\/hirek"}],"wp:featuredmedia":[{"embeddable":true,"href":"https:\/\/seed.hu\/en\/wp-json\/wp\/v2\/media\/338"}],"wp:attachment":[{"href":"https:\/\/seed.hu\/en\/wp-json\/wp\/v2\/media?parent=877"}],"curies":[{"name":"wp","href":"https:\/\/api.w.org\/{rel}","templated":true}]}}

Május végén Szombathelyen toboroz a SEED Alapítvány

<p><a href="https://seed.hu/hirek/mentorok-es-mentoraltak-jelentkezeset-varja-a-seed-alapitvany/ovm/" rel="attachment wp-att-844"><img loading="lazy" decoding="async" class="alignnone wp-image-844 size-full" src="https://seed.hu/wp-content/uploads/2022/01/OVM.png" alt="" width="601" height="163" srcset="https://seed.hu/wp-content/uploads/2022/01/OVM.png 601w, https://seed.hu/wp-content/uploads/2022/01/OVM-300x81.png 300w" sizes="auto, (max-width: 601px) 100vw, 601px" /></a></p>
<p>Május 27-én, hétfőn, a vasi megyeszékhelyen, Szombathelyen, a Vas Megyei Kereskedelmi és Iparkamara székházában folytatja a Személyes Vállalkozói Mentorprogram bemutatását a SEED Kisvállalkozás-fejlesztési Alapítvány.</p>
<p>A 14 órakor kezdődő rendezvényen az érdeklődők megismerkedhetnek a GINOP-1.1.2-VEKOP-17-2017-00001 „A KKV szektor hatékonyságának növelése pénzügyi ismeretek fejlesztése, vállalkozói mentorálás biztosítása révén&#8221; című kiemelt projekt alprojektjével, amelyet Lakatosné Lukács Zsuzsanna, a SEED Alapítvány ügyvezető igazgatója mutat be. Az esemény utolsó programpontjaként egy kerekasztal-beszélgetés keretében, a mentorálás gyakorlati rejtelmeibe avatják be a jelen lévő vállalkozókat a beszélgetés résztvevői.</p>
<p>&nbsp;</p>
<p>A rendezvényre regisztrálni a következő linken lehet:</p>
<p><a href="https://seed.hu/kerdoiv/orszagos-vallalkozoi-mentorprogram-toborzo-rendezveny-szombathely-2019-05-27">&lt;&lt; JELENTKEZEM &gt;&gt;</a></p>

<!-- This site is optimized with the Yoast SEO plugin v27.4 - https://yoast.com/product/yoast-seo-wordpress/ -->
<title>Május végén Szombathelyen toboroz a SEED Alapítvány - Seed</title>
<meta name="robots" content="index, follow, max-snippet:-1, max-image-preview:large, max-video-preview:-1" />
<link rel="canonical" href="https://seed.hu/hirek/majus-vegen-szombathelyen-toboroz-a-seed-alapitvany/" />
<meta property="og:locale" content="en_US" />
<meta property="og:type" content="article" />
<meta property="og:title" content="Május végén Szombathelyen toboroz a SEED Alapítvány - Seed" />
<meta property="og:description" content="Május 27-én, hétfőn, a vasi megyeszékhelyen, Szombathelyen, a Vas Megyei Kereskedelmi és Iparkamara székházában folytatja a Személyes Vállalkozói Mentorprogram bemutatását a SEED Kisvállalkozás-fejlesztési Alapítvány. A 14 órakor kezdődő rendezvényen az érdeklődők megismerkedhetnek a GINOP-1.1.2-VEKOP-17-2017-00001 „A KKV szektor hatékonyságának növelése pénzügyi ismeretek fejlesztése, vállalkozói mentorálás biztosítása révén&#8221; című kiemelt projekt alprojektjével, amelyet Lakatosné Lukács Zsuzsanna, a SEED [&hellip;]" />
<meta property="og:url" content="https://seed.hu/hirek/majus-vegen-szombathelyen-toboroz-a-seed-alapitvany/" />
<meta property="og:site_name" content="Seed" />
<meta property="article:modified_time" content="2022-01-17T19:56:34+00:00" />
<meta property="og:image" content="https://seed.hu/wp-content/uploads/2021/04/Országos-Vállalkozói-Mentorprogram.png" />
	<meta property="og:image:width" content="773" />
	<meta property="og:image:height" content="774" />
	<meta property="og:image:type" content="image/png" />
<meta name="twitter:card" content="summary_large_image" />
<meta name="twitter:label1" content="Est. reading time" />
	<meta name="twitter:data1" content="1 minute" />
<script type="application/ld+json" class="yoast-schema-graph">{"@context":"https:\/\/schema.org","@graph":[{"@type":"WebPage","@id":"https:\/\/seed.hu\/hirek\/majus-vegen-szombathelyen-toboroz-a-seed-alapitvany\/","url":"https:\/\/seed.hu\/hirek\/majus-vegen-szombathelyen-toboroz-a-seed-alapitvany\/","name":"Május végén Szombathelyen toboroz a SEED Alapítvány - Seed","isPartOf":{"@id":"https:\/\/seed.hu\/#website"},"primaryImageOfPage":{"@id":"https:\/\/seed.hu\/hirek\/majus-vegen-szombathelyen-toboroz-a-seed-alapitvany\/#primaryimage"},"image":{"@id":"https:\/\/seed.hu\/hirek\/majus-vegen-szombathelyen-toboroz-a-seed-alapitvany\/#primaryimage"},"thumbnailUrl":"https:\/\/seed.hu\/wp-content\/uploads\/2021\/04\/Országos-Vállalkozói-Mentorprogram.png","datePublished":"2019-05-20T23:11:50+00:00","dateModified":"2022-01-17T19:56:34+00:00","breadcrumb":{"@id":"https:\/\/seed.hu\/hirek\/majus-vegen-szombathelyen-toboroz-a-seed-alapitvany\/#breadcrumb"},"inLanguage":"en-US","potentialAction":[{"@type":"ReadAction","target":["https:\/\/seed.hu\/hirek\/majus-vegen-szombathelyen-toboroz-a-seed-alapitvany\/"]}]},{"@type":"ImageObject","inLanguage":"en-US","@id":"https:\/\/seed.hu\/hirek\/majus-vegen-szombathelyen-toboroz-a-seed-alapitvany\/#primaryimage","url":"https:\/\/seed.hu\/wp-content\/uploads\/2021\/04\/Országos-Vállalkozói-Mentorprogram.png","contentUrl":"https:\/\/seed.hu\/wp-content\/uploads\/2021\/04\/Országos-Vállalkozói-Mentorprogram.png","width":773,"height":774},{"@type":"BreadcrumbList","@id":"https:\/\/seed.hu\/hirek\/majus-vegen-szombathelyen-toboroz-a-seed-alapitvany\/#breadcrumb","itemListElement":[{"@type":"ListItem","position":1,"name":"Hírek","item":"https:\/\/seed.hu\/hirek\/"},{"@type":"ListItem","position":2,"name":"Május végén Szombathelyen toboroz a SEED Alapítvány"}]},{"@type":"WebSite","@id":"https:\/\/seed.hu\/#website","url":"https:\/\/seed.hu\/","name":"Seed","description":"","potentialAction":[{"@type":"SearchAction","target":{"@type":"EntryPoint","urlTemplate":"https:\/\/seed.hu\/?s={search_term_string}"},"query-input":{"@type":"PropertyValueSpecification","valueRequired":true,"valueName":"search_term_string"}}],"inLanguage":"en-US"}]}</script>
<!-- / Yoast SEO plugin. -->

Május végén Szombathelyen toboroz a SEED Alapítvány - Seed

Május 27-én, hétfőn, a vasi megyeszékhelyen, Szombathelyen, a Vas Megyei Kereskedelmi és Iparkamara székházában folytatja a Személyes Vállalkozói Mentorprogram bemutatását a SEED Kisvállalkozás-fejlesztési Alapítvány. A 14 órakor kezdődő rendezvényen az érdeklődők megismerkedhetnek a GINOP-1.1.2-VEKOP-17-2017-00001 „A KKV szektor hatékonyságának növelése pénzügyi ismeretek fejlesztése, vállalkozói mentorálás biztosítása révén&#8221; című kiemelt projekt alprojektjével, amelyet Lakatosné Lukács Zsuzsanna, a SEED [&hellip;]

Hírek
