{"id":878,"date":"2019-05-23T11:46:49","date_gmt":"2019-05-23T09:46:49","guid":{"rendered":"https:\/\/seed.hu\/?post_type=hirek&#038;p=878"},"modified":"2022-01-17T20:57:44","modified_gmt":"2022-01-17T19:57:44","slug":"palyazat-%e2%88%92-az-ev-szechenyi-vallalkozasa-2019-dij","status":"publish","type":"hirek","link":"https:\/\/seed.hu\/en\/hirek\/palyazat-%e2%88%92-az-ev-szechenyi-vallalkozasa-2019-dij\/","title":{"rendered":"P\u00e1ly\u00e1zat \u2212 az \u00c9v Sz\u00e9chenyi V\u00e1llalkoz\u00e1sa 2019 D\u00edj"},"content":{"rendered":"<p>A fenti c\u00edmmel hirdet p\u00e1ly\u00e1zatot a Gr\u00f3f Sz\u00e9chenyi Csal\u00e1d Alap\u00edtv\u00e1ny kezdem\u00e9nyez\u00e9s\u00e9re a P\u00e9nz\u00fcgyminiszt\u00e9rium. A felh\u00edv\u00e1s keret\u00e9ben t\u00f6bb kateg\u00f3ri\u00e1ban is lehet beny\u00fajtani p\u00e1ly\u00e1zatot.<\/p>\n<p>Az <em>\u00c9v Felel\u0151s Sz\u00e9chenyi \u00dczleti V\u00e1llalkoz\u00e1s 2019 D\u00edj<\/em>ra olyan \u00fczleti v\u00e1llalkoz\u00e1sok p\u00e1ly\u00e1zhatnak, akik kimutathat\u00f3a m\u00f3don, tudatosan tesznek a felel\u0151s \u00fczleti magatart\u00e1s megval\u00f3sul\u00e1s\u00e1\u00e9rt, azaz a v\u00e1llalat k\u00fcls\u0151 \u00e9s bels\u0151 k\u00f6rnyezet\u00e9\u00e9rt, t\u00e1rsadalmi, gazdas\u00e1gi \u00e9s kiemelten k\u00f6rnyezetv\u00e9delmi szempontb\u00f3l.<\/p>\n<p>Az <em>\u00c9v Sz\u00e9chenyi V\u00e1llalkoz\u00e1sa 2019 Mobilit\u00e1si D\u00edj<\/em>ra olyan c\u00e9gekt\u0151l v\u00e1r p\u00e1ly\u00e1zatot a ki\u00edr\u00f3, amelyek \u2212 az utols\u00f3 lez\u00e1rt \u00fczleti \u00e9v\u00fckben, gazdas\u00e1gi tev\u00e9kenys\u00e9g\u00fck sor\u00e1n \u2212 egy munkav\u00e1llal\u00f3 eset\u00e9ben minimum 8 h\u00f3napon kereszt\u00fcl el\u0151seg\u00edtett\u00e9k a munkav\u00e1llal\u00f3i mobilit\u00e1s megval\u00f3sul\u00e1s\u00e1t mobilit\u00e1si t\u00e1mogat\u00e1sok biztos\u00edt\u00e1s\u00e1n kereszt\u00fcl.<\/p>\n<p>Az <em>\u00c9v Legsikeresebb Sz\u00e9chenyi V\u00e1llalkoz\u00e1sa \u2013\u00a0Legsikeresebb Fiatal V\u00e1llalkoz\u00f3 2019 D\u00edj<\/em>ra olyan fiatal v\u00e1llalkoz\u00f3k p\u00e1ly\u00e1zhatnak, akik a p\u00e1ly\u00e1zat beny\u00fajt\u00e1sakor m\u00e9g nem t\u00f6lt\u00f6tt\u00e9k be a 30. \u00e9let\u00e9v\u00fcket, a v\u00e1llalkoz\u00e1st saj\u00e1t maguk alap\u00edtott\u00e1k, \u00e9s abban jelenleg is t\u00f6bbs\u00e9gi tulajdonnal rendelkeznek. . A d\u00edj oda\u00edt\u00e9l\u00e9s\u00e9n\u00e9l a legfontosabb szempont, hogy a v\u00e1llalkoz\u00e1s olyan egyedi, innovat\u00edv \u00f6tletet val\u00f3s\u00edtson meg, amely mag\u00e1ban foglalja a j\u00f6v\u0151beli fejl\u0151d\u00e9s lehet\u0151s\u00e9g\u00e9t is. Felt\u00e9tel az is, hogy a v\u00e1llalkoz\u00e1s utols\u00f3 lez\u00e1rt \u00fczleti \u00e9ve ne legyen vesztes\u00e9ges.<\/p>\n<p>&nbsp;<\/p>\n<p>A felsoroltakon k\u00edv\u00fcl a k\u00f6vetkez\u0151 kateg\u00f3ri\u00e1kban osztanak m\u00e9g ki elismer\u00e9seket:<\/p>\n<p>Az \u00c9v Sz\u00e9chenyi V\u00e1llalkoz\u00e1sa 2019 Innov\u00e1ci\u00f3 D\u00edj<\/p>\n<p>Az \u00c9v Sz\u00e9chenyi V\u00e1llalkoz\u00e1sa 2019 Termel\u00e9kenys\u00e9gi D\u00edj<\/p>\n<p>Az \u00c9v Sz\u00e9chenyi V\u00e1llalkoz\u00e1sa 2019 T\u00e1rsadalmi Felel\u0151ss\u00e9gv\u00e1llal\u00e1s D\u00edj<\/p>\n<p>(A p\u00e1ly\u00e1z\u00f3k tev\u00e9kenys\u00e9g\u00e9t ezen a h\u00e1rom ter\u00fcleten k\u00fcl\u00f6n is \u00e9rt\u00e9kelik, \u00e9s az egyes ter\u00fcletek legjobbjait d\u00edjazz\u00e1k. Olyan c\u00e9gek jelentkez\u00e9s\u00e9t v\u00e1rj\u00e1k, amelyek szeretn\u00e9k m\u00e9ltatni c\u00e9gen bel\u00fcl a nagycsal\u00e1dos f\u00e9rfi\/n\u0151i vezet\u0151iket.)<\/p>\n<p>&nbsp;<\/p>\n<p>Az \u00c9v Sz\u00e9chenyi V\u00e1llalkoz\u00e1sa 2019 A Csal\u00e1d K\u00fcl\u00f6nd\u00edja<\/p>\n<p>(A Sz\u00e9chenyi csal\u00e1d tagjai \u00fagy d\u00f6nt\u00f6ttek, hogy ebben az \u00e9vben a k\u00fcl\u00f6nd\u00edjat annak a p\u00e1ly\u00e1z\u00f3nak \u00edt\u00e9lik, amelyik a magyar hagyom\u00e1nyokat kiemelked\u0151en \u0151rzi \u00e9s \u00e1polja.)<\/p>\n<p>&nbsp;<\/p>\n<p>A p\u00e1ly\u00e1zati felh\u00edv\u00e1s <strong><a href=\"https:\/\/seed.hu\/files\/attachments\/inline\/2019-palyazati-felhivas-pm-2.pdf\" target=\"_blank\" rel=\"noopener\">itt<\/a><\/strong> \u00e9rhet\u0151 el.<\/p>\n","protected":false},"featured_media":0,"menu_order":0,"template":"","meta":{"_acf_changed":false},"class_list":["post-878","hirek","type-hirek","status-publish","hentry"],"acf":[],"yoast_head":"<!-- This site is optimized with the Yoast SEO plugin v27.4 - https:\/\/yoast.com\/product\/yoast-seo-wordpress\/ -->\n<title>P\u00e1ly\u00e1zat \u2212 az \u00c9v Sz\u00e9chenyi V\u00e1llalkoz\u00e1sa 2019 D\u00edj - Seed<\/title>\n<meta name=\"robots\" content=\"index, follow, max-snippet:-1, max-image-preview:large, max-video-preview:-1\" \/>\n<link rel=\"canonical\" href=\"https:\/\/seed.hu\/hirek\/palyazat-\u2212-az-ev-szechenyi-vallalkozasa-2019-dij\/\" \/>\n<meta property=\"og:locale\" content=\"en_US\" \/>\n<meta property=\"og:type\" content=\"article\" \/>\n<meta property=\"og:title\" content=\"P\u00e1ly\u00e1zat \u2212 az \u00c9v Sz\u00e9chenyi V\u00e1llalkoz\u00e1sa 2019 D\u00edj - Seed\" \/>\n<meta property=\"og:description\" content=\"A fenti c\u00edmmel hirdet p\u00e1ly\u00e1zatot a Gr\u00f3f Sz\u00e9chenyi Csal\u00e1d Alap\u00edtv\u00e1ny kezdem\u00e9nyez\u00e9s\u00e9re a P\u00e9nz\u00fcgyminiszt\u00e9rium. A felh\u00edv\u00e1s keret\u00e9ben t\u00f6bb kateg\u00f3ri\u00e1ban is lehet beny\u00fajtani p\u00e1ly\u00e1zatot. Az \u00c9v Felel\u0151s Sz\u00e9chenyi \u00dczleti V\u00e1llalkoz\u00e1s 2019 D\u00edjra olyan \u00fczleti v\u00e1llalkoz\u00e1sok p\u00e1ly\u00e1zhatnak, akik kimutathat\u00f3a m\u00f3don, tudatosan tesznek a felel\u0151s \u00fczleti magatart\u00e1s megval\u00f3sul\u00e1s\u00e1\u00e9rt, azaz a v\u00e1llalat k\u00fcls\u0151 \u00e9s bels\u0151 k\u00f6rnyezet\u00e9\u00e9rt, t\u00e1rsadalmi, gazdas\u00e1gi \u00e9s kiemelten [&hellip;]\" \/>\n<meta property=\"og:url\" content=\"https:\/\/seed.hu\/hirek\/palyazat-\u2212-az-ev-szechenyi-vallalkozasa-2019-dij\/\" \/>\n<meta property=\"og:site_name\" content=\"Seed\" \/>\n<meta property=\"article:modified_time\" content=\"2022-01-17T19:57:44+00:00\" \/>\n<meta name=\"twitter:card\" content=\"summary_large_image\" \/>\n<meta name=\"twitter:label1\" content=\"Est. reading time\" \/>\n\t<meta name=\"twitter:data1\" content=\"2 minutes\" \/>\n<script type=\"application\/ld+json\" class=\"yoast-schema-graph\">{\"@context\":\"https:\\\/\\\/schema.org\",\"@graph\":[{\"@type\":\"WebPage\",\"@id\":\"https:\\\/\\\/seed.hu\\\/hirek\\\/palyazat-%e2%88%92-az-ev-szechenyi-vallalkozasa-2019-dij\\\/\",\"url\":\"https:\\\/\\\/seed.hu\\\/hirek\\\/palyazat-%e2%88%92-az-ev-szechenyi-vallalkozasa-2019-dij\\\/\",\"name\":\"P\u00e1ly\u00e1zat \u2212 az \u00c9v Sz\u00e9chenyi V\u00e1llalkoz\u00e1sa 2019 D\u00edj - Seed\",\"isPartOf\":{\"@id\":\"https:\\\/\\\/seed.hu\\\/#website\"},\"datePublished\":\"2019-05-23T09:46:49+00:00\",\"dateModified\":\"2022-01-17T19:57:44+00:00\",\"breadcrumb\":{\"@id\":\"https:\\\/\\\/seed.hu\\\/hirek\\\/palyazat-%e2%88%92-az-ev-szechenyi-vallalkozasa-2019-dij\\\/#breadcrumb\"},\"inLanguage\":\"en-US\",\"potentialAction\":[{\"@type\":\"ReadAction\",\"target\":[\"https:\\\/\\\/seed.hu\\\/hirek\\\/palyazat-%e2%88%92-az-ev-szechenyi-vallalkozasa-2019-dij\\\/\"]}]},{\"@type\":\"BreadcrumbList\",\"@id\":\"https:\\\/\\\/seed.hu\\\/hirek\\\/palyazat-%e2%88%92-az-ev-szechenyi-vallalkozasa-2019-dij\\\/#breadcrumb\",\"itemListElement\":[{\"@type\":\"ListItem\",\"position\":1,\"name\":\"H\u00edrek\",\"item\":\"https:\\\/\\\/seed.hu\\\/hirek\\\/\"},{\"@type\":\"ListItem\",\"position\":2,\"name\":\"P\u00e1ly\u00e1zat \u2212 az \u00c9v Sz\u00e9chenyi V\u00e1llalkoz\u00e1sa 2019 D\u00edj\"}]},{\"@type\":\"WebSite\",\"@id\":\"https:\\\/\\\/seed.hu\\\/#website\",\"url\":\"https:\\\/\\\/seed.hu\\\/\",\"name\":\"Seed\",\"description\":\"\",\"potentialAction\":[{\"@type\":\"SearchAction\",\"target\":{\"@type\":\"EntryPoint\",\"urlTemplate\":\"https:\\\/\\\/seed.hu\\\/?s={search_term_string}\"},\"query-input\":{\"@type\":\"PropertyValueSpecification\",\"valueRequired\":true,\"valueName\":\"search_term_string\"}}],\"inLanguage\":\"en-US\"}]}<\/script>\n<!-- \/ Yoast SEO plugin. -->","yoast_head_json":{"title":"P\u00e1ly\u00e1zat \u2212 az \u00c9v Sz\u00e9chenyi V\u00e1llalkoz\u00e1sa 2019 D\u00edj - Seed","robots":{"index":"index","follow":"follow","max-snippet":"max-snippet:-1","max-image-preview":"max-image-preview:large","max-video-preview":"max-video-preview:-1"},"canonical":"https:\/\/seed.hu\/hirek\/palyazat-\u2212-az-ev-szechenyi-vallalkozasa-2019-dij\/","og_locale":"en_US","og_type":"article","og_title":"P\u00e1ly\u00e1zat \u2212 az \u00c9v Sz\u00e9chenyi V\u00e1llalkoz\u00e1sa 2019 D\u00edj - Seed","og_description":"A fenti c\u00edmmel hirdet p\u00e1ly\u00e1zatot a Gr\u00f3f Sz\u00e9chenyi Csal\u00e1d Alap\u00edtv\u00e1ny kezdem\u00e9nyez\u00e9s\u00e9re a P\u00e9nz\u00fcgyminiszt\u00e9rium. A felh\u00edv\u00e1s keret\u00e9ben t\u00f6bb kateg\u00f3ri\u00e1ban is lehet beny\u00fajtani p\u00e1ly\u00e1zatot. Az \u00c9v Felel\u0151s Sz\u00e9chenyi \u00dczleti V\u00e1llalkoz\u00e1s 2019 D\u00edjra olyan \u00fczleti v\u00e1llalkoz\u00e1sok p\u00e1ly\u00e1zhatnak, akik kimutathat\u00f3a m\u00f3don, tudatosan tesznek a felel\u0151s \u00fczleti magatart\u00e1s megval\u00f3sul\u00e1s\u00e1\u00e9rt, azaz a v\u00e1llalat k\u00fcls\u0151 \u00e9s bels\u0151 k\u00f6rnyezet\u00e9\u00e9rt, t\u00e1rsadalmi, gazdas\u00e1gi \u00e9s kiemelten [&hellip;]","og_url":"https:\/\/seed.hu\/hirek\/palyazat-\u2212-az-ev-szechenyi-vallalkozasa-2019-dij\/","og_site_name":"Seed","article_modified_time":"2022-01-17T19:57:44+00:00","twitter_card":"summary_large_image","twitter_misc":{"Est. reading time":"2 minutes"},"schema":{"@context":"https:\/\/schema.org","@graph":[{"@type":"WebPage","@id":"https:\/\/seed.hu\/hirek\/palyazat-%e2%88%92-az-ev-szechenyi-vallalkozasa-2019-dij\/","url":"https:\/\/seed.hu\/hirek\/palyazat-%e2%88%92-az-ev-szechenyi-vallalkozasa-2019-dij\/","name":"P\u00e1ly\u00e1zat \u2212 az \u00c9v Sz\u00e9chenyi V\u00e1llalkoz\u00e1sa 2019 D\u00edj - Seed","isPartOf":{"@id":"https:\/\/seed.hu\/#website"},"datePublished":"2019-05-23T09:46:49+00:00","dateModified":"2022-01-17T19:57:44+00:00","breadcrumb":{"@id":"https:\/\/seed.hu\/hirek\/palyazat-%e2%88%92-az-ev-szechenyi-vallalkozasa-2019-dij\/#breadcrumb"},"inLanguage":"en-US","potentialAction":[{"@type":"ReadAction","target":["https:\/\/seed.hu\/hirek\/palyazat-%e2%88%92-az-ev-szechenyi-vallalkozasa-2019-dij\/"]}]},{"@type":"BreadcrumbList","@id":"https:\/\/seed.hu\/hirek\/palyazat-%e2%88%92-az-ev-szechenyi-vallalkozasa-2019-dij\/#breadcrumb","itemListElement":[{"@type":"ListItem","position":1,"name":"H\u00edrek","item":"https:\/\/seed.hu\/hirek\/"},{"@type":"ListItem","position":2,"name":"P\u00e1ly\u00e1zat \u2212 az \u00c9v Sz\u00e9chenyi V\u00e1llalkoz\u00e1sa 2019 D\u00edj"}]},{"@type":"WebSite","@id":"https:\/\/seed.hu\/#website","url":"https:\/\/seed.hu\/","name":"Seed","description":"","potentialAction":[{"@type":"SearchAction","target":{"@type":"EntryPoint","urlTemplate":"https:\/\/seed.hu\/?s={search_term_string}"},"query-input":{"@type":"PropertyValueSpecification","valueRequired":true,"valueName":"search_term_string"}}],"inLanguage":"en-US"}]}},"_links":{"self":[{"href":"https:\/\/seed.hu\/en\/wp-json\/wp\/v2\/hirek\/878","targetHints":{"allow":["GET"]}}],"collection":[{"href":"https:\/\/seed.hu\/en\/wp-json\/wp\/v2\/hirek"}],"about":[{"href":"https:\/\/seed.hu\/en\/wp-json\/wp\/v2\/types\/hirek"}],"wp:attachment":[{"href":"https:\/\/seed.hu\/en\/wp-json\/wp\/v2\/media?parent=878"}],"curies":[{"name":"wp","href":"https:\/\/api.w.org\/{rel}","templated":true}]}}

Pályázat − az Év Széchenyi Vállalkozása 2019 Díj

<p>A fenti címmel hirdet pályázatot a Gróf Széchenyi Család Alapítvány kezdeményezésére a Pénzügyminisztérium. A felhívás keretében több kategóriában is lehet benyújtani pályázatot.</p>
<p>Az <em>Év Felelős Széchenyi Üzleti Vállalkozás 2019 Díj</em>ra olyan üzleti vállalkozások pályázhatnak, akik kimutathatóa módon, tudatosan tesznek a felelős üzleti magatartás megvalósulásáért, azaz a vállalat külső és belső környezetéért, társadalmi, gazdasági és kiemelten környezetvédelmi szempontból.</p>
<p>Az <em>Év Széchenyi Vállalkozása 2019 Mobilitási Díj</em>ra olyan cégektől vár pályázatot a kiíró, amelyek − az utolsó lezárt üzleti évükben, gazdasági tevékenységük során − egy munkavállaló esetében minimum 8 hónapon keresztül elősegítették a munkavállalói mobilitás megvalósulását mobilitási támogatások biztosításán keresztül.</p>
<p>Az <em>Év Legsikeresebb Széchenyi Vállalkozása – Legsikeresebb Fiatal Vállalkozó 2019 Díj</em>ra olyan fiatal vállalkozók pályázhatnak, akik a pályázat benyújtásakor még nem töltötték be a 30. életévüket, a vállalkozást saját maguk alapították, és abban jelenleg is többségi tulajdonnal rendelkeznek. . A díj odaítélésénél a legfontosabb szempont, hogy a vállalkozás olyan egyedi, innovatív ötletet valósítson meg, amely magában foglalja a jövőbeli fejlődés lehetőségét is. Feltétel az is, hogy a vállalkozás utolsó lezárt üzleti éve ne legyen veszteséges.</p>
<p>&nbsp;</p>
<p>A felsoroltakon kívül a következő kategóriákban osztanak még ki elismeréseket:</p>
<p>Az Év Széchenyi Vállalkozása 2019 Innováció Díj</p>
<p>Az Év Széchenyi Vállalkozása 2019 Termelékenységi Díj</p>
<p>Az Év Széchenyi Vállalkozása 2019 Társadalmi Felelősségvállalás Díj</p>
<p>(A pályázók tevékenységét ezen a három területen külön is értékelik, és az egyes területek legjobbjait díjazzák. Olyan cégek jelentkezését várják, amelyek szeretnék méltatni cégen belül a nagycsaládos férfi/női vezetőiket.)</p>
<p>&nbsp;</p>
<p>Az Év Széchenyi Vállalkozása 2019 A Család Különdíja</p>
<p>(A Széchenyi család tagjai úgy döntöttek, hogy ebben az évben a különdíjat annak a pályázónak ítélik, amelyik a magyar hagyományokat kiemelkedően őrzi és ápolja.)</p>
<p>&nbsp;</p>
<p>A pályázati felhívás <strong><a href="https://seed.hu/files/attachments/inline/2019-palyazati-felhivas-pm-2.pdf" target="_blank" rel="noopener">itt</a></strong> érhető el.</p>

<!-- This site is optimized with the Yoast SEO plugin v27.4 - https://yoast.com/product/yoast-seo-wordpress/ -->
<title>Pályázat − az Év Széchenyi Vállalkozása 2019 Díj - Seed</title>
<meta name="robots" content="index, follow, max-snippet:-1, max-image-preview:large, max-video-preview:-1" />
<link rel="canonical" href="https://seed.hu/hirek/palyazat-−-az-ev-szechenyi-vallalkozasa-2019-dij/" />
<meta property="og:locale" content="en_US" />
<meta property="og:type" content="article" />
<meta property="og:title" content="Pályázat − az Év Széchenyi Vállalkozása 2019 Díj - Seed" />
<meta property="og:description" content="A fenti címmel hirdet pályázatot a Gróf Széchenyi Család Alapítvány kezdeményezésére a Pénzügyminisztérium. A felhívás keretében több kategóriában is lehet benyújtani pályázatot. Az Év Felelős Széchenyi Üzleti Vállalkozás 2019 Díjra olyan üzleti vállalkozások pályázhatnak, akik kimutathatóa módon, tudatosan tesznek a felelős üzleti magatartás megvalósulásáért, azaz a vállalat külső és belső környezetéért, társadalmi, gazdasági és kiemelten [&hellip;]" />
<meta property="og:url" content="https://seed.hu/hirek/palyazat-−-az-ev-szechenyi-vallalkozasa-2019-dij/" />
<meta property="og:site_name" content="Seed" />
<meta property="article:modified_time" content="2022-01-17T19:57:44+00:00" />
<meta name="twitter:card" content="summary_large_image" />
<meta name="twitter:label1" content="Est. reading time" />
	<meta name="twitter:data1" content="2 minutes" />
<script type="application/ld+json" class="yoast-schema-graph">{"@context":"https:\/\/schema.org","@graph":[{"@type":"WebPage","@id":"https:\/\/seed.hu\/hirek\/palyazat-%e2%88%92-az-ev-szechenyi-vallalkozasa-2019-dij\/","url":"https:\/\/seed.hu\/hirek\/palyazat-%e2%88%92-az-ev-szechenyi-vallalkozasa-2019-dij\/","name":"Pályázat − az Év Széchenyi Vállalkozása 2019 Díj - Seed","isPartOf":{"@id":"https:\/\/seed.hu\/#website"},"datePublished":"2019-05-23T09:46:49+00:00","dateModified":"2022-01-17T19:57:44+00:00","breadcrumb":{"@id":"https:\/\/seed.hu\/hirek\/palyazat-%e2%88%92-az-ev-szechenyi-vallalkozasa-2019-dij\/#breadcrumb"},"inLanguage":"en-US","potentialAction":[{"@type":"ReadAction","target":["https:\/\/seed.hu\/hirek\/palyazat-%e2%88%92-az-ev-szechenyi-vallalkozasa-2019-dij\/"]}]},{"@type":"BreadcrumbList","@id":"https:\/\/seed.hu\/hirek\/palyazat-%e2%88%92-az-ev-szechenyi-vallalkozasa-2019-dij\/#breadcrumb","itemListElement":[{"@type":"ListItem","position":1,"name":"Hírek","item":"https:\/\/seed.hu\/hirek\/"},{"@type":"ListItem","position":2,"name":"Pályázat − az Év Széchenyi Vállalkozása 2019 Díj"}]},{"@type":"WebSite","@id":"https:\/\/seed.hu\/#website","url":"https:\/\/seed.hu\/","name":"Seed","description":"","potentialAction":[{"@type":"SearchAction","target":{"@type":"EntryPoint","urlTemplate":"https:\/\/seed.hu\/?s={search_term_string}"},"query-input":{"@type":"PropertyValueSpecification","valueRequired":true,"valueName":"search_term_string"}}],"inLanguage":"en-US"}]}</script>
<!-- / Yoast SEO plugin. -->

Pályázat − az Év Széchenyi Vállalkozása 2019 Díj - Seed

A fenti címmel hirdet pályázatot a Gróf Széchenyi Család Alapítvány kezdeményezésére a Pénzügyminisztérium. A felhívás keretében több kategóriában is lehet benyújtani pályázatot. Az Év Felelős Széchenyi Üzleti Vállalkozás 2019 Díjra olyan üzleti vállalkozások pályázhatnak, akik kimutathatóa módon, tudatosan tesznek a felelős üzleti magatartás megvalósulásáért, azaz a vállalat külső és belső környezetéért, társadalmi, gazdasági és kiemelten [&hellip;]

Hírek
