{"id":896,"date":"2019-08-05T13:43:05","date_gmt":"2019-08-05T11:43:05","guid":{"rendered":"https:\/\/seed.hu\/?post_type=hirek&#038;p=896"},"modified":"2022-01-19T19:17:26","modified_gmt":"2022-01-19T18:17:26","slug":"nyaron-is-zajlik-a-szemelyes-vallalkozoi-mentorprogram","status":"publish","type":"hirek","link":"https:\/\/seed.hu\/en\/hirek\/nyaron-is-zajlik-a-szemelyes-vallalkozoi-mentorprogram\/","title":{"rendered":"Ny\u00e1ron is zajlik a Szem\u00e9lyes V\u00e1llalkoz\u00f3i Mentorprogram"},"content":{"rendered":"<p><a href=\"https:\/\/seed.hu\/hirek\/mentorok-es-mentoraltak-jelentkezeset-varja-a-seed-alapitvany\/ovm\/\" rel=\"attachment wp-att-844\"><img loading=\"lazy\" decoding=\"async\" class=\"alignnone wp-image-844 size-full\" src=\"https:\/\/seed.hu\/wp-content\/uploads\/2022\/01\/OVM.png\" alt=\"\" width=\"601\" height=\"163\" srcset=\"https:\/\/seed.hu\/wp-content\/uploads\/2022\/01\/OVM.png 601w, https:\/\/seed.hu\/wp-content\/uploads\/2022\/01\/OVM-300x81.png 300w\" sizes=\"auto, (max-width: 601px) 100vw, 601px\" \/><\/a><\/p>\n<p>T\u00f6bb alkalommal \u00edrtunk m\u00e1r a Szem\u00e9lyes V\u00e1llalkoz\u00f3i Mentorprogram aktu\u00e1lis fejlem\u00e9nyeir\u0151l. Sorra besz\u00e1moltunk az orsz\u00e1gszerte megrendezett toborz\u00f3rendezv\u00e9nyekr\u0151l, majd a jelentkez\u0151 mentor\u00e1ltak \u00e9s mentorok szem\u00e9lyes bemutatkoz\u00f3 alkalmair\u00f3l is olvashattak a\u00a0 SEED Alap\u00edtv\u00e1ny honlapj\u00e1n.<br \/>\nSzok\u00e1sunkat megtartva ez\u00faton ism\u00e9t szeretn\u00e9nk r\u00f6vid t\u00e1j\u00e9koztat\u00e1st adni az aktualit\u00e1sokr\u00f3l \u00e9s a v\u00e1rhat\u00f3 esem\u00e9nyekr\u0151l.<\/p>\n<p>A programba eddig mintegy 100 mentor\u00e1lt \u00e9s 50 mentor jelentkezett. A jelentkez\u00e9s, mint ismeretes, a <a href=\"http:\/\/www.vallalkozztudatosan.hu\" target=\"_blank\" rel=\"noopener\">www.vallalkozztudatosan.hu<\/a> oldalon t\u00f6rt\u00e9nik. A regisztr\u00e1ci\u00f3t k\u00f6vet\u0151en egy bemutatkoz\u00f3 fel\u00fclet kit\u00f6lt\u00e9s\u00e9re kapnak felk\u00e9r\u00e9st a programba jelentkez\u0151 mentor\u00e1ltak \u00e9s mentorok, majd szem\u00e9lyes interj\u00fa k\u00f6vetkezik a jelentkez\u0151kkel.<\/p>\n<p>Az interj\u00fak a ny\u00e1r folyam\u00e1n folyamatosan zajlanak, de m\u00e9g \u0151sszel is lesz lehet\u0151s\u00e9g a szem\u00e9lyes bemutatkoz\u00e1sra. Ezzel p\u00e1rhuzamosan elindult a mentorok felk\u00e9sz\u00edt\u00e9se a mentori szerepre, csoportonk\u00e9nt egy k\u00e9tnapos tr\u00e9ning keret\u00e9ben.<br \/>\nA sz\u00e1mos el\u0151k\u00e9sz\u00fclet \u00e9s az intenz\u00edv felk\u00e9sz\u00fcl\u00e9s egy \u0151szre tervezett jelent\u0151s esem\u00e9ny \u00e9rdek\u00e9ben t\u00f6rt\u00e9nik: ekkor alakulnak ki ugyanis az els\u0151 mentor-mentor\u00e1lt p\u00e1rosok, ami a mentor\u00e1l\u00e1si folyamat elindul\u00e1s\u00e1nak alapvet\u0151 felt\u00e9tele.<\/p>\n","protected":false},"featured_media":338,"menu_order":0,"template":"","meta":{"_acf_changed":false},"class_list":["post-896","hirek","type-hirek","status-publish","has-post-thumbnail","hentry"],"acf":[],"yoast_head":"<!-- This site is optimized with the Yoast SEO plugin v27.4 - https:\/\/yoast.com\/product\/yoast-seo-wordpress\/ -->\n<title>Ny\u00e1ron is zajlik a Szem\u00e9lyes V\u00e1llalkoz\u00f3i Mentorprogram - Seed<\/title>\n<meta name=\"robots\" content=\"index, follow, max-snippet:-1, max-image-preview:large, max-video-preview:-1\" \/>\n<link rel=\"canonical\" href=\"https:\/\/seed.hu\/hirek\/nyaron-is-zajlik-a-szemelyes-vallalkozoi-mentorprogram\/\" \/>\n<meta property=\"og:locale\" content=\"en_US\" \/>\n<meta property=\"og:type\" content=\"article\" \/>\n<meta property=\"og:title\" content=\"Ny\u00e1ron is zajlik a Szem\u00e9lyes V\u00e1llalkoz\u00f3i Mentorprogram - Seed\" \/>\n<meta property=\"og:description\" content=\"T\u00f6bb alkalommal \u00edrtunk m\u00e1r a Szem\u00e9lyes V\u00e1llalkoz\u00f3i Mentorprogram aktu\u00e1lis fejlem\u00e9nyeir\u0151l. Sorra besz\u00e1moltunk az orsz\u00e1gszerte megrendezett toborz\u00f3rendezv\u00e9nyekr\u0151l, majd a jelentkez\u0151 mentor\u00e1ltak \u00e9s mentorok szem\u00e9lyes bemutatkoz\u00f3 alkalmair\u00f3l is olvashattak a\u00a0 SEED Alap\u00edtv\u00e1ny honlapj\u00e1n. Szok\u00e1sunkat megtartva ez\u00faton ism\u00e9t szeretn\u00e9nk r\u00f6vid t\u00e1j\u00e9koztat\u00e1st adni az aktualit\u00e1sokr\u00f3l \u00e9s a v\u00e1rhat\u00f3 esem\u00e9nyekr\u0151l. A programba eddig mintegy 100 mentor\u00e1lt \u00e9s 50 mentor jelentkezett. [&hellip;]\" \/>\n<meta property=\"og:url\" content=\"https:\/\/seed.hu\/hirek\/nyaron-is-zajlik-a-szemelyes-vallalkozoi-mentorprogram\/\" \/>\n<meta property=\"og:site_name\" content=\"Seed\" \/>\n<meta property=\"article:modified_time\" content=\"2022-01-19T18:17:26+00:00\" \/>\n<meta property=\"og:image\" content=\"https:\/\/seed.hu\/wp-content\/uploads\/2021\/04\/Orsza\u0301gos-Va\u0301llalkozo\u0301i-Mentorprogram.png\" \/>\n\t<meta property=\"og:image:width\" content=\"773\" \/>\n\t<meta property=\"og:image:height\" content=\"774\" \/>\n\t<meta property=\"og:image:type\" content=\"image\/png\" \/>\n<meta name=\"twitter:card\" content=\"summary_large_image\" \/>\n<meta name=\"twitter:label1\" content=\"Est. reading time\" \/>\n\t<meta name=\"twitter:data1\" content=\"1 minute\" \/>\n<script type=\"application\/ld+json\" class=\"yoast-schema-graph\">{\"@context\":\"https:\\\/\\\/schema.org\",\"@graph\":[{\"@type\":\"WebPage\",\"@id\":\"https:\\\/\\\/seed.hu\\\/hirek\\\/nyaron-is-zajlik-a-szemelyes-vallalkozoi-mentorprogram\\\/\",\"url\":\"https:\\\/\\\/seed.hu\\\/hirek\\\/nyaron-is-zajlik-a-szemelyes-vallalkozoi-mentorprogram\\\/\",\"name\":\"Ny\u00e1ron is zajlik a Szem\u00e9lyes V\u00e1llalkoz\u00f3i Mentorprogram - Seed\",\"isPartOf\":{\"@id\":\"https:\\\/\\\/seed.hu\\\/#website\"},\"primaryImageOfPage\":{\"@id\":\"https:\\\/\\\/seed.hu\\\/hirek\\\/nyaron-is-zajlik-a-szemelyes-vallalkozoi-mentorprogram\\\/#primaryimage\"},\"image\":{\"@id\":\"https:\\\/\\\/seed.hu\\\/hirek\\\/nyaron-is-zajlik-a-szemelyes-vallalkozoi-mentorprogram\\\/#primaryimage\"},\"thumbnailUrl\":\"https:\\\/\\\/seed.hu\\\/wp-content\\\/uploads\\\/2021\\\/04\\\/Orsza\u0301gos-Va\u0301llalkozo\u0301i-Mentorprogram.png\",\"datePublished\":\"2019-08-05T11:43:05+00:00\",\"dateModified\":\"2022-01-19T18:17:26+00:00\",\"breadcrumb\":{\"@id\":\"https:\\\/\\\/seed.hu\\\/hirek\\\/nyaron-is-zajlik-a-szemelyes-vallalkozoi-mentorprogram\\\/#breadcrumb\"},\"inLanguage\":\"en-US\",\"potentialAction\":[{\"@type\":\"ReadAction\",\"target\":[\"https:\\\/\\\/seed.hu\\\/hirek\\\/nyaron-is-zajlik-a-szemelyes-vallalkozoi-mentorprogram\\\/\"]}]},{\"@type\":\"ImageObject\",\"inLanguage\":\"en-US\",\"@id\":\"https:\\\/\\\/seed.hu\\\/hirek\\\/nyaron-is-zajlik-a-szemelyes-vallalkozoi-mentorprogram\\\/#primaryimage\",\"url\":\"https:\\\/\\\/seed.hu\\\/wp-content\\\/uploads\\\/2021\\\/04\\\/Orsza\u0301gos-Va\u0301llalkozo\u0301i-Mentorprogram.png\",\"contentUrl\":\"https:\\\/\\\/seed.hu\\\/wp-content\\\/uploads\\\/2021\\\/04\\\/Orsza\u0301gos-Va\u0301llalkozo\u0301i-Mentorprogram.png\",\"width\":773,\"height\":774},{\"@type\":\"BreadcrumbList\",\"@id\":\"https:\\\/\\\/seed.hu\\\/hirek\\\/nyaron-is-zajlik-a-szemelyes-vallalkozoi-mentorprogram\\\/#breadcrumb\",\"itemListElement\":[{\"@type\":\"ListItem\",\"position\":1,\"name\":\"H\u00edrek\",\"item\":\"https:\\\/\\\/seed.hu\\\/hirek\\\/\"},{\"@type\":\"ListItem\",\"position\":2,\"name\":\"Ny\u00e1ron is zajlik a Szem\u00e9lyes V\u00e1llalkoz\u00f3i Mentorprogram\"}]},{\"@type\":\"WebSite\",\"@id\":\"https:\\\/\\\/seed.hu\\\/#website\",\"url\":\"https:\\\/\\\/seed.hu\\\/\",\"name\":\"Seed\",\"description\":\"\",\"potentialAction\":[{\"@type\":\"SearchAction\",\"target\":{\"@type\":\"EntryPoint\",\"urlTemplate\":\"https:\\\/\\\/seed.hu\\\/?s={search_term_string}\"},\"query-input\":{\"@type\":\"PropertyValueSpecification\",\"valueRequired\":true,\"valueName\":\"search_term_string\"}}],\"inLanguage\":\"en-US\"}]}<\/script>\n<!-- \/ Yoast SEO plugin. -->","yoast_head_json":{"title":"Ny\u00e1ron is zajlik a Szem\u00e9lyes V\u00e1llalkoz\u00f3i Mentorprogram - Seed","robots":{"index":"index","follow":"follow","max-snippet":"max-snippet:-1","max-image-preview":"max-image-preview:large","max-video-preview":"max-video-preview:-1"},"canonical":"https:\/\/seed.hu\/hirek\/nyaron-is-zajlik-a-szemelyes-vallalkozoi-mentorprogram\/","og_locale":"en_US","og_type":"article","og_title":"Ny\u00e1ron is zajlik a Szem\u00e9lyes V\u00e1llalkoz\u00f3i Mentorprogram - Seed","og_description":"T\u00f6bb alkalommal \u00edrtunk m\u00e1r a Szem\u00e9lyes V\u00e1llalkoz\u00f3i Mentorprogram aktu\u00e1lis fejlem\u00e9nyeir\u0151l. Sorra besz\u00e1moltunk az orsz\u00e1gszerte megrendezett toborz\u00f3rendezv\u00e9nyekr\u0151l, majd a jelentkez\u0151 mentor\u00e1ltak \u00e9s mentorok szem\u00e9lyes bemutatkoz\u00f3 alkalmair\u00f3l is olvashattak a\u00a0 SEED Alap\u00edtv\u00e1ny honlapj\u00e1n. Szok\u00e1sunkat megtartva ez\u00faton ism\u00e9t szeretn\u00e9nk r\u00f6vid t\u00e1j\u00e9koztat\u00e1st adni az aktualit\u00e1sokr\u00f3l \u00e9s a v\u00e1rhat\u00f3 esem\u00e9nyekr\u0151l. A programba eddig mintegy 100 mentor\u00e1lt \u00e9s 50 mentor jelentkezett. [&hellip;]","og_url":"https:\/\/seed.hu\/hirek\/nyaron-is-zajlik-a-szemelyes-vallalkozoi-mentorprogram\/","og_site_name":"Seed","article_modified_time":"2022-01-19T18:17:26+00:00","og_image":[{"width":773,"height":774,"url":"https:\/\/seed.hu\/wp-content\/uploads\/2021\/04\/Orsza\u0301gos-Va\u0301llalkozo\u0301i-Mentorprogram.png","type":"image\/png"}],"twitter_card":"summary_large_image","twitter_misc":{"Est. reading time":"1 minute"},"schema":{"@context":"https:\/\/schema.org","@graph":[{"@type":"WebPage","@id":"https:\/\/seed.hu\/hirek\/nyaron-is-zajlik-a-szemelyes-vallalkozoi-mentorprogram\/","url":"https:\/\/seed.hu\/hirek\/nyaron-is-zajlik-a-szemelyes-vallalkozoi-mentorprogram\/","name":"Ny\u00e1ron is zajlik a Szem\u00e9lyes V\u00e1llalkoz\u00f3i Mentorprogram - Seed","isPartOf":{"@id":"https:\/\/seed.hu\/#website"},"primaryImageOfPage":{"@id":"https:\/\/seed.hu\/hirek\/nyaron-is-zajlik-a-szemelyes-vallalkozoi-mentorprogram\/#primaryimage"},"image":{"@id":"https:\/\/seed.hu\/hirek\/nyaron-is-zajlik-a-szemelyes-vallalkozoi-mentorprogram\/#primaryimage"},"thumbnailUrl":"https:\/\/seed.hu\/wp-content\/uploads\/2021\/04\/Orsza\u0301gos-Va\u0301llalkozo\u0301i-Mentorprogram.png","datePublished":"2019-08-05T11:43:05+00:00","dateModified":"2022-01-19T18:17:26+00:00","breadcrumb":{"@id":"https:\/\/seed.hu\/hirek\/nyaron-is-zajlik-a-szemelyes-vallalkozoi-mentorprogram\/#breadcrumb"},"inLanguage":"en-US","potentialAction":[{"@type":"ReadAction","target":["https:\/\/seed.hu\/hirek\/nyaron-is-zajlik-a-szemelyes-vallalkozoi-mentorprogram\/"]}]},{"@type":"ImageObject","inLanguage":"en-US","@id":"https:\/\/seed.hu\/hirek\/nyaron-is-zajlik-a-szemelyes-vallalkozoi-mentorprogram\/#primaryimage","url":"https:\/\/seed.hu\/wp-content\/uploads\/2021\/04\/Orsza\u0301gos-Va\u0301llalkozo\u0301i-Mentorprogram.png","contentUrl":"https:\/\/seed.hu\/wp-content\/uploads\/2021\/04\/Orsza\u0301gos-Va\u0301llalkozo\u0301i-Mentorprogram.png","width":773,"height":774},{"@type":"BreadcrumbList","@id":"https:\/\/seed.hu\/hirek\/nyaron-is-zajlik-a-szemelyes-vallalkozoi-mentorprogram\/#breadcrumb","itemListElement":[{"@type":"ListItem","position":1,"name":"H\u00edrek","item":"https:\/\/seed.hu\/hirek\/"},{"@type":"ListItem","position":2,"name":"Ny\u00e1ron is zajlik a Szem\u00e9lyes V\u00e1llalkoz\u00f3i Mentorprogram"}]},{"@type":"WebSite","@id":"https:\/\/seed.hu\/#website","url":"https:\/\/seed.hu\/","name":"Seed","description":"","potentialAction":[{"@type":"SearchAction","target":{"@type":"EntryPoint","urlTemplate":"https:\/\/seed.hu\/?s={search_term_string}"},"query-input":{"@type":"PropertyValueSpecification","valueRequired":true,"valueName":"search_term_string"}}],"inLanguage":"en-US"}]}},"_links":{"self":[{"href":"https:\/\/seed.hu\/en\/wp-json\/wp\/v2\/hirek\/896","targetHints":{"allow":["GET"]}}],"collection":[{"href":"https:\/\/seed.hu\/en\/wp-json\/wp\/v2\/hirek"}],"about":[{"href":"https:\/\/seed.hu\/en\/wp-json\/wp\/v2\/types\/hirek"}],"wp:featuredmedia":[{"embeddable":true,"href":"https:\/\/seed.hu\/en\/wp-json\/wp\/v2\/media\/338"}],"wp:attachment":[{"href":"https:\/\/seed.hu\/en\/wp-json\/wp\/v2\/media?parent=896"}],"curies":[{"name":"wp","href":"https:\/\/api.w.org\/{rel}","templated":true}]}}

Nyáron is zajlik a Személyes Vállalkozói Mentorprogram

<p><a href="https://seed.hu/hirek/mentorok-es-mentoraltak-jelentkezeset-varja-a-seed-alapitvany/ovm/" rel="attachment wp-att-844"><img loading="lazy" decoding="async" class="alignnone wp-image-844 size-full" src="https://seed.hu/wp-content/uploads/2022/01/OVM.png" alt="" width="601" height="163" srcset="https://seed.hu/wp-content/uploads/2022/01/OVM.png 601w, https://seed.hu/wp-content/uploads/2022/01/OVM-300x81.png 300w" sizes="auto, (max-width: 601px) 100vw, 601px" /></a></p>
<p>Több alkalommal írtunk már a Személyes Vállalkozói Mentorprogram aktuális fejleményeiről. Sorra beszámoltunk az országszerte megrendezett toborzórendezvényekről, majd a jelentkező mentoráltak és mentorok személyes bemutatkozó alkalmairól is olvashattak a  SEED Alapítvány honlapján.<br />
Szokásunkat megtartva ezúton ismét szeretnénk rövid tájékoztatást adni az aktualitásokról és a várható eseményekről.</p>
<p>A programba eddig mintegy 100 mentorált és 50 mentor jelentkezett. A jelentkezés, mint ismeretes, a <a href="http://www.vallalkozztudatosan.hu" target="_blank" rel="noopener">www.vallalkozztudatosan.hu</a> oldalon történik. A regisztrációt követően egy bemutatkozó felület kitöltésére kapnak felkérést a programba jelentkező mentoráltak és mentorok, majd személyes interjú következik a jelentkezőkkel.</p>
<p>Az interjúk a nyár folyamán folyamatosan zajlanak, de még ősszel is lesz lehetőség a személyes bemutatkozásra. Ezzel párhuzamosan elindult a mentorok felkészítése a mentori szerepre, csoportonként egy kétnapos tréning keretében.<br />
A számos előkészület és az intenzív felkészülés egy őszre tervezett jelentős esemény érdekében történik: ekkor alakulnak ki ugyanis az első mentor-mentorált párosok, ami a mentorálási folyamat elindulásának alapvető feltétele.</p>

<!-- This site is optimized with the Yoast SEO plugin v27.4 - https://yoast.com/product/yoast-seo-wordpress/ -->
<title>Nyáron is zajlik a Személyes Vállalkozói Mentorprogram - Seed</title>
<meta name="robots" content="index, follow, max-snippet:-1, max-image-preview:large, max-video-preview:-1" />
<link rel="canonical" href="https://seed.hu/hirek/nyaron-is-zajlik-a-szemelyes-vallalkozoi-mentorprogram/" />
<meta property="og:locale" content="en_US" />
<meta property="og:type" content="article" />
<meta property="og:title" content="Nyáron is zajlik a Személyes Vállalkozói Mentorprogram - Seed" />
<meta property="og:description" content="Több alkalommal írtunk már a Személyes Vállalkozói Mentorprogram aktuális fejleményeiről. Sorra beszámoltunk az országszerte megrendezett toborzórendezvényekről, majd a jelentkező mentoráltak és mentorok személyes bemutatkozó alkalmairól is olvashattak a  SEED Alapítvány honlapján. Szokásunkat megtartva ezúton ismét szeretnénk rövid tájékoztatást adni az aktualitásokról és a várható eseményekről. A programba eddig mintegy 100 mentorált és 50 mentor jelentkezett. [&hellip;]" />
<meta property="og:url" content="https://seed.hu/hirek/nyaron-is-zajlik-a-szemelyes-vallalkozoi-mentorprogram/" />
<meta property="og:site_name" content="Seed" />
<meta property="article:modified_time" content="2022-01-19T18:17:26+00:00" />
<meta property="og:image" content="https://seed.hu/wp-content/uploads/2021/04/Országos-Vállalkozói-Mentorprogram.png" />
	<meta property="og:image:width" content="773" />
	<meta property="og:image:height" content="774" />
	<meta property="og:image:type" content="image/png" />
<meta name="twitter:card" content="summary_large_image" />
<meta name="twitter:label1" content="Est. reading time" />
	<meta name="twitter:data1" content="1 minute" />
<script type="application/ld+json" class="yoast-schema-graph">{"@context":"https:\/\/schema.org","@graph":[{"@type":"WebPage","@id":"https:\/\/seed.hu\/hirek\/nyaron-is-zajlik-a-szemelyes-vallalkozoi-mentorprogram\/","url":"https:\/\/seed.hu\/hirek\/nyaron-is-zajlik-a-szemelyes-vallalkozoi-mentorprogram\/","name":"Nyáron is zajlik a Személyes Vállalkozói Mentorprogram - Seed","isPartOf":{"@id":"https:\/\/seed.hu\/#website"},"primaryImageOfPage":{"@id":"https:\/\/seed.hu\/hirek\/nyaron-is-zajlik-a-szemelyes-vallalkozoi-mentorprogram\/#primaryimage"},"image":{"@id":"https:\/\/seed.hu\/hirek\/nyaron-is-zajlik-a-szemelyes-vallalkozoi-mentorprogram\/#primaryimage"},"thumbnailUrl":"https:\/\/seed.hu\/wp-content\/uploads\/2021\/04\/Országos-Vállalkozói-Mentorprogram.png","datePublished":"2019-08-05T11:43:05+00:00","dateModified":"2022-01-19T18:17:26+00:00","breadcrumb":{"@id":"https:\/\/seed.hu\/hirek\/nyaron-is-zajlik-a-szemelyes-vallalkozoi-mentorprogram\/#breadcrumb"},"inLanguage":"en-US","potentialAction":[{"@type":"ReadAction","target":["https:\/\/seed.hu\/hirek\/nyaron-is-zajlik-a-szemelyes-vallalkozoi-mentorprogram\/"]}]},{"@type":"ImageObject","inLanguage":"en-US","@id":"https:\/\/seed.hu\/hirek\/nyaron-is-zajlik-a-szemelyes-vallalkozoi-mentorprogram\/#primaryimage","url":"https:\/\/seed.hu\/wp-content\/uploads\/2021\/04\/Országos-Vállalkozói-Mentorprogram.png","contentUrl":"https:\/\/seed.hu\/wp-content\/uploads\/2021\/04\/Országos-Vállalkozói-Mentorprogram.png","width":773,"height":774},{"@type":"BreadcrumbList","@id":"https:\/\/seed.hu\/hirek\/nyaron-is-zajlik-a-szemelyes-vallalkozoi-mentorprogram\/#breadcrumb","itemListElement":[{"@type":"ListItem","position":1,"name":"Hírek","item":"https:\/\/seed.hu\/hirek\/"},{"@type":"ListItem","position":2,"name":"Nyáron is zajlik a Személyes Vállalkozói Mentorprogram"}]},{"@type":"WebSite","@id":"https:\/\/seed.hu\/#website","url":"https:\/\/seed.hu\/","name":"Seed","description":"","potentialAction":[{"@type":"SearchAction","target":{"@type":"EntryPoint","urlTemplate":"https:\/\/seed.hu\/?s={search_term_string}"},"query-input":{"@type":"PropertyValueSpecification","valueRequired":true,"valueName":"search_term_string"}}],"inLanguage":"en-US"}]}</script>
<!-- / Yoast SEO plugin. -->

Nyáron is zajlik a Személyes Vállalkozói Mentorprogram - Seed

Több alkalommal írtunk már a Személyes Vállalkozói Mentorprogram aktuális fejleményeiről. Sorra beszámoltunk az országszerte megrendezett toborzórendezvényekről, majd a jelentkező mentoráltak és mentorok személyes bemutatkozó alkalmairól is olvashattak a  SEED Alapítvány honlapján. Szokásunkat megtartva ezúton ismét szeretnénk rövid tájékoztatást adni az aktualitásokról és a várható eseményekről. A programba eddig mintegy 100 mentorált és 50 mentor jelentkezett. [&hellip;]

Hírek
