{"id":903,"date":"2019-10-03T11:52:17","date_gmt":"2019-10-03T09:52:17","guid":{"rendered":"https:\/\/seed.hu\/?post_type=hirek&#038;p=903"},"modified":"2022-01-19T19:31:16","modified_gmt":"2022-01-19T18:31:16","slug":"uzleti-terv-keszitese-vizualis-uzleti-modellezessel-mar-nem-csak-holgyeknek","status":"publish","type":"hirek","link":"https:\/\/seed.hu\/en\/hirek\/uzleti-terv-keszitese-vizualis-uzleti-modellezessel-mar-nem-csak-holgyeknek\/","title":{"rendered":"\u00dczleti terv k\u00e9sz\u00edt\u00e9se vizu\u00e1lis \u00fczleti modellez\u00e9ssel \u2013 m\u00e1r nem csak h\u00f6lgyeknek!"},"content":{"rendered":"<h3><strong>Ha eddig is \u00e9rdekl\u0151d\u00f6tt a SEED Alap\u00edtv\u00e1ny Business Model Canvas m\u00f3dszerre \u00e9p\u00fcl\u0151 workshopja ir\u00e1nt, de f\u00e9rfik\u00e9nt nem f\u00e9rt bele a Dobbant\u00f3 programba, vagy \u00fajra r\u00e9szt venne ezen a workshopon, most biztos\u00edtjuk a lehet\u0151s\u00e9get!<\/strong><\/h3>\n<p>Egy v\u00e1llalkoz\u00e1s \u00fczleti terv n\u00e9lk\u00fcl olyan, mint egy haj\u00f3 az \u00f3ce\u00e1non \u00fatiterv n\u00e9lk\u00fcl. Tart valamerre, de nem tudatosan \u00e9p\u00edtkezve, elker\u00fclve a vesz\u00e9lyes z\u00e1tonyokat, kihaszn\u00e1lva a kedvez\u0151 \u00e1ramlatokat, hanem ad hoc m\u00f3don, teljesen a v\u00e9letlenre b\u00edzva a meg\u00e9rkez\u00e9st.<\/p>\n<p>A SEED Kisv\u00e1llalkoz\u00e1s-fejleszt\u00e9si Alap\u00edtv\u00e1ny m\u00e1r hossz\u00fa \u00e9vek \u00f3ta tan\u00edtja a kezd\u0151 v\u00e1llalkoz\u00f3knak, a v\u00e1llalkoz\u00e1s ind\u00edt\u00e1s\u00e1t m\u00e9g csak fontolgat\u00f3knak, valamint tapasztalt v\u00e1llalkoz\u00f3knak az \u00fczleti tervez\u00e9s l\u00e9p\u00e9seit, \u00f6ssze\u00e1ll\u00edt\u00e1s\u00e1nak f\u0151bb szempontjait. Ehhez a nagyon n\u00e9pszer\u0171 \u00e9s nemzetk\u00f6zileg elfogadott Business Model Canvas metodik\u00e1t haszn\u00e1lja, amely amellett, hogy egyszer\u0171 \u00e9s k\u00f6nnyen \u00e9rthet\u0151, j\u00f3 eszk\u00f6z\u00fcl szolg\u00e1l a v\u00e1llalkoz\u00e1s szil\u00e1rd alapjainak megteremt\u00e9s\u00e9hez.<\/p>\n<p>Amellett, hogy a Business Model Canvas bemutat\u00e1sa r\u00e9sze a Budapest Bankkal k\u00f6z\u00f6sen fel\u00e9p\u00edtett, kifejezetten a n\u0151i v\u00e1llalkoz\u00f3knak sz\u00f3l\u00f3 Dobbant\u00f3 Programnak, a SEED Alap\u00edtv\u00e1ny \u00f6n\u00e1ll\u00f3an is k\u00edn\u00e1l a Business Model Canvason alapul\u00f3, egynapos \u00fczleti tervez\u00e9si kurzust valamennyi v\u00e1llalkoz\u00f3i k\u00f6rnek.<\/p>\n<p>A k\u00f6vetkez\u0151 egynapos Business Model Canvas k\u00e9pz\u00e9s\u00fcnkre okt\u00f3ber 30-\u00e1n ker\u00fcl sor.<\/p>\n<p>Jelentkezzen miel\u0151bb!<\/p>\n<p><a href=\"https:\/\/seed.hu\/kerdoiv\/canvas-workshop-2019-10-10\">&lt;&lt; JELENTKEZ\u00c9S &gt;&gt;<\/a><\/p>\n<p>&nbsp;<\/p>\n","protected":false},"featured_media":792,"menu_order":0,"template":"","meta":{"_acf_changed":false},"class_list":["post-903","hirek","type-hirek","status-publish","has-post-thumbnail","hentry"],"acf":[],"yoast_head":"<!-- This site is optimized with the Yoast SEO plugin v27.4 - https:\/\/yoast.com\/product\/yoast-seo-wordpress\/ -->\n<title>\u00dczleti terv k\u00e9sz\u00edt\u00e9se vizu\u00e1lis \u00fczleti modellez\u00e9ssel \u2013 m\u00e1r nem csak h\u00f6lgyeknek! - Seed<\/title>\n<meta name=\"robots\" content=\"index, follow, max-snippet:-1, max-image-preview:large, max-video-preview:-1\" \/>\n<link rel=\"canonical\" href=\"https:\/\/seed.hu\/hirek\/uzleti-terv-keszitese-vizualis-uzleti-modellezessel-mar-nem-csak-holgyeknek\/\" \/>\n<meta property=\"og:locale\" content=\"en_US\" \/>\n<meta property=\"og:type\" content=\"article\" \/>\n<meta property=\"og:title\" content=\"\u00dczleti terv k\u00e9sz\u00edt\u00e9se vizu\u00e1lis \u00fczleti modellez\u00e9ssel \u2013 m\u00e1r nem csak h\u00f6lgyeknek! - Seed\" \/>\n<meta property=\"og:description\" content=\"Ha eddig is \u00e9rdekl\u0151d\u00f6tt a SEED Alap\u00edtv\u00e1ny Business Model Canvas m\u00f3dszerre \u00e9p\u00fcl\u0151 workshopja ir\u00e1nt, de f\u00e9rfik\u00e9nt nem f\u00e9rt bele a Dobbant\u00f3 programba, vagy \u00fajra r\u00e9szt venne ezen a workshopon, most biztos\u00edtjuk a lehet\u0151s\u00e9get! Egy v\u00e1llalkoz\u00e1s \u00fczleti terv n\u00e9lk\u00fcl olyan, mint egy haj\u00f3 az \u00f3ce\u00e1non \u00fatiterv n\u00e9lk\u00fcl. Tart valamerre, de nem tudatosan \u00e9p\u00edtkezve, elker\u00fclve a vesz\u00e9lyes [&hellip;]\" \/>\n<meta property=\"og:url\" content=\"https:\/\/seed.hu\/hirek\/uzleti-terv-keszitese-vizualis-uzleti-modellezessel-mar-nem-csak-holgyeknek\/\" \/>\n<meta property=\"og:site_name\" content=\"Seed\" \/>\n<meta property=\"article:modified_time\" content=\"2022-01-19T18:31:16+00:00\" \/>\n<meta property=\"og:image\" content=\"https:\/\/seed.hu\/wp-content\/uploads\/2018\/04\/SEED_logo.png\" \/>\n\t<meta property=\"og:image:width\" content=\"250\" \/>\n\t<meta property=\"og:image:height\" content=\"206\" \/>\n\t<meta property=\"og:image:type\" content=\"image\/png\" \/>\n<meta name=\"twitter:card\" content=\"summary_large_image\" \/>\n<meta name=\"twitter:label1\" content=\"Est. reading time\" \/>\n\t<meta name=\"twitter:data1\" content=\"1 minute\" \/>\n<script type=\"application\/ld+json\" class=\"yoast-schema-graph\">{\"@context\":\"https:\\\/\\\/schema.org\",\"@graph\":[{\"@type\":\"WebPage\",\"@id\":\"https:\\\/\\\/seed.hu\\\/hirek\\\/uzleti-terv-keszitese-vizualis-uzleti-modellezessel-mar-nem-csak-holgyeknek\\\/\",\"url\":\"https:\\\/\\\/seed.hu\\\/hirek\\\/uzleti-terv-keszitese-vizualis-uzleti-modellezessel-mar-nem-csak-holgyeknek\\\/\",\"name\":\"\u00dczleti terv k\u00e9sz\u00edt\u00e9se vizu\u00e1lis \u00fczleti modellez\u00e9ssel \u2013 m\u00e1r nem csak h\u00f6lgyeknek! - Seed\",\"isPartOf\":{\"@id\":\"https:\\\/\\\/seed.hu\\\/#website\"},\"primaryImageOfPage\":{\"@id\":\"https:\\\/\\\/seed.hu\\\/hirek\\\/uzleti-terv-keszitese-vizualis-uzleti-modellezessel-mar-nem-csak-holgyeknek\\\/#primaryimage\"},\"image\":{\"@id\":\"https:\\\/\\\/seed.hu\\\/hirek\\\/uzleti-terv-keszitese-vizualis-uzleti-modellezessel-mar-nem-csak-holgyeknek\\\/#primaryimage\"},\"thumbnailUrl\":\"https:\\\/\\\/seed.hu\\\/wp-content\\\/uploads\\\/2018\\\/04\\\/SEED_logo.png\",\"datePublished\":\"2019-10-03T09:52:17+00:00\",\"dateModified\":\"2022-01-19T18:31:16+00:00\",\"breadcrumb\":{\"@id\":\"https:\\\/\\\/seed.hu\\\/hirek\\\/uzleti-terv-keszitese-vizualis-uzleti-modellezessel-mar-nem-csak-holgyeknek\\\/#breadcrumb\"},\"inLanguage\":\"en-US\",\"potentialAction\":[{\"@type\":\"ReadAction\",\"target\":[\"https:\\\/\\\/seed.hu\\\/hirek\\\/uzleti-terv-keszitese-vizualis-uzleti-modellezessel-mar-nem-csak-holgyeknek\\\/\"]}]},{\"@type\":\"ImageObject\",\"inLanguage\":\"en-US\",\"@id\":\"https:\\\/\\\/seed.hu\\\/hirek\\\/uzleti-terv-keszitese-vizualis-uzleti-modellezessel-mar-nem-csak-holgyeknek\\\/#primaryimage\",\"url\":\"https:\\\/\\\/seed.hu\\\/wp-content\\\/uploads\\\/2018\\\/04\\\/SEED_logo.png\",\"contentUrl\":\"https:\\\/\\\/seed.hu\\\/wp-content\\\/uploads\\\/2018\\\/04\\\/SEED_logo.png\",\"width\":250,\"height\":206},{\"@type\":\"BreadcrumbList\",\"@id\":\"https:\\\/\\\/seed.hu\\\/hirek\\\/uzleti-terv-keszitese-vizualis-uzleti-modellezessel-mar-nem-csak-holgyeknek\\\/#breadcrumb\",\"itemListElement\":[{\"@type\":\"ListItem\",\"position\":1,\"name\":\"H\u00edrek\",\"item\":\"https:\\\/\\\/seed.hu\\\/hirek\\\/\"},{\"@type\":\"ListItem\",\"position\":2,\"name\":\"\u00dczleti terv k\u00e9sz\u00edt\u00e9se vizu\u00e1lis \u00fczleti modellez\u00e9ssel \u2013 m\u00e1r nem csak h\u00f6lgyeknek!\"}]},{\"@type\":\"WebSite\",\"@id\":\"https:\\\/\\\/seed.hu\\\/#website\",\"url\":\"https:\\\/\\\/seed.hu\\\/\",\"name\":\"Seed\",\"description\":\"\",\"potentialAction\":[{\"@type\":\"SearchAction\",\"target\":{\"@type\":\"EntryPoint\",\"urlTemplate\":\"https:\\\/\\\/seed.hu\\\/?s={search_term_string}\"},\"query-input\":{\"@type\":\"PropertyValueSpecification\",\"valueRequired\":true,\"valueName\":\"search_term_string\"}}],\"inLanguage\":\"en-US\"}]}<\/script>\n<!-- \/ Yoast SEO plugin. -->","yoast_head_json":{"title":"\u00dczleti terv k\u00e9sz\u00edt\u00e9se vizu\u00e1lis \u00fczleti modellez\u00e9ssel \u2013 m\u00e1r nem csak h\u00f6lgyeknek! - Seed","robots":{"index":"index","follow":"follow","max-snippet":"max-snippet:-1","max-image-preview":"max-image-preview:large","max-video-preview":"max-video-preview:-1"},"canonical":"https:\/\/seed.hu\/hirek\/uzleti-terv-keszitese-vizualis-uzleti-modellezessel-mar-nem-csak-holgyeknek\/","og_locale":"en_US","og_type":"article","og_title":"\u00dczleti terv k\u00e9sz\u00edt\u00e9se vizu\u00e1lis \u00fczleti modellez\u00e9ssel \u2013 m\u00e1r nem csak h\u00f6lgyeknek! - Seed","og_description":"Ha eddig is \u00e9rdekl\u0151d\u00f6tt a SEED Alap\u00edtv\u00e1ny Business Model Canvas m\u00f3dszerre \u00e9p\u00fcl\u0151 workshopja ir\u00e1nt, de f\u00e9rfik\u00e9nt nem f\u00e9rt bele a Dobbant\u00f3 programba, vagy \u00fajra r\u00e9szt venne ezen a workshopon, most biztos\u00edtjuk a lehet\u0151s\u00e9get! Egy v\u00e1llalkoz\u00e1s \u00fczleti terv n\u00e9lk\u00fcl olyan, mint egy haj\u00f3 az \u00f3ce\u00e1non \u00fatiterv n\u00e9lk\u00fcl. Tart valamerre, de nem tudatosan \u00e9p\u00edtkezve, elker\u00fclve a vesz\u00e9lyes [&hellip;]","og_url":"https:\/\/seed.hu\/hirek\/uzleti-terv-keszitese-vizualis-uzleti-modellezessel-mar-nem-csak-holgyeknek\/","og_site_name":"Seed","article_modified_time":"2022-01-19T18:31:16+00:00","og_image":[{"width":250,"height":206,"url":"https:\/\/seed.hu\/wp-content\/uploads\/2018\/04\/SEED_logo.png","type":"image\/png"}],"twitter_card":"summary_large_image","twitter_misc":{"Est. reading time":"1 minute"},"schema":{"@context":"https:\/\/schema.org","@graph":[{"@type":"WebPage","@id":"https:\/\/seed.hu\/hirek\/uzleti-terv-keszitese-vizualis-uzleti-modellezessel-mar-nem-csak-holgyeknek\/","url":"https:\/\/seed.hu\/hirek\/uzleti-terv-keszitese-vizualis-uzleti-modellezessel-mar-nem-csak-holgyeknek\/","name":"\u00dczleti terv k\u00e9sz\u00edt\u00e9se vizu\u00e1lis \u00fczleti modellez\u00e9ssel \u2013 m\u00e1r nem csak h\u00f6lgyeknek! - Seed","isPartOf":{"@id":"https:\/\/seed.hu\/#website"},"primaryImageOfPage":{"@id":"https:\/\/seed.hu\/hirek\/uzleti-terv-keszitese-vizualis-uzleti-modellezessel-mar-nem-csak-holgyeknek\/#primaryimage"},"image":{"@id":"https:\/\/seed.hu\/hirek\/uzleti-terv-keszitese-vizualis-uzleti-modellezessel-mar-nem-csak-holgyeknek\/#primaryimage"},"thumbnailUrl":"https:\/\/seed.hu\/wp-content\/uploads\/2018\/04\/SEED_logo.png","datePublished":"2019-10-03T09:52:17+00:00","dateModified":"2022-01-19T18:31:16+00:00","breadcrumb":{"@id":"https:\/\/seed.hu\/hirek\/uzleti-terv-keszitese-vizualis-uzleti-modellezessel-mar-nem-csak-holgyeknek\/#breadcrumb"},"inLanguage":"en-US","potentialAction":[{"@type":"ReadAction","target":["https:\/\/seed.hu\/hirek\/uzleti-terv-keszitese-vizualis-uzleti-modellezessel-mar-nem-csak-holgyeknek\/"]}]},{"@type":"ImageObject","inLanguage":"en-US","@id":"https:\/\/seed.hu\/hirek\/uzleti-terv-keszitese-vizualis-uzleti-modellezessel-mar-nem-csak-holgyeknek\/#primaryimage","url":"https:\/\/seed.hu\/wp-content\/uploads\/2018\/04\/SEED_logo.png","contentUrl":"https:\/\/seed.hu\/wp-content\/uploads\/2018\/04\/SEED_logo.png","width":250,"height":206},{"@type":"BreadcrumbList","@id":"https:\/\/seed.hu\/hirek\/uzleti-terv-keszitese-vizualis-uzleti-modellezessel-mar-nem-csak-holgyeknek\/#breadcrumb","itemListElement":[{"@type":"ListItem","position":1,"name":"H\u00edrek","item":"https:\/\/seed.hu\/hirek\/"},{"@type":"ListItem","position":2,"name":"\u00dczleti terv k\u00e9sz\u00edt\u00e9se vizu\u00e1lis \u00fczleti modellez\u00e9ssel \u2013 m\u00e1r nem csak h\u00f6lgyeknek!"}]},{"@type":"WebSite","@id":"https:\/\/seed.hu\/#website","url":"https:\/\/seed.hu\/","name":"Seed","description":"","potentialAction":[{"@type":"SearchAction","target":{"@type":"EntryPoint","urlTemplate":"https:\/\/seed.hu\/?s={search_term_string}"},"query-input":{"@type":"PropertyValueSpecification","valueRequired":true,"valueName":"search_term_string"}}],"inLanguage":"en-US"}]}},"_links":{"self":[{"href":"https:\/\/seed.hu\/en\/wp-json\/wp\/v2\/hirek\/903","targetHints":{"allow":["GET"]}}],"collection":[{"href":"https:\/\/seed.hu\/en\/wp-json\/wp\/v2\/hirek"}],"about":[{"href":"https:\/\/seed.hu\/en\/wp-json\/wp\/v2\/types\/hirek"}],"wp:featuredmedia":[{"embeddable":true,"href":"https:\/\/seed.hu\/en\/wp-json\/wp\/v2\/media\/792"}],"wp:attachment":[{"href":"https:\/\/seed.hu\/en\/wp-json\/wp\/v2\/media?parent=903"}],"curies":[{"name":"wp","href":"https:\/\/api.w.org\/{rel}","templated":true}]}}

Üzleti terv készítése vizuális üzleti modellezéssel – már nem csak hölgyeknek!

<h3><strong>Ha eddig is érdeklődött a SEED Alapítvány Business Model Canvas módszerre épülő workshopja iránt, de férfiként nem fért bele a Dobbantó programba, vagy újra részt venne ezen a workshopon, most biztosítjuk a lehetőséget!</strong></h3>
<p>Egy vállalkozás üzleti terv nélkül olyan, mint egy hajó az óceánon útiterv nélkül. Tart valamerre, de nem tudatosan építkezve, elkerülve a veszélyes zátonyokat, kihasználva a kedvező áramlatokat, hanem ad hoc módon, teljesen a véletlenre bízva a megérkezést.</p>
<p>A SEED Kisvállalkozás-fejlesztési Alapítvány már hosszú évek óta tanítja a kezdő vállalkozóknak, a vállalkozás indítását még csak fontolgatóknak, valamint tapasztalt vállalkozóknak az üzleti tervezés lépéseit, összeállításának főbb szempontjait. Ehhez a nagyon népszerű és nemzetközileg elfogadott Business Model Canvas metodikát használja, amely amellett, hogy egyszerű és könnyen érthető, jó eszközül szolgál a vállalkozás szilárd alapjainak megteremtéséhez.</p>
<p>Amellett, hogy a Business Model Canvas bemutatása része a Budapest Bankkal közösen felépített, kifejezetten a női vállalkozóknak szóló Dobbantó Programnak, a SEED Alapítvány önállóan is kínál a Business Model Canvason alapuló, egynapos üzleti tervezési kurzust valamennyi vállalkozói körnek.</p>
<p>A következő egynapos Business Model Canvas képzésünkre október 30-án kerül sor.</p>
<p>Jelentkezzen mielőbb!</p>
<p><a href="https://seed.hu/kerdoiv/canvas-workshop-2019-10-10">&lt;&lt; JELENTKEZÉS &gt;&gt;</a></p>
<p>&nbsp;</p>

<!-- This site is optimized with the Yoast SEO plugin v27.4 - https://yoast.com/product/yoast-seo-wordpress/ -->
<title>Üzleti terv készítése vizuális üzleti modellezéssel – már nem csak hölgyeknek! - Seed</title>
<meta name="robots" content="index, follow, max-snippet:-1, max-image-preview:large, max-video-preview:-1" />
<link rel="canonical" href="https://seed.hu/hirek/uzleti-terv-keszitese-vizualis-uzleti-modellezessel-mar-nem-csak-holgyeknek/" />
<meta property="og:locale" content="en_US" />
<meta property="og:type" content="article" />
<meta property="og:title" content="Üzleti terv készítése vizuális üzleti modellezéssel – már nem csak hölgyeknek! - Seed" />
<meta property="og:description" content="Ha eddig is érdeklődött a SEED Alapítvány Business Model Canvas módszerre épülő workshopja iránt, de férfiként nem fért bele a Dobbantó programba, vagy újra részt venne ezen a workshopon, most biztosítjuk a lehetőséget! Egy vállalkozás üzleti terv nélkül olyan, mint egy hajó az óceánon útiterv nélkül. Tart valamerre, de nem tudatosan építkezve, elkerülve a veszélyes [&hellip;]" />
<meta property="og:url" content="https://seed.hu/hirek/uzleti-terv-keszitese-vizualis-uzleti-modellezessel-mar-nem-csak-holgyeknek/" />
<meta property="og:site_name" content="Seed" />
<meta property="article:modified_time" content="2022-01-19T18:31:16+00:00" />
<meta property="og:image" content="https://seed.hu/wp-content/uploads/2018/04/SEED_logo.png" />
	<meta property="og:image:width" content="250" />
	<meta property="og:image:height" content="206" />
	<meta property="og:image:type" content="image/png" />
<meta name="twitter:card" content="summary_large_image" />
<meta name="twitter:label1" content="Est. reading time" />
	<meta name="twitter:data1" content="1 minute" />
<script type="application/ld+json" class="yoast-schema-graph">{"@context":"https:\/\/schema.org","@graph":[{"@type":"WebPage","@id":"https:\/\/seed.hu\/hirek\/uzleti-terv-keszitese-vizualis-uzleti-modellezessel-mar-nem-csak-holgyeknek\/","url":"https:\/\/seed.hu\/hirek\/uzleti-terv-keszitese-vizualis-uzleti-modellezessel-mar-nem-csak-holgyeknek\/","name":"Üzleti terv készítése vizuális üzleti modellezéssel – már nem csak hölgyeknek! - Seed","isPartOf":{"@id":"https:\/\/seed.hu\/#website"},"primaryImageOfPage":{"@id":"https:\/\/seed.hu\/hirek\/uzleti-terv-keszitese-vizualis-uzleti-modellezessel-mar-nem-csak-holgyeknek\/#primaryimage"},"image":{"@id":"https:\/\/seed.hu\/hirek\/uzleti-terv-keszitese-vizualis-uzleti-modellezessel-mar-nem-csak-holgyeknek\/#primaryimage"},"thumbnailUrl":"https:\/\/seed.hu\/wp-content\/uploads\/2018\/04\/SEED_logo.png","datePublished":"2019-10-03T09:52:17+00:00","dateModified":"2022-01-19T18:31:16+00:00","breadcrumb":{"@id":"https:\/\/seed.hu\/hirek\/uzleti-terv-keszitese-vizualis-uzleti-modellezessel-mar-nem-csak-holgyeknek\/#breadcrumb"},"inLanguage":"en-US","potentialAction":[{"@type":"ReadAction","target":["https:\/\/seed.hu\/hirek\/uzleti-terv-keszitese-vizualis-uzleti-modellezessel-mar-nem-csak-holgyeknek\/"]}]},{"@type":"ImageObject","inLanguage":"en-US","@id":"https:\/\/seed.hu\/hirek\/uzleti-terv-keszitese-vizualis-uzleti-modellezessel-mar-nem-csak-holgyeknek\/#primaryimage","url":"https:\/\/seed.hu\/wp-content\/uploads\/2018\/04\/SEED_logo.png","contentUrl":"https:\/\/seed.hu\/wp-content\/uploads\/2018\/04\/SEED_logo.png","width":250,"height":206},{"@type":"BreadcrumbList","@id":"https:\/\/seed.hu\/hirek\/uzleti-terv-keszitese-vizualis-uzleti-modellezessel-mar-nem-csak-holgyeknek\/#breadcrumb","itemListElement":[{"@type":"ListItem","position":1,"name":"Hírek","item":"https:\/\/seed.hu\/hirek\/"},{"@type":"ListItem","position":2,"name":"Üzleti terv készítése vizuális üzleti modellezéssel – már nem csak hölgyeknek!"}]},{"@type":"WebSite","@id":"https:\/\/seed.hu\/#website","url":"https:\/\/seed.hu\/","name":"Seed","description":"","potentialAction":[{"@type":"SearchAction","target":{"@type":"EntryPoint","urlTemplate":"https:\/\/seed.hu\/?s={search_term_string}"},"query-input":{"@type":"PropertyValueSpecification","valueRequired":true,"valueName":"search_term_string"}}],"inLanguage":"en-US"}]}</script>
<!-- / Yoast SEO plugin. -->

Üzleti terv készítése vizuális üzleti modellezéssel – már nem csak hölgyeknek! - Seed

Ha eddig is érdeklődött a SEED Alapítvány Business Model Canvas módszerre épülő workshopja iránt, de férfiként nem fért bele a Dobbantó programba, vagy újra részt venne ezen a workshopon, most biztosítjuk a lehetőséget! Egy vállalkozás üzleti terv nélkül olyan, mint egy hajó az óceánon útiterv nélkül. Tart valamerre, de nem tudatosan építkezve, elkerülve a veszélyes [&hellip;]

Hírek
