{"id":917,"date":"2019-11-12T12:18:26","date_gmt":"2019-11-12T11:18:26","guid":{"rendered":"https:\/\/seed.hu\/?post_type=hirek&#038;p=917"},"modified":"2022-01-19T19:55:00","modified_gmt":"2022-01-19T18:55:00","slug":"szemelyes-vallalkozoi-mentorprogram-szolj-a-baratodnak","status":"publish","type":"hirek","link":"https:\/\/seed.hu\/en\/hirek\/szemelyes-vallalkozoi-mentorprogram-szolj-a-baratodnak\/","title":{"rendered":"Szem\u00e9lyes V\u00e1llalkoz\u00f3i Mentorprogram &#8211; sz\u00f3lj a bar\u00e1todnak!"},"content":{"rendered":"<p><a href=\"https:\/\/seed.hu\/hirek\/mentorok-es-mentoraltak-jelentkezeset-varja-a-seed-alapitvany\/ovm\/\" rel=\"attachment wp-att-844\"><img loading=\"lazy\" decoding=\"async\" class=\"alignnone wp-image-844 size-full\" src=\"https:\/\/seed.hu\/wp-content\/uploads\/2022\/01\/OVM.png\" alt=\"\" width=\"601\" height=\"163\" srcset=\"https:\/\/seed.hu\/wp-content\/uploads\/2022\/01\/OVM.png 601w, https:\/\/seed.hu\/wp-content\/uploads\/2022\/01\/OVM-300x81.png 300w\" sizes=\"auto, (max-width: 601px) 100vw, 601px\" \/><\/a><\/p>\n<p>Van m\u00e9g n\u00e9h\u00e1ny kiad\u00f3 hely mentor\u00e1ltak sz\u00e1m\u00e1ra a Szem\u00e9lyes V\u00e1llalkoz\u00f3i Mentorprogramban. Ez\u00e9rt arra k\u00e9rj\u00fck h\u00edrlevel\u00fcnk\u00a0 minden kedves Olvas\u00f3j\u00e1t, hogy vagy \u0151 maga gondolkodjon el a jelentkez\u00e9sen, vagy sz\u00f3ljon egy v\u00e1llalkoz\u00f3 bar\u00e1tj\u00e1nak, s h\u00edvja fel a figyelm\u00e9t erre a lehet\u0151s\u00e9gre. Budapestieket \u00e9s Pest megyeieket a program megk\u00f6t\u00e9se miatt m\u00e1r nem tudunk fogadni, de m\u00e1shonnan \u00f6r\u00f6mmel v\u00e1rjuk a jelentkez\u0151ket. Eml\u00e9keztet\u0151\u00fcl: a programban n\u0151i v\u00e1llalkoz\u00f3k, 35 \u00e9v alatti fiatal v\u00e1llalkoz\u00f3k \u00e9s gener\u00e1ci\u00f3v\u00e1lt\u00e1s el\u0151tt \u00e1ll\u00f3 csal\u00e1di v\u00e1llalkoz\u00e1sok vehetnek r\u00e9szt. A mentor\u00e1ltak tapasztalt, az \u00fczleti \u00e9letben sikeres mentorok seg\u00edts\u00e9g\u00e9vel juthatnak el\u0151re terveik megval\u00f3s\u00edt\u00e1s\u00e1ban. A mentor\u00e1l\u00e1si folyamat hossza 9-12 h\u00f3nap. A programban val\u00f3 r\u00e9szv\u00e9tel ingyenes, \u201ecsak\u201d komoly elk\u00f6telezetts\u00e9get k\u00e9r\u00fcnk a jelentkez\u0151kt\u0151l.<\/p>\n<p>Tov\u00e1bbi inform\u00e1ci\u00f3: <a href=\"mailto:mentorporgram@seed.hu ?subject=Szem%C3%A9lyes%20V%C3%A1llalkoz%C3%B3i%20Mentorprogram\">mentorporgram@seed.hu<\/a><\/p>\n<p>Jelentkez\u00e9s: <a href=\"https:\/\/www.vallalkozztudatosan.hu\/\" target=\"_blank\" rel=\"noopener\">vallalkozztudatosan.hu<\/a><\/p>\n","protected":false},"featured_media":338,"menu_order":0,"template":"","meta":{"_acf_changed":false},"class_list":["post-917","hirek","type-hirek","status-publish","has-post-thumbnail","hentry"],"acf":[],"yoast_head":"<!-- This site is optimized with the Yoast SEO plugin v27.4 - https:\/\/yoast.com\/product\/yoast-seo-wordpress\/ -->\n<title>Szem\u00e9lyes V\u00e1llalkoz\u00f3i Mentorprogram - sz\u00f3lj a bar\u00e1todnak! - Seed<\/title>\n<meta name=\"robots\" content=\"index, follow, max-snippet:-1, max-image-preview:large, max-video-preview:-1\" \/>\n<link rel=\"canonical\" href=\"https:\/\/seed.hu\/hirek\/szemelyes-vallalkozoi-mentorprogram-szolj-a-baratodnak\/\" \/>\n<meta property=\"og:locale\" content=\"en_US\" \/>\n<meta property=\"og:type\" content=\"article\" \/>\n<meta property=\"og:title\" content=\"Szem\u00e9lyes V\u00e1llalkoz\u00f3i Mentorprogram - sz\u00f3lj a bar\u00e1todnak! - Seed\" \/>\n<meta property=\"og:description\" content=\"Van m\u00e9g n\u00e9h\u00e1ny kiad\u00f3 hely mentor\u00e1ltak sz\u00e1m\u00e1ra a Szem\u00e9lyes V\u00e1llalkoz\u00f3i Mentorprogramban. Ez\u00e9rt arra k\u00e9rj\u00fck h\u00edrlevel\u00fcnk\u00a0 minden kedves Olvas\u00f3j\u00e1t, hogy vagy \u0151 maga gondolkodjon el a jelentkez\u00e9sen, vagy sz\u00f3ljon egy v\u00e1llalkoz\u00f3 bar\u00e1tj\u00e1nak, s h\u00edvja fel a figyelm\u00e9t erre a lehet\u0151s\u00e9gre. Budapestieket \u00e9s Pest megyeieket a program megk\u00f6t\u00e9se miatt m\u00e1r nem tudunk fogadni, de m\u00e1shonnan \u00f6r\u00f6mmel v\u00e1rjuk [&hellip;]\" \/>\n<meta property=\"og:url\" content=\"https:\/\/seed.hu\/hirek\/szemelyes-vallalkozoi-mentorprogram-szolj-a-baratodnak\/\" \/>\n<meta property=\"og:site_name\" content=\"Seed\" \/>\n<meta property=\"article:modified_time\" content=\"2022-01-19T18:55:00+00:00\" \/>\n<meta property=\"og:image\" content=\"https:\/\/seed.hu\/wp-content\/uploads\/2021\/04\/Orsza\u0301gos-Va\u0301llalkozo\u0301i-Mentorprogram.png\" \/>\n\t<meta property=\"og:image:width\" content=\"773\" \/>\n\t<meta property=\"og:image:height\" content=\"774\" \/>\n\t<meta property=\"og:image:type\" content=\"image\/png\" \/>\n<meta name=\"twitter:card\" content=\"summary_large_image\" \/>\n<meta name=\"twitter:label1\" content=\"Est. reading time\" \/>\n\t<meta name=\"twitter:data1\" content=\"1 minute\" \/>\n<script type=\"application\/ld+json\" class=\"yoast-schema-graph\">{\"@context\":\"https:\\\/\\\/schema.org\",\"@graph\":[{\"@type\":\"WebPage\",\"@id\":\"https:\\\/\\\/seed.hu\\\/hirek\\\/szemelyes-vallalkozoi-mentorprogram-szolj-a-baratodnak\\\/\",\"url\":\"https:\\\/\\\/seed.hu\\\/hirek\\\/szemelyes-vallalkozoi-mentorprogram-szolj-a-baratodnak\\\/\",\"name\":\"Szem\u00e9lyes V\u00e1llalkoz\u00f3i Mentorprogram - sz\u00f3lj a bar\u00e1todnak! - Seed\",\"isPartOf\":{\"@id\":\"https:\\\/\\\/seed.hu\\\/#website\"},\"primaryImageOfPage\":{\"@id\":\"https:\\\/\\\/seed.hu\\\/hirek\\\/szemelyes-vallalkozoi-mentorprogram-szolj-a-baratodnak\\\/#primaryimage\"},\"image\":{\"@id\":\"https:\\\/\\\/seed.hu\\\/hirek\\\/szemelyes-vallalkozoi-mentorprogram-szolj-a-baratodnak\\\/#primaryimage\"},\"thumbnailUrl\":\"https:\\\/\\\/seed.hu\\\/wp-content\\\/uploads\\\/2021\\\/04\\\/Orsza\u0301gos-Va\u0301llalkozo\u0301i-Mentorprogram.png\",\"datePublished\":\"2019-11-12T11:18:26+00:00\",\"dateModified\":\"2022-01-19T18:55:00+00:00\",\"breadcrumb\":{\"@id\":\"https:\\\/\\\/seed.hu\\\/hirek\\\/szemelyes-vallalkozoi-mentorprogram-szolj-a-baratodnak\\\/#breadcrumb\"},\"inLanguage\":\"en-US\",\"potentialAction\":[{\"@type\":\"ReadAction\",\"target\":[\"https:\\\/\\\/seed.hu\\\/hirek\\\/szemelyes-vallalkozoi-mentorprogram-szolj-a-baratodnak\\\/\"]}]},{\"@type\":\"ImageObject\",\"inLanguage\":\"en-US\",\"@id\":\"https:\\\/\\\/seed.hu\\\/hirek\\\/szemelyes-vallalkozoi-mentorprogram-szolj-a-baratodnak\\\/#primaryimage\",\"url\":\"https:\\\/\\\/seed.hu\\\/wp-content\\\/uploads\\\/2021\\\/04\\\/Orsza\u0301gos-Va\u0301llalkozo\u0301i-Mentorprogram.png\",\"contentUrl\":\"https:\\\/\\\/seed.hu\\\/wp-content\\\/uploads\\\/2021\\\/04\\\/Orsza\u0301gos-Va\u0301llalkozo\u0301i-Mentorprogram.png\",\"width\":773,\"height\":774},{\"@type\":\"BreadcrumbList\",\"@id\":\"https:\\\/\\\/seed.hu\\\/hirek\\\/szemelyes-vallalkozoi-mentorprogram-szolj-a-baratodnak\\\/#breadcrumb\",\"itemListElement\":[{\"@type\":\"ListItem\",\"position\":1,\"name\":\"H\u00edrek\",\"item\":\"https:\\\/\\\/seed.hu\\\/hirek\\\/\"},{\"@type\":\"ListItem\",\"position\":2,\"name\":\"Szem\u00e9lyes V\u00e1llalkoz\u00f3i Mentorprogram &#8211; sz\u00f3lj a bar\u00e1todnak!\"}]},{\"@type\":\"WebSite\",\"@id\":\"https:\\\/\\\/seed.hu\\\/#website\",\"url\":\"https:\\\/\\\/seed.hu\\\/\",\"name\":\"Seed\",\"description\":\"\",\"potentialAction\":[{\"@type\":\"SearchAction\",\"target\":{\"@type\":\"EntryPoint\",\"urlTemplate\":\"https:\\\/\\\/seed.hu\\\/?s={search_term_string}\"},\"query-input\":{\"@type\":\"PropertyValueSpecification\",\"valueRequired\":true,\"valueName\":\"search_term_string\"}}],\"inLanguage\":\"en-US\"}]}<\/script>\n<!-- \/ Yoast SEO plugin. -->","yoast_head_json":{"title":"Szem\u00e9lyes V\u00e1llalkoz\u00f3i Mentorprogram - sz\u00f3lj a bar\u00e1todnak! - Seed","robots":{"index":"index","follow":"follow","max-snippet":"max-snippet:-1","max-image-preview":"max-image-preview:large","max-video-preview":"max-video-preview:-1"},"canonical":"https:\/\/seed.hu\/hirek\/szemelyes-vallalkozoi-mentorprogram-szolj-a-baratodnak\/","og_locale":"en_US","og_type":"article","og_title":"Szem\u00e9lyes V\u00e1llalkoz\u00f3i Mentorprogram - sz\u00f3lj a bar\u00e1todnak! - Seed","og_description":"Van m\u00e9g n\u00e9h\u00e1ny kiad\u00f3 hely mentor\u00e1ltak sz\u00e1m\u00e1ra a Szem\u00e9lyes V\u00e1llalkoz\u00f3i Mentorprogramban. Ez\u00e9rt arra k\u00e9rj\u00fck h\u00edrlevel\u00fcnk\u00a0 minden kedves Olvas\u00f3j\u00e1t, hogy vagy \u0151 maga gondolkodjon el a jelentkez\u00e9sen, vagy sz\u00f3ljon egy v\u00e1llalkoz\u00f3 bar\u00e1tj\u00e1nak, s h\u00edvja fel a figyelm\u00e9t erre a lehet\u0151s\u00e9gre. Budapestieket \u00e9s Pest megyeieket a program megk\u00f6t\u00e9se miatt m\u00e1r nem tudunk fogadni, de m\u00e1shonnan \u00f6r\u00f6mmel v\u00e1rjuk [&hellip;]","og_url":"https:\/\/seed.hu\/hirek\/szemelyes-vallalkozoi-mentorprogram-szolj-a-baratodnak\/","og_site_name":"Seed","article_modified_time":"2022-01-19T18:55:00+00:00","og_image":[{"width":773,"height":774,"url":"https:\/\/seed.hu\/wp-content\/uploads\/2021\/04\/Orsza\u0301gos-Va\u0301llalkozo\u0301i-Mentorprogram.png","type":"image\/png"}],"twitter_card":"summary_large_image","twitter_misc":{"Est. reading time":"1 minute"},"schema":{"@context":"https:\/\/schema.org","@graph":[{"@type":"WebPage","@id":"https:\/\/seed.hu\/hirek\/szemelyes-vallalkozoi-mentorprogram-szolj-a-baratodnak\/","url":"https:\/\/seed.hu\/hirek\/szemelyes-vallalkozoi-mentorprogram-szolj-a-baratodnak\/","name":"Szem\u00e9lyes V\u00e1llalkoz\u00f3i Mentorprogram - sz\u00f3lj a bar\u00e1todnak! - Seed","isPartOf":{"@id":"https:\/\/seed.hu\/#website"},"primaryImageOfPage":{"@id":"https:\/\/seed.hu\/hirek\/szemelyes-vallalkozoi-mentorprogram-szolj-a-baratodnak\/#primaryimage"},"image":{"@id":"https:\/\/seed.hu\/hirek\/szemelyes-vallalkozoi-mentorprogram-szolj-a-baratodnak\/#primaryimage"},"thumbnailUrl":"https:\/\/seed.hu\/wp-content\/uploads\/2021\/04\/Orsza\u0301gos-Va\u0301llalkozo\u0301i-Mentorprogram.png","datePublished":"2019-11-12T11:18:26+00:00","dateModified":"2022-01-19T18:55:00+00:00","breadcrumb":{"@id":"https:\/\/seed.hu\/hirek\/szemelyes-vallalkozoi-mentorprogram-szolj-a-baratodnak\/#breadcrumb"},"inLanguage":"en-US","potentialAction":[{"@type":"ReadAction","target":["https:\/\/seed.hu\/hirek\/szemelyes-vallalkozoi-mentorprogram-szolj-a-baratodnak\/"]}]},{"@type":"ImageObject","inLanguage":"en-US","@id":"https:\/\/seed.hu\/hirek\/szemelyes-vallalkozoi-mentorprogram-szolj-a-baratodnak\/#primaryimage","url":"https:\/\/seed.hu\/wp-content\/uploads\/2021\/04\/Orsza\u0301gos-Va\u0301llalkozo\u0301i-Mentorprogram.png","contentUrl":"https:\/\/seed.hu\/wp-content\/uploads\/2021\/04\/Orsza\u0301gos-Va\u0301llalkozo\u0301i-Mentorprogram.png","width":773,"height":774},{"@type":"BreadcrumbList","@id":"https:\/\/seed.hu\/hirek\/szemelyes-vallalkozoi-mentorprogram-szolj-a-baratodnak\/#breadcrumb","itemListElement":[{"@type":"ListItem","position":1,"name":"H\u00edrek","item":"https:\/\/seed.hu\/hirek\/"},{"@type":"ListItem","position":2,"name":"Szem\u00e9lyes V\u00e1llalkoz\u00f3i Mentorprogram &#8211; sz\u00f3lj a bar\u00e1todnak!"}]},{"@type":"WebSite","@id":"https:\/\/seed.hu\/#website","url":"https:\/\/seed.hu\/","name":"Seed","description":"","potentialAction":[{"@type":"SearchAction","target":{"@type":"EntryPoint","urlTemplate":"https:\/\/seed.hu\/?s={search_term_string}"},"query-input":{"@type":"PropertyValueSpecification","valueRequired":true,"valueName":"search_term_string"}}],"inLanguage":"en-US"}]}},"_links":{"self":[{"href":"https:\/\/seed.hu\/en\/wp-json\/wp\/v2\/hirek\/917","targetHints":{"allow":["GET"]}}],"collection":[{"href":"https:\/\/seed.hu\/en\/wp-json\/wp\/v2\/hirek"}],"about":[{"href":"https:\/\/seed.hu\/en\/wp-json\/wp\/v2\/types\/hirek"}],"wp:featuredmedia":[{"embeddable":true,"href":"https:\/\/seed.hu\/en\/wp-json\/wp\/v2\/media\/338"}],"wp:attachment":[{"href":"https:\/\/seed.hu\/en\/wp-json\/wp\/v2\/media?parent=917"}],"curies":[{"name":"wp","href":"https:\/\/api.w.org\/{rel}","templated":true}]}}

Személyes Vállalkozói Mentorprogram &#8211; szólj a barátodnak!

<p><a href="https://seed.hu/hirek/mentorok-es-mentoraltak-jelentkezeset-varja-a-seed-alapitvany/ovm/" rel="attachment wp-att-844"><img loading="lazy" decoding="async" class="alignnone wp-image-844 size-full" src="https://seed.hu/wp-content/uploads/2022/01/OVM.png" alt="" width="601" height="163" srcset="https://seed.hu/wp-content/uploads/2022/01/OVM.png 601w, https://seed.hu/wp-content/uploads/2022/01/OVM-300x81.png 300w" sizes="auto, (max-width: 601px) 100vw, 601px" /></a></p>
<p>Van még néhány kiadó hely mentoráltak számára a Személyes Vállalkozói Mentorprogramban. Ezért arra kérjük hírlevelünk  minden kedves Olvasóját, hogy vagy ő maga gondolkodjon el a jelentkezésen, vagy szóljon egy vállalkozó barátjának, s hívja fel a figyelmét erre a lehetőségre. Budapestieket és Pest megyeieket a program megkötése miatt már nem tudunk fogadni, de máshonnan örömmel várjuk a jelentkezőket. Emlékeztetőül: a programban női vállalkozók, 35 év alatti fiatal vállalkozók és generációváltás előtt álló családi vállalkozások vehetnek részt. A mentoráltak tapasztalt, az üzleti életben sikeres mentorok segítségével juthatnak előre terveik megvalósításában. A mentorálási folyamat hossza 9-12 hónap. A programban való részvétel ingyenes, „csak” komoly elkötelezettséget kérünk a jelentkezőktől.</p>
<p>További információ: <a href="mailto:mentorporgram@seed.hu ?subject=Szem%C3%A9lyes%20V%C3%A1llalkoz%C3%B3i%20Mentorprogram">mentorporgram@seed.hu</a></p>
<p>Jelentkezés: <a href="https://www.vallalkozztudatosan.hu/" target="_blank" rel="noopener">vallalkozztudatosan.hu</a></p>

<!-- This site is optimized with the Yoast SEO plugin v27.4 - https://yoast.com/product/yoast-seo-wordpress/ -->
<title>Személyes Vállalkozói Mentorprogram - szólj a barátodnak! - Seed</title>
<meta name="robots" content="index, follow, max-snippet:-1, max-image-preview:large, max-video-preview:-1" />
<link rel="canonical" href="https://seed.hu/hirek/szemelyes-vallalkozoi-mentorprogram-szolj-a-baratodnak/" />
<meta property="og:locale" content="en_US" />
<meta property="og:type" content="article" />
<meta property="og:title" content="Személyes Vállalkozói Mentorprogram - szólj a barátodnak! - Seed" />
<meta property="og:description" content="Van még néhány kiadó hely mentoráltak számára a Személyes Vállalkozói Mentorprogramban. Ezért arra kérjük hírlevelünk  minden kedves Olvasóját, hogy vagy ő maga gondolkodjon el a jelentkezésen, vagy szóljon egy vállalkozó barátjának, s hívja fel a figyelmét erre a lehetőségre. Budapestieket és Pest megyeieket a program megkötése miatt már nem tudunk fogadni, de máshonnan örömmel várjuk [&hellip;]" />
<meta property="og:url" content="https://seed.hu/hirek/szemelyes-vallalkozoi-mentorprogram-szolj-a-baratodnak/" />
<meta property="og:site_name" content="Seed" />
<meta property="article:modified_time" content="2022-01-19T18:55:00+00:00" />
<meta property="og:image" content="https://seed.hu/wp-content/uploads/2021/04/Országos-Vállalkozói-Mentorprogram.png" />
	<meta property="og:image:width" content="773" />
	<meta property="og:image:height" content="774" />
	<meta property="og:image:type" content="image/png" />
<meta name="twitter:card" content="summary_large_image" />
<meta name="twitter:label1" content="Est. reading time" />
	<meta name="twitter:data1" content="1 minute" />
<script type="application/ld+json" class="yoast-schema-graph">{"@context":"https:\/\/schema.org","@graph":[{"@type":"WebPage","@id":"https:\/\/seed.hu\/hirek\/szemelyes-vallalkozoi-mentorprogram-szolj-a-baratodnak\/","url":"https:\/\/seed.hu\/hirek\/szemelyes-vallalkozoi-mentorprogram-szolj-a-baratodnak\/","name":"Személyes Vállalkozói Mentorprogram - szólj a barátodnak! - Seed","isPartOf":{"@id":"https:\/\/seed.hu\/#website"},"primaryImageOfPage":{"@id":"https:\/\/seed.hu\/hirek\/szemelyes-vallalkozoi-mentorprogram-szolj-a-baratodnak\/#primaryimage"},"image":{"@id":"https:\/\/seed.hu\/hirek\/szemelyes-vallalkozoi-mentorprogram-szolj-a-baratodnak\/#primaryimage"},"thumbnailUrl":"https:\/\/seed.hu\/wp-content\/uploads\/2021\/04\/Országos-Vállalkozói-Mentorprogram.png","datePublished":"2019-11-12T11:18:26+00:00","dateModified":"2022-01-19T18:55:00+00:00","breadcrumb":{"@id":"https:\/\/seed.hu\/hirek\/szemelyes-vallalkozoi-mentorprogram-szolj-a-baratodnak\/#breadcrumb"},"inLanguage":"en-US","potentialAction":[{"@type":"ReadAction","target":["https:\/\/seed.hu\/hirek\/szemelyes-vallalkozoi-mentorprogram-szolj-a-baratodnak\/"]}]},{"@type":"ImageObject","inLanguage":"en-US","@id":"https:\/\/seed.hu\/hirek\/szemelyes-vallalkozoi-mentorprogram-szolj-a-baratodnak\/#primaryimage","url":"https:\/\/seed.hu\/wp-content\/uploads\/2021\/04\/Országos-Vállalkozói-Mentorprogram.png","contentUrl":"https:\/\/seed.hu\/wp-content\/uploads\/2021\/04\/Országos-Vállalkozói-Mentorprogram.png","width":773,"height":774},{"@type":"BreadcrumbList","@id":"https:\/\/seed.hu\/hirek\/szemelyes-vallalkozoi-mentorprogram-szolj-a-baratodnak\/#breadcrumb","itemListElement":[{"@type":"ListItem","position":1,"name":"Hírek","item":"https:\/\/seed.hu\/hirek\/"},{"@type":"ListItem","position":2,"name":"Személyes Vállalkozói Mentorprogram &#8211; szólj a barátodnak!"}]},{"@type":"WebSite","@id":"https:\/\/seed.hu\/#website","url":"https:\/\/seed.hu\/","name":"Seed","description":"","potentialAction":[{"@type":"SearchAction","target":{"@type":"EntryPoint","urlTemplate":"https:\/\/seed.hu\/?s={search_term_string}"},"query-input":{"@type":"PropertyValueSpecification","valueRequired":true,"valueName":"search_term_string"}}],"inLanguage":"en-US"}]}</script>
<!-- / Yoast SEO plugin. -->

Személyes Vállalkozói Mentorprogram - szólj a barátodnak! - Seed

Van még néhány kiadó hely mentoráltak számára a Személyes Vállalkozói Mentorprogramban. Ezért arra kérjük hírlevelünk  minden kedves Olvasóját, hogy vagy ő maga gondolkodjon el a jelentkezésen, vagy szóljon egy vállalkozó barátjának, s hívja fel a figyelmét erre a lehetőségre. Budapestieket és Pest megyeieket a program megkötése miatt már nem tudunk fogadni, de máshonnan örömmel várjuk [&hellip;]

Hírek
