{"id":923,"date":"2020-01-08T09:50:29","date_gmt":"2020-01-08T08:50:29","guid":{"rendered":"https:\/\/seed.hu\/?post_type=hirek&#038;p=923"},"modified":"2022-01-19T20:05:45","modified_gmt":"2022-01-19T19:05:45","slug":"mentorok-es-mentoraltak-tizreszes-sorozatot-inditunk-utjara-a-mai-napon","status":"publish","type":"hirek","link":"https:\/\/seed.hu\/en\/hirek\/mentorok-es-mentoraltak-tizreszes-sorozatot-inditunk-utjara-a-mai-napon\/","title":{"rendered":"Mentorok \u00e9s mentor\u00e1ltak &#8211; T\u00edzr\u00e9szes sorozatot ind\u00edtunk \u00fatj\u00e1ra a mai napon."},"content":{"rendered":"<p><a href=\"https:\/\/seed.hu\/hirek\/mentorok-es-mentoraltak-jelentkezeset-varja-a-seed-alapitvany\/ovm\/\" rel=\"attachment wp-att-844\"><img loading=\"lazy\" decoding=\"async\" class=\"alignnone wp-image-844 size-full\" src=\"https:\/\/seed.hu\/wp-content\/uploads\/2022\/01\/OVM.png\" alt=\"\" width=\"601\" height=\"163\" srcset=\"https:\/\/seed.hu\/wp-content\/uploads\/2022\/01\/OVM.png 601w, https:\/\/seed.hu\/wp-content\/uploads\/2022\/01\/OVM-300x81.png 300w\" sizes=\"auto, (max-width: 601px) 100vw, 601px\" \/><\/a><\/p>\n<p><strong>Mentorok \u00e9s mentor\u00e1ltak<\/strong><\/p>\n<p>T\u00edzr\u00e9szes sorozatot ind\u00edtunk \u00fatj\u00e1ra a mai napon. A sorozatban olyan v\u00e1llalkoz\u00f3kat mutatunk be, akik mentork\u00e9nt vagy mentor\u00e1ltk\u00e9nt r\u00e9szt vettek vagy r\u00e9szt vesznek a SEED Alap\u00edtv\u00e1ny kor\u00e1bbi (MENTOR-NET), illetve jelenlegi (Szem\u00e9lyes V\u00e1llalkoz\u00f3i Mentorprogram) mentorprogramj\u00e1ban, esetleg mindkett\u0151ben. Amellett, hogy r\u00f6viden bemutatjuk a v\u00e1llalkoz\u00f3i p\u00e1lyafut\u00e1sukat, arra voltunk k\u00edv\u00e1ncsiak, hogy mi\u00e9rt d\u00f6nt\u00f6ttek \u00fagy annak idej\u00e9n, illetve most, hogy r\u00e9szt vesznek egy mentorprogramban. Mi motiv\u00e1lta\/motiv\u00e1lja a mentorokat, hogy a saj\u00e1t nem kev\u00e9s munk\u00e1juk mellett m\u00e9g m\u00e1sokat is seg\u00edtsenek c\u00e9ljaik el\u00e9r\u00e9s\u00e9ben, illetve mi\u00e9rt gondolt\u00e1k\/gondolj\u00e1k \u00fagy a mentor\u00e1ltak, hogy seg\u00edts\u00e9get k\u00e9rnek egy tapasztaltabb v\u00e1llalkoz\u00f3t\u00f3l. A k\u00f6vetkez\u0151 napokban, hetekben teh\u00e1t v\u00e1llalkoz\u00f3k besz\u00e9lnek magukr\u00f3l, a c\u00e9ljaikr\u00f3l \u00e9s a motiv\u00e1ci\u00f3jukr\u00f3l. \u00c9s arr\u00f3l, mi\u00e9rt j\u00f3 seg\u00edteni m\u00e1sokon, illetve mi\u00e9rt j\u00f3 m\u00e1sokt\u00f3l tanulni.<\/p>\n","protected":false},"featured_media":338,"menu_order":0,"template":"","meta":{"_acf_changed":false},"class_list":["post-923","hirek","type-hirek","status-publish","has-post-thumbnail","hentry"],"acf":[],"yoast_head":"<!-- This site is optimized with the Yoast SEO plugin v27.4 - https:\/\/yoast.com\/product\/yoast-seo-wordpress\/ -->\n<title>Mentorok \u00e9s mentor\u00e1ltak - T\u00edzr\u00e9szes sorozatot ind\u00edtunk \u00fatj\u00e1ra a mai napon. - Seed<\/title>\n<meta name=\"robots\" content=\"index, follow, max-snippet:-1, max-image-preview:large, max-video-preview:-1\" \/>\n<link rel=\"canonical\" href=\"https:\/\/seed.hu\/hirek\/mentorok-es-mentoraltak-tizreszes-sorozatot-inditunk-utjara-a-mai-napon\/\" \/>\n<meta property=\"og:locale\" content=\"en_US\" \/>\n<meta property=\"og:type\" content=\"article\" \/>\n<meta property=\"og:title\" content=\"Mentorok \u00e9s mentor\u00e1ltak - T\u00edzr\u00e9szes sorozatot ind\u00edtunk \u00fatj\u00e1ra a mai napon. - Seed\" \/>\n<meta property=\"og:description\" content=\"Mentorok \u00e9s mentor\u00e1ltak T\u00edzr\u00e9szes sorozatot ind\u00edtunk \u00fatj\u00e1ra a mai napon. A sorozatban olyan v\u00e1llalkoz\u00f3kat mutatunk be, akik mentork\u00e9nt vagy mentor\u00e1ltk\u00e9nt r\u00e9szt vettek vagy r\u00e9szt vesznek a SEED Alap\u00edtv\u00e1ny kor\u00e1bbi (MENTOR-NET), illetve jelenlegi (Szem\u00e9lyes V\u00e1llalkoz\u00f3i Mentorprogram) mentorprogramj\u00e1ban, esetleg mindkett\u0151ben. Amellett, hogy r\u00f6viden bemutatjuk a v\u00e1llalkoz\u00f3i p\u00e1lyafut\u00e1sukat, arra voltunk k\u00edv\u00e1ncsiak, hogy mi\u00e9rt d\u00f6nt\u00f6ttek \u00fagy annak idej\u00e9n, illetve [&hellip;]\" \/>\n<meta property=\"og:url\" content=\"https:\/\/seed.hu\/hirek\/mentorok-es-mentoraltak-tizreszes-sorozatot-inditunk-utjara-a-mai-napon\/\" \/>\n<meta property=\"og:site_name\" content=\"Seed\" \/>\n<meta property=\"article:modified_time\" content=\"2022-01-19T19:05:45+00:00\" \/>\n<meta property=\"og:image\" content=\"https:\/\/seed.hu\/wp-content\/uploads\/2021\/04\/Orsza\u0301gos-Va\u0301llalkozo\u0301i-Mentorprogram.png\" \/>\n\t<meta property=\"og:image:width\" content=\"773\" \/>\n\t<meta property=\"og:image:height\" content=\"774\" \/>\n\t<meta property=\"og:image:type\" content=\"image\/png\" \/>\n<meta name=\"twitter:card\" content=\"summary_large_image\" \/>\n<meta name=\"twitter:label1\" content=\"Est. reading time\" \/>\n\t<meta name=\"twitter:data1\" content=\"1 minute\" \/>\n<script type=\"application\/ld+json\" class=\"yoast-schema-graph\">{\"@context\":\"https:\\\/\\\/schema.org\",\"@graph\":[{\"@type\":\"WebPage\",\"@id\":\"https:\\\/\\\/seed.hu\\\/hirek\\\/mentorok-es-mentoraltak-tizreszes-sorozatot-inditunk-utjara-a-mai-napon\\\/\",\"url\":\"https:\\\/\\\/seed.hu\\\/hirek\\\/mentorok-es-mentoraltak-tizreszes-sorozatot-inditunk-utjara-a-mai-napon\\\/\",\"name\":\"Mentorok \u00e9s mentor\u00e1ltak - T\u00edzr\u00e9szes sorozatot ind\u00edtunk \u00fatj\u00e1ra a mai napon. - Seed\",\"isPartOf\":{\"@id\":\"https:\\\/\\\/seed.hu\\\/#website\"},\"primaryImageOfPage\":{\"@id\":\"https:\\\/\\\/seed.hu\\\/hirek\\\/mentorok-es-mentoraltak-tizreszes-sorozatot-inditunk-utjara-a-mai-napon\\\/#primaryimage\"},\"image\":{\"@id\":\"https:\\\/\\\/seed.hu\\\/hirek\\\/mentorok-es-mentoraltak-tizreszes-sorozatot-inditunk-utjara-a-mai-napon\\\/#primaryimage\"},\"thumbnailUrl\":\"https:\\\/\\\/seed.hu\\\/wp-content\\\/uploads\\\/2021\\\/04\\\/Orsza\u0301gos-Va\u0301llalkozo\u0301i-Mentorprogram.png\",\"datePublished\":\"2020-01-08T08:50:29+00:00\",\"dateModified\":\"2022-01-19T19:05:45+00:00\",\"breadcrumb\":{\"@id\":\"https:\\\/\\\/seed.hu\\\/hirek\\\/mentorok-es-mentoraltak-tizreszes-sorozatot-inditunk-utjara-a-mai-napon\\\/#breadcrumb\"},\"inLanguage\":\"en-US\",\"potentialAction\":[{\"@type\":\"ReadAction\",\"target\":[\"https:\\\/\\\/seed.hu\\\/hirek\\\/mentorok-es-mentoraltak-tizreszes-sorozatot-inditunk-utjara-a-mai-napon\\\/\"]}]},{\"@type\":\"ImageObject\",\"inLanguage\":\"en-US\",\"@id\":\"https:\\\/\\\/seed.hu\\\/hirek\\\/mentorok-es-mentoraltak-tizreszes-sorozatot-inditunk-utjara-a-mai-napon\\\/#primaryimage\",\"url\":\"https:\\\/\\\/seed.hu\\\/wp-content\\\/uploads\\\/2021\\\/04\\\/Orsza\u0301gos-Va\u0301llalkozo\u0301i-Mentorprogram.png\",\"contentUrl\":\"https:\\\/\\\/seed.hu\\\/wp-content\\\/uploads\\\/2021\\\/04\\\/Orsza\u0301gos-Va\u0301llalkozo\u0301i-Mentorprogram.png\",\"width\":773,\"height\":774},{\"@type\":\"BreadcrumbList\",\"@id\":\"https:\\\/\\\/seed.hu\\\/hirek\\\/mentorok-es-mentoraltak-tizreszes-sorozatot-inditunk-utjara-a-mai-napon\\\/#breadcrumb\",\"itemListElement\":[{\"@type\":\"ListItem\",\"position\":1,\"name\":\"H\u00edrek\",\"item\":\"https:\\\/\\\/seed.hu\\\/hirek\\\/\"},{\"@type\":\"ListItem\",\"position\":2,\"name\":\"Mentorok \u00e9s mentor\u00e1ltak &#8211; T\u00edzr\u00e9szes sorozatot ind\u00edtunk \u00fatj\u00e1ra a mai napon.\"}]},{\"@type\":\"WebSite\",\"@id\":\"https:\\\/\\\/seed.hu\\\/#website\",\"url\":\"https:\\\/\\\/seed.hu\\\/\",\"name\":\"Seed\",\"description\":\"\",\"potentialAction\":[{\"@type\":\"SearchAction\",\"target\":{\"@type\":\"EntryPoint\",\"urlTemplate\":\"https:\\\/\\\/seed.hu\\\/?s={search_term_string}\"},\"query-input\":{\"@type\":\"PropertyValueSpecification\",\"valueRequired\":true,\"valueName\":\"search_term_string\"}}],\"inLanguage\":\"en-US\"}]}<\/script>\n<!-- \/ Yoast SEO plugin. -->","yoast_head_json":{"title":"Mentorok \u00e9s mentor\u00e1ltak - T\u00edzr\u00e9szes sorozatot ind\u00edtunk \u00fatj\u00e1ra a mai napon. - Seed","robots":{"index":"index","follow":"follow","max-snippet":"max-snippet:-1","max-image-preview":"max-image-preview:large","max-video-preview":"max-video-preview:-1"},"canonical":"https:\/\/seed.hu\/hirek\/mentorok-es-mentoraltak-tizreszes-sorozatot-inditunk-utjara-a-mai-napon\/","og_locale":"en_US","og_type":"article","og_title":"Mentorok \u00e9s mentor\u00e1ltak - T\u00edzr\u00e9szes sorozatot ind\u00edtunk \u00fatj\u00e1ra a mai napon. - Seed","og_description":"Mentorok \u00e9s mentor\u00e1ltak T\u00edzr\u00e9szes sorozatot ind\u00edtunk \u00fatj\u00e1ra a mai napon. A sorozatban olyan v\u00e1llalkoz\u00f3kat mutatunk be, akik mentork\u00e9nt vagy mentor\u00e1ltk\u00e9nt r\u00e9szt vettek vagy r\u00e9szt vesznek a SEED Alap\u00edtv\u00e1ny kor\u00e1bbi (MENTOR-NET), illetve jelenlegi (Szem\u00e9lyes V\u00e1llalkoz\u00f3i Mentorprogram) mentorprogramj\u00e1ban, esetleg mindkett\u0151ben. Amellett, hogy r\u00f6viden bemutatjuk a v\u00e1llalkoz\u00f3i p\u00e1lyafut\u00e1sukat, arra voltunk k\u00edv\u00e1ncsiak, hogy mi\u00e9rt d\u00f6nt\u00f6ttek \u00fagy annak idej\u00e9n, illetve [&hellip;]","og_url":"https:\/\/seed.hu\/hirek\/mentorok-es-mentoraltak-tizreszes-sorozatot-inditunk-utjara-a-mai-napon\/","og_site_name":"Seed","article_modified_time":"2022-01-19T19:05:45+00:00","og_image":[{"width":773,"height":774,"url":"https:\/\/seed.hu\/wp-content\/uploads\/2021\/04\/Orsza\u0301gos-Va\u0301llalkozo\u0301i-Mentorprogram.png","type":"image\/png"}],"twitter_card":"summary_large_image","twitter_misc":{"Est. reading time":"1 minute"},"schema":{"@context":"https:\/\/schema.org","@graph":[{"@type":"WebPage","@id":"https:\/\/seed.hu\/hirek\/mentorok-es-mentoraltak-tizreszes-sorozatot-inditunk-utjara-a-mai-napon\/","url":"https:\/\/seed.hu\/hirek\/mentorok-es-mentoraltak-tizreszes-sorozatot-inditunk-utjara-a-mai-napon\/","name":"Mentorok \u00e9s mentor\u00e1ltak - T\u00edzr\u00e9szes sorozatot ind\u00edtunk \u00fatj\u00e1ra a mai napon. - Seed","isPartOf":{"@id":"https:\/\/seed.hu\/#website"},"primaryImageOfPage":{"@id":"https:\/\/seed.hu\/hirek\/mentorok-es-mentoraltak-tizreszes-sorozatot-inditunk-utjara-a-mai-napon\/#primaryimage"},"image":{"@id":"https:\/\/seed.hu\/hirek\/mentorok-es-mentoraltak-tizreszes-sorozatot-inditunk-utjara-a-mai-napon\/#primaryimage"},"thumbnailUrl":"https:\/\/seed.hu\/wp-content\/uploads\/2021\/04\/Orsza\u0301gos-Va\u0301llalkozo\u0301i-Mentorprogram.png","datePublished":"2020-01-08T08:50:29+00:00","dateModified":"2022-01-19T19:05:45+00:00","breadcrumb":{"@id":"https:\/\/seed.hu\/hirek\/mentorok-es-mentoraltak-tizreszes-sorozatot-inditunk-utjara-a-mai-napon\/#breadcrumb"},"inLanguage":"en-US","potentialAction":[{"@type":"ReadAction","target":["https:\/\/seed.hu\/hirek\/mentorok-es-mentoraltak-tizreszes-sorozatot-inditunk-utjara-a-mai-napon\/"]}]},{"@type":"ImageObject","inLanguage":"en-US","@id":"https:\/\/seed.hu\/hirek\/mentorok-es-mentoraltak-tizreszes-sorozatot-inditunk-utjara-a-mai-napon\/#primaryimage","url":"https:\/\/seed.hu\/wp-content\/uploads\/2021\/04\/Orsza\u0301gos-Va\u0301llalkozo\u0301i-Mentorprogram.png","contentUrl":"https:\/\/seed.hu\/wp-content\/uploads\/2021\/04\/Orsza\u0301gos-Va\u0301llalkozo\u0301i-Mentorprogram.png","width":773,"height":774},{"@type":"BreadcrumbList","@id":"https:\/\/seed.hu\/hirek\/mentorok-es-mentoraltak-tizreszes-sorozatot-inditunk-utjara-a-mai-napon\/#breadcrumb","itemListElement":[{"@type":"ListItem","position":1,"name":"H\u00edrek","item":"https:\/\/seed.hu\/hirek\/"},{"@type":"ListItem","position":2,"name":"Mentorok \u00e9s mentor\u00e1ltak &#8211; T\u00edzr\u00e9szes sorozatot ind\u00edtunk \u00fatj\u00e1ra a mai napon."}]},{"@type":"WebSite","@id":"https:\/\/seed.hu\/#website","url":"https:\/\/seed.hu\/","name":"Seed","description":"","potentialAction":[{"@type":"SearchAction","target":{"@type":"EntryPoint","urlTemplate":"https:\/\/seed.hu\/?s={search_term_string}"},"query-input":{"@type":"PropertyValueSpecification","valueRequired":true,"valueName":"search_term_string"}}],"inLanguage":"en-US"}]}},"_links":{"self":[{"href":"https:\/\/seed.hu\/en\/wp-json\/wp\/v2\/hirek\/923","targetHints":{"allow":["GET"]}}],"collection":[{"href":"https:\/\/seed.hu\/en\/wp-json\/wp\/v2\/hirek"}],"about":[{"href":"https:\/\/seed.hu\/en\/wp-json\/wp\/v2\/types\/hirek"}],"wp:featuredmedia":[{"embeddable":true,"href":"https:\/\/seed.hu\/en\/wp-json\/wp\/v2\/media\/338"}],"wp:attachment":[{"href":"https:\/\/seed.hu\/en\/wp-json\/wp\/v2\/media?parent=923"}],"curies":[{"name":"wp","href":"https:\/\/api.w.org\/{rel}","templated":true}]}}

Mentorok és mentoráltak &#8211; Tízrészes sorozatot indítunk útjára a mai napon.

<p><a href="https://seed.hu/hirek/mentorok-es-mentoraltak-jelentkezeset-varja-a-seed-alapitvany/ovm/" rel="attachment wp-att-844"><img loading="lazy" decoding="async" class="alignnone wp-image-844 size-full" src="https://seed.hu/wp-content/uploads/2022/01/OVM.png" alt="" width="601" height="163" srcset="https://seed.hu/wp-content/uploads/2022/01/OVM.png 601w, https://seed.hu/wp-content/uploads/2022/01/OVM-300x81.png 300w" sizes="auto, (max-width: 601px) 100vw, 601px" /></a></p>
<p><strong>Mentorok és mentoráltak</strong></p>
<p>Tízrészes sorozatot indítunk útjára a mai napon. A sorozatban olyan vállalkozókat mutatunk be, akik mentorként vagy mentoráltként részt vettek vagy részt vesznek a SEED Alapítvány korábbi (MENTOR-NET), illetve jelenlegi (Személyes Vállalkozói Mentorprogram) mentorprogramjában, esetleg mindkettőben. Amellett, hogy röviden bemutatjuk a vállalkozói pályafutásukat, arra voltunk kíváncsiak, hogy miért döntöttek úgy annak idején, illetve most, hogy részt vesznek egy mentorprogramban. Mi motiválta/motiválja a mentorokat, hogy a saját nem kevés munkájuk mellett még másokat is segítsenek céljaik elérésében, illetve miért gondolták/gondolják úgy a mentoráltak, hogy segítséget kérnek egy tapasztaltabb vállalkozótól. A következő napokban, hetekben tehát vállalkozók beszélnek magukról, a céljaikról és a motivációjukról. És arról, miért jó segíteni másokon, illetve miért jó másoktól tanulni.</p>

<!-- This site is optimized with the Yoast SEO plugin v27.4 - https://yoast.com/product/yoast-seo-wordpress/ -->
<title>Mentorok és mentoráltak - Tízrészes sorozatot indítunk útjára a mai napon. - Seed</title>
<meta name="robots" content="index, follow, max-snippet:-1, max-image-preview:large, max-video-preview:-1" />
<link rel="canonical" href="https://seed.hu/hirek/mentorok-es-mentoraltak-tizreszes-sorozatot-inditunk-utjara-a-mai-napon/" />
<meta property="og:locale" content="en_US" />
<meta property="og:type" content="article" />
<meta property="og:title" content="Mentorok és mentoráltak - Tízrészes sorozatot indítunk útjára a mai napon. - Seed" />
<meta property="og:description" content="Mentorok és mentoráltak Tízrészes sorozatot indítunk útjára a mai napon. A sorozatban olyan vállalkozókat mutatunk be, akik mentorként vagy mentoráltként részt vettek vagy részt vesznek a SEED Alapítvány korábbi (MENTOR-NET), illetve jelenlegi (Személyes Vállalkozói Mentorprogram) mentorprogramjában, esetleg mindkettőben. Amellett, hogy röviden bemutatjuk a vállalkozói pályafutásukat, arra voltunk kíváncsiak, hogy miért döntöttek úgy annak idején, illetve [&hellip;]" />
<meta property="og:url" content="https://seed.hu/hirek/mentorok-es-mentoraltak-tizreszes-sorozatot-inditunk-utjara-a-mai-napon/" />
<meta property="og:site_name" content="Seed" />
<meta property="article:modified_time" content="2022-01-19T19:05:45+00:00" />
<meta property="og:image" content="https://seed.hu/wp-content/uploads/2021/04/Országos-Vállalkozói-Mentorprogram.png" />
	<meta property="og:image:width" content="773" />
	<meta property="og:image:height" content="774" />
	<meta property="og:image:type" content="image/png" />
<meta name="twitter:card" content="summary_large_image" />
<meta name="twitter:label1" content="Est. reading time" />
	<meta name="twitter:data1" content="1 minute" />
<script type="application/ld+json" class="yoast-schema-graph">{"@context":"https:\/\/schema.org","@graph":[{"@type":"WebPage","@id":"https:\/\/seed.hu\/hirek\/mentorok-es-mentoraltak-tizreszes-sorozatot-inditunk-utjara-a-mai-napon\/","url":"https:\/\/seed.hu\/hirek\/mentorok-es-mentoraltak-tizreszes-sorozatot-inditunk-utjara-a-mai-napon\/","name":"Mentorok és mentoráltak - Tízrészes sorozatot indítunk útjára a mai napon. - Seed","isPartOf":{"@id":"https:\/\/seed.hu\/#website"},"primaryImageOfPage":{"@id":"https:\/\/seed.hu\/hirek\/mentorok-es-mentoraltak-tizreszes-sorozatot-inditunk-utjara-a-mai-napon\/#primaryimage"},"image":{"@id":"https:\/\/seed.hu\/hirek\/mentorok-es-mentoraltak-tizreszes-sorozatot-inditunk-utjara-a-mai-napon\/#primaryimage"},"thumbnailUrl":"https:\/\/seed.hu\/wp-content\/uploads\/2021\/04\/Országos-Vállalkozói-Mentorprogram.png","datePublished":"2020-01-08T08:50:29+00:00","dateModified":"2022-01-19T19:05:45+00:00","breadcrumb":{"@id":"https:\/\/seed.hu\/hirek\/mentorok-es-mentoraltak-tizreszes-sorozatot-inditunk-utjara-a-mai-napon\/#breadcrumb"},"inLanguage":"en-US","potentialAction":[{"@type":"ReadAction","target":["https:\/\/seed.hu\/hirek\/mentorok-es-mentoraltak-tizreszes-sorozatot-inditunk-utjara-a-mai-napon\/"]}]},{"@type":"ImageObject","inLanguage":"en-US","@id":"https:\/\/seed.hu\/hirek\/mentorok-es-mentoraltak-tizreszes-sorozatot-inditunk-utjara-a-mai-napon\/#primaryimage","url":"https:\/\/seed.hu\/wp-content\/uploads\/2021\/04\/Országos-Vállalkozói-Mentorprogram.png","contentUrl":"https:\/\/seed.hu\/wp-content\/uploads\/2021\/04\/Országos-Vállalkozói-Mentorprogram.png","width":773,"height":774},{"@type":"BreadcrumbList","@id":"https:\/\/seed.hu\/hirek\/mentorok-es-mentoraltak-tizreszes-sorozatot-inditunk-utjara-a-mai-napon\/#breadcrumb","itemListElement":[{"@type":"ListItem","position":1,"name":"Hírek","item":"https:\/\/seed.hu\/hirek\/"},{"@type":"ListItem","position":2,"name":"Mentorok és mentoráltak &#8211; Tízrészes sorozatot indítunk útjára a mai napon."}]},{"@type":"WebSite","@id":"https:\/\/seed.hu\/#website","url":"https:\/\/seed.hu\/","name":"Seed","description":"","potentialAction":[{"@type":"SearchAction","target":{"@type":"EntryPoint","urlTemplate":"https:\/\/seed.hu\/?s={search_term_string}"},"query-input":{"@type":"PropertyValueSpecification","valueRequired":true,"valueName":"search_term_string"}}],"inLanguage":"en-US"}]}</script>
<!-- / Yoast SEO plugin. -->

Mentorok és mentoráltak - Tízrészes sorozatot indítunk útjára a mai napon. - Seed

Mentorok és mentoráltak Tízrészes sorozatot indítunk útjára a mai napon. A sorozatban olyan vállalkozókat mutatunk be, akik mentorként vagy mentoráltként részt vettek vagy részt vesznek a SEED Alapítvány korábbi (MENTOR-NET), illetve jelenlegi (Személyes Vállalkozói Mentorprogram) mentorprogramjában, esetleg mindkettőben. Amellett, hogy röviden bemutatjuk a vállalkozói pályafutásukat, arra voltunk kíváncsiak, hogy miért döntöttek úgy annak idején, illetve [&hellip;]

Hírek
