{"id":942,"date":"2020-03-26T10:55:19","date_gmt":"2020-03-26T09:55:19","guid":{"rendered":"https:\/\/seed.hu\/?post_type=hirek&#038;p=942"},"modified":"2022-01-20T17:38:34","modified_gmt":"2022-01-20T16:38:34","slug":"a-vallalkozasok-egymasert","status":"publish","type":"hirek","link":"https:\/\/seed.hu\/en\/hirek\/a-vallalkozasok-egymasert\/","title":{"rendered":"A v\u00e1llalkoz\u00e1sok egym\u00e1s\u00e9rt"},"content":{"rendered":"<p>Sokan m\u00e9rlegelik a napokban, hogy milyen kil\u00e1t\u00e1saik vannak a j\u00f6v\u0151re n\u00e9zve \u00e9s mivel kell sz\u00e1molniuk az \u00faj koronav\u00edrus j\u00e1rv\u00e1ny alatt \u00e9s az ut\u00e1na k\u00f6vetkez\u0151 id\u0151szakban. Sz\u00e1mos v\u00e1llalkoz\u00e1s ker\u00fclt \u00e9s ker\u00fcl neh\u00e9z helyzetbe Magyarorsz\u00e1gon, \u00f6sszefog\u00e1sra van sz\u00fcks\u00e9g.<\/p>\n<p>A seg\u00edts\u00e9gny\u00fajt\u00e1s \u00e9s probl\u00e9makezel\u00e9s els\u0151 \u00e9s fontos l\u00e9p\u00e9se a helyzet \u00e1tl\u00e1t\u00e1sa. Folyamatban van a felm\u00e9r\u00e9se annak, hogy el\u0151rel\u00e1that\u00f3lag mekkora kies\u00e9st fog jelenteni \u00e9s mely \u00e1gazatokat fogja \u00e9rinteni a legink\u00e1bb a v\u00edrusj\u00e1rv\u00e1ny okozta le\u00e1ll\u00e1s \u00e9s hol, milyen t\u00e1mogat\u00e1sra van sz\u00fcks\u00e9g.<\/p>\n<p><strong>Ebben a neh\u00e9z id\u0151szakban azzal tud seg\u00edteni, ha k\u00e9rd\u0151\u00edv\u00fcnkre v\u00e1laszolva \u00e1tgondolja az \u00d6n v\u00e1llalkoz\u00e1s\u00e1nak kih\u00edv\u00e1sait \u00e9s megosztja vel\u00fcnk tapasztalatait a t\u00e9m\u00e1val kapcsolatban.<\/strong><\/p>\n<p><a href=\"http:\/\/kutatas.gvi.hu\/index.php\/612439\" target=\"_blank\" rel=\"noopener\">KIT\u00d6LT\u00d6M A FELM\u00c9R\u0150 K\u00c9RD\u0150\u00cdVET.<\/a><\/p>\n<p><img decoding=\"async\" style=\"width: 200px; height: 200px;\" src=\"https:\/\/seed.hu\/files\/attachments\/inline\/itm.png\" alt=\"\" \/><\/p>\n","protected":false},"featured_media":792,"menu_order":0,"template":"","meta":{"_acf_changed":false},"class_list":["post-942","hirek","type-hirek","status-publish","has-post-thumbnail","hentry"],"acf":[],"yoast_head":"<!-- This site is optimized with the Yoast SEO plugin v27.4 - https:\/\/yoast.com\/product\/yoast-seo-wordpress\/ -->\n<title>A v\u00e1llalkoz\u00e1sok egym\u00e1s\u00e9rt - Seed<\/title>\n<meta name=\"robots\" content=\"index, follow, max-snippet:-1, max-image-preview:large, max-video-preview:-1\" \/>\n<link rel=\"canonical\" href=\"https:\/\/seed.hu\/hirek\/a-vallalkozasok-egymasert\/\" \/>\n<meta property=\"og:locale\" content=\"en_US\" \/>\n<meta property=\"og:type\" content=\"article\" \/>\n<meta property=\"og:title\" content=\"A v\u00e1llalkoz\u00e1sok egym\u00e1s\u00e9rt - Seed\" \/>\n<meta property=\"og:description\" content=\"Sokan m\u00e9rlegelik a napokban, hogy milyen kil\u00e1t\u00e1saik vannak a j\u00f6v\u0151re n\u00e9zve \u00e9s mivel kell sz\u00e1molniuk az \u00faj koronav\u00edrus j\u00e1rv\u00e1ny alatt \u00e9s az ut\u00e1na k\u00f6vetkez\u0151 id\u0151szakban. Sz\u00e1mos v\u00e1llalkoz\u00e1s ker\u00fclt \u00e9s ker\u00fcl neh\u00e9z helyzetbe Magyarorsz\u00e1gon, \u00f6sszefog\u00e1sra van sz\u00fcks\u00e9g. A seg\u00edts\u00e9gny\u00fajt\u00e1s \u00e9s probl\u00e9makezel\u00e9s els\u0151 \u00e9s fontos l\u00e9p\u00e9se a helyzet \u00e1tl\u00e1t\u00e1sa. Folyamatban van a felm\u00e9r\u00e9se annak, hogy el\u0151rel\u00e1that\u00f3lag mekkora [&hellip;]\" \/>\n<meta property=\"og:url\" content=\"https:\/\/seed.hu\/hirek\/a-vallalkozasok-egymasert\/\" \/>\n<meta property=\"og:site_name\" content=\"Seed\" \/>\n<meta property=\"article:modified_time\" content=\"2022-01-20T16:38:34+00:00\" \/>\n<meta property=\"og:image\" content=\"https:\/\/seed.hu\/wp-content\/uploads\/2018\/04\/SEED_logo.png\" \/>\n\t<meta property=\"og:image:width\" content=\"250\" \/>\n\t<meta property=\"og:image:height\" content=\"206\" \/>\n\t<meta property=\"og:image:type\" content=\"image\/png\" \/>\n<meta name=\"twitter:card\" content=\"summary_large_image\" \/>\n<meta name=\"twitter:label1\" content=\"Est. reading time\" \/>\n\t<meta name=\"twitter:data1\" content=\"1 minute\" \/>\n<script type=\"application\/ld+json\" class=\"yoast-schema-graph\">{\"@context\":\"https:\\\/\\\/schema.org\",\"@graph\":[{\"@type\":\"WebPage\",\"@id\":\"https:\\\/\\\/seed.hu\\\/hirek\\\/a-vallalkozasok-egymasert\\\/\",\"url\":\"https:\\\/\\\/seed.hu\\\/hirek\\\/a-vallalkozasok-egymasert\\\/\",\"name\":\"A v\u00e1llalkoz\u00e1sok egym\u00e1s\u00e9rt - Seed\",\"isPartOf\":{\"@id\":\"https:\\\/\\\/seed.hu\\\/#website\"},\"primaryImageOfPage\":{\"@id\":\"https:\\\/\\\/seed.hu\\\/hirek\\\/a-vallalkozasok-egymasert\\\/#primaryimage\"},\"image\":{\"@id\":\"https:\\\/\\\/seed.hu\\\/hirek\\\/a-vallalkozasok-egymasert\\\/#primaryimage\"},\"thumbnailUrl\":\"https:\\\/\\\/seed.hu\\\/wp-content\\\/uploads\\\/2018\\\/04\\\/SEED_logo.png\",\"datePublished\":\"2020-03-26T09:55:19+00:00\",\"dateModified\":\"2022-01-20T16:38:34+00:00\",\"breadcrumb\":{\"@id\":\"https:\\\/\\\/seed.hu\\\/hirek\\\/a-vallalkozasok-egymasert\\\/#breadcrumb\"},\"inLanguage\":\"en-US\",\"potentialAction\":[{\"@type\":\"ReadAction\",\"target\":[\"https:\\\/\\\/seed.hu\\\/hirek\\\/a-vallalkozasok-egymasert\\\/\"]}]},{\"@type\":\"ImageObject\",\"inLanguage\":\"en-US\",\"@id\":\"https:\\\/\\\/seed.hu\\\/hirek\\\/a-vallalkozasok-egymasert\\\/#primaryimage\",\"url\":\"https:\\\/\\\/seed.hu\\\/wp-content\\\/uploads\\\/2018\\\/04\\\/SEED_logo.png\",\"contentUrl\":\"https:\\\/\\\/seed.hu\\\/wp-content\\\/uploads\\\/2018\\\/04\\\/SEED_logo.png\",\"width\":250,\"height\":206},{\"@type\":\"BreadcrumbList\",\"@id\":\"https:\\\/\\\/seed.hu\\\/hirek\\\/a-vallalkozasok-egymasert\\\/#breadcrumb\",\"itemListElement\":[{\"@type\":\"ListItem\",\"position\":1,\"name\":\"H\u00edrek\",\"item\":\"https:\\\/\\\/seed.hu\\\/hirek\\\/\"},{\"@type\":\"ListItem\",\"position\":2,\"name\":\"A v\u00e1llalkoz\u00e1sok egym\u00e1s\u00e9rt\"}]},{\"@type\":\"WebSite\",\"@id\":\"https:\\\/\\\/seed.hu\\\/#website\",\"url\":\"https:\\\/\\\/seed.hu\\\/\",\"name\":\"Seed\",\"description\":\"\",\"potentialAction\":[{\"@type\":\"SearchAction\",\"target\":{\"@type\":\"EntryPoint\",\"urlTemplate\":\"https:\\\/\\\/seed.hu\\\/?s={search_term_string}\"},\"query-input\":{\"@type\":\"PropertyValueSpecification\",\"valueRequired\":true,\"valueName\":\"search_term_string\"}}],\"inLanguage\":\"en-US\"}]}<\/script>\n<!-- \/ Yoast SEO plugin. -->","yoast_head_json":{"title":"A v\u00e1llalkoz\u00e1sok egym\u00e1s\u00e9rt - Seed","robots":{"index":"index","follow":"follow","max-snippet":"max-snippet:-1","max-image-preview":"max-image-preview:large","max-video-preview":"max-video-preview:-1"},"canonical":"https:\/\/seed.hu\/hirek\/a-vallalkozasok-egymasert\/","og_locale":"en_US","og_type":"article","og_title":"A v\u00e1llalkoz\u00e1sok egym\u00e1s\u00e9rt - Seed","og_description":"Sokan m\u00e9rlegelik a napokban, hogy milyen kil\u00e1t\u00e1saik vannak a j\u00f6v\u0151re n\u00e9zve \u00e9s mivel kell sz\u00e1molniuk az \u00faj koronav\u00edrus j\u00e1rv\u00e1ny alatt \u00e9s az ut\u00e1na k\u00f6vetkez\u0151 id\u0151szakban. Sz\u00e1mos v\u00e1llalkoz\u00e1s ker\u00fclt \u00e9s ker\u00fcl neh\u00e9z helyzetbe Magyarorsz\u00e1gon, \u00f6sszefog\u00e1sra van sz\u00fcks\u00e9g. A seg\u00edts\u00e9gny\u00fajt\u00e1s \u00e9s probl\u00e9makezel\u00e9s els\u0151 \u00e9s fontos l\u00e9p\u00e9se a helyzet \u00e1tl\u00e1t\u00e1sa. Folyamatban van a felm\u00e9r\u00e9se annak, hogy el\u0151rel\u00e1that\u00f3lag mekkora [&hellip;]","og_url":"https:\/\/seed.hu\/hirek\/a-vallalkozasok-egymasert\/","og_site_name":"Seed","article_modified_time":"2022-01-20T16:38:34+00:00","og_image":[{"width":250,"height":206,"url":"https:\/\/seed.hu\/wp-content\/uploads\/2018\/04\/SEED_logo.png","type":"image\/png"}],"twitter_card":"summary_large_image","twitter_misc":{"Est. reading time":"1 minute"},"schema":{"@context":"https:\/\/schema.org","@graph":[{"@type":"WebPage","@id":"https:\/\/seed.hu\/hirek\/a-vallalkozasok-egymasert\/","url":"https:\/\/seed.hu\/hirek\/a-vallalkozasok-egymasert\/","name":"A v\u00e1llalkoz\u00e1sok egym\u00e1s\u00e9rt - Seed","isPartOf":{"@id":"https:\/\/seed.hu\/#website"},"primaryImageOfPage":{"@id":"https:\/\/seed.hu\/hirek\/a-vallalkozasok-egymasert\/#primaryimage"},"image":{"@id":"https:\/\/seed.hu\/hirek\/a-vallalkozasok-egymasert\/#primaryimage"},"thumbnailUrl":"https:\/\/seed.hu\/wp-content\/uploads\/2018\/04\/SEED_logo.png","datePublished":"2020-03-26T09:55:19+00:00","dateModified":"2022-01-20T16:38:34+00:00","breadcrumb":{"@id":"https:\/\/seed.hu\/hirek\/a-vallalkozasok-egymasert\/#breadcrumb"},"inLanguage":"en-US","potentialAction":[{"@type":"ReadAction","target":["https:\/\/seed.hu\/hirek\/a-vallalkozasok-egymasert\/"]}]},{"@type":"ImageObject","inLanguage":"en-US","@id":"https:\/\/seed.hu\/hirek\/a-vallalkozasok-egymasert\/#primaryimage","url":"https:\/\/seed.hu\/wp-content\/uploads\/2018\/04\/SEED_logo.png","contentUrl":"https:\/\/seed.hu\/wp-content\/uploads\/2018\/04\/SEED_logo.png","width":250,"height":206},{"@type":"BreadcrumbList","@id":"https:\/\/seed.hu\/hirek\/a-vallalkozasok-egymasert\/#breadcrumb","itemListElement":[{"@type":"ListItem","position":1,"name":"H\u00edrek","item":"https:\/\/seed.hu\/hirek\/"},{"@type":"ListItem","position":2,"name":"A v\u00e1llalkoz\u00e1sok egym\u00e1s\u00e9rt"}]},{"@type":"WebSite","@id":"https:\/\/seed.hu\/#website","url":"https:\/\/seed.hu\/","name":"Seed","description":"","potentialAction":[{"@type":"SearchAction","target":{"@type":"EntryPoint","urlTemplate":"https:\/\/seed.hu\/?s={search_term_string}"},"query-input":{"@type":"PropertyValueSpecification","valueRequired":true,"valueName":"search_term_string"}}],"inLanguage":"en-US"}]}},"_links":{"self":[{"href":"https:\/\/seed.hu\/en\/wp-json\/wp\/v2\/hirek\/942","targetHints":{"allow":["GET"]}}],"collection":[{"href":"https:\/\/seed.hu\/en\/wp-json\/wp\/v2\/hirek"}],"about":[{"href":"https:\/\/seed.hu\/en\/wp-json\/wp\/v2\/types\/hirek"}],"wp:featuredmedia":[{"embeddable":true,"href":"https:\/\/seed.hu\/en\/wp-json\/wp\/v2\/media\/792"}],"wp:attachment":[{"href":"https:\/\/seed.hu\/en\/wp-json\/wp\/v2\/media?parent=942"}],"curies":[{"name":"wp","href":"https:\/\/api.w.org\/{rel}","templated":true}]}}

A vállalkozások egymásért

<p>Sokan mérlegelik a napokban, hogy milyen kilátásaik vannak a jövőre nézve és mivel kell számolniuk az új koronavírus járvány alatt és az utána következő időszakban. Számos vállalkozás került és kerül nehéz helyzetbe Magyarországon, összefogásra van szükség.</p>
<p>A segítségnyújtás és problémakezelés első és fontos lépése a helyzet átlátása. Folyamatban van a felmérése annak, hogy előreláthatólag mekkora kiesést fog jelenteni és mely ágazatokat fogja érinteni a leginkább a vírusjárvány okozta leállás és hol, milyen támogatásra van szükség.</p>
<p><strong>Ebben a nehéz időszakban azzal tud segíteni, ha kérdőívünkre válaszolva átgondolja az Ön vállalkozásának kihívásait és megosztja velünk tapasztalatait a témával kapcsolatban.</strong></p>
<p><a href="http://kutatas.gvi.hu/index.php/612439" target="_blank" rel="noopener">KITÖLTÖM A FELMÉRŐ KÉRDŐÍVET.</a></p>
<p><img decoding="async" style="width: 200px; height: 200px;" src="https://seed.hu/files/attachments/inline/itm.png" alt="" /></p>

<!-- This site is optimized with the Yoast SEO plugin v27.4 - https://yoast.com/product/yoast-seo-wordpress/ -->
<title>A vállalkozások egymásért - Seed</title>
<meta name="robots" content="index, follow, max-snippet:-1, max-image-preview:large, max-video-preview:-1" />
<link rel="canonical" href="https://seed.hu/hirek/a-vallalkozasok-egymasert/" />
<meta property="og:locale" content="en_US" />
<meta property="og:type" content="article" />
<meta property="og:title" content="A vállalkozások egymásért - Seed" />
<meta property="og:description" content="Sokan mérlegelik a napokban, hogy milyen kilátásaik vannak a jövőre nézve és mivel kell számolniuk az új koronavírus járvány alatt és az utána következő időszakban. Számos vállalkozás került és kerül nehéz helyzetbe Magyarországon, összefogásra van szükség. A segítségnyújtás és problémakezelés első és fontos lépése a helyzet átlátása. Folyamatban van a felmérése annak, hogy előreláthatólag mekkora [&hellip;]" />
<meta property="og:url" content="https://seed.hu/hirek/a-vallalkozasok-egymasert/" />
<meta property="og:site_name" content="Seed" />
<meta property="article:modified_time" content="2022-01-20T16:38:34+00:00" />
<meta property="og:image" content="https://seed.hu/wp-content/uploads/2018/04/SEED_logo.png" />
	<meta property="og:image:width" content="250" />
	<meta property="og:image:height" content="206" />
	<meta property="og:image:type" content="image/png" />
<meta name="twitter:card" content="summary_large_image" />
<meta name="twitter:label1" content="Est. reading time" />
	<meta name="twitter:data1" content="1 minute" />
<script type="application/ld+json" class="yoast-schema-graph">{"@context":"https:\/\/schema.org","@graph":[{"@type":"WebPage","@id":"https:\/\/seed.hu\/hirek\/a-vallalkozasok-egymasert\/","url":"https:\/\/seed.hu\/hirek\/a-vallalkozasok-egymasert\/","name":"A vállalkozások egymásért - Seed","isPartOf":{"@id":"https:\/\/seed.hu\/#website"},"primaryImageOfPage":{"@id":"https:\/\/seed.hu\/hirek\/a-vallalkozasok-egymasert\/#primaryimage"},"image":{"@id":"https:\/\/seed.hu\/hirek\/a-vallalkozasok-egymasert\/#primaryimage"},"thumbnailUrl":"https:\/\/seed.hu\/wp-content\/uploads\/2018\/04\/SEED_logo.png","datePublished":"2020-03-26T09:55:19+00:00","dateModified":"2022-01-20T16:38:34+00:00","breadcrumb":{"@id":"https:\/\/seed.hu\/hirek\/a-vallalkozasok-egymasert\/#breadcrumb"},"inLanguage":"en-US","potentialAction":[{"@type":"ReadAction","target":["https:\/\/seed.hu\/hirek\/a-vallalkozasok-egymasert\/"]}]},{"@type":"ImageObject","inLanguage":"en-US","@id":"https:\/\/seed.hu\/hirek\/a-vallalkozasok-egymasert\/#primaryimage","url":"https:\/\/seed.hu\/wp-content\/uploads\/2018\/04\/SEED_logo.png","contentUrl":"https:\/\/seed.hu\/wp-content\/uploads\/2018\/04\/SEED_logo.png","width":250,"height":206},{"@type":"BreadcrumbList","@id":"https:\/\/seed.hu\/hirek\/a-vallalkozasok-egymasert\/#breadcrumb","itemListElement":[{"@type":"ListItem","position":1,"name":"Hírek","item":"https:\/\/seed.hu\/hirek\/"},{"@type":"ListItem","position":2,"name":"A vállalkozások egymásért"}]},{"@type":"WebSite","@id":"https:\/\/seed.hu\/#website","url":"https:\/\/seed.hu\/","name":"Seed","description":"","potentialAction":[{"@type":"SearchAction","target":{"@type":"EntryPoint","urlTemplate":"https:\/\/seed.hu\/?s={search_term_string}"},"query-input":{"@type":"PropertyValueSpecification","valueRequired":true,"valueName":"search_term_string"}}],"inLanguage":"en-US"}]}</script>
<!-- / Yoast SEO plugin. -->

A vállalkozások egymásért - Seed

Sokan mérlegelik a napokban, hogy milyen kilátásaik vannak a jövőre nézve és mivel kell számolniuk az új koronavírus járvány alatt és az utána következő időszakban. Számos vállalkozás került és kerül nehéz helyzetbe Magyarországon, összefogásra van szükség. A segítségnyújtás és problémakezelés első és fontos lépése a helyzet átlátása. Folyamatban van a felmérése annak, hogy előreláthatólag mekkora [&hellip;]

Hírek
