{"id":948,"date":"2020-04-20T08:26:32","date_gmt":"2020-04-20T06:26:32","guid":{"rendered":"https:\/\/seed.hu\/?post_type=hirek&#038;p=948"},"modified":"2022-01-20T17:46:53","modified_gmt":"2022-01-20T16:46:53","slug":"veszhelyzet-info-varjuk-kerdeseit","status":"publish","type":"hirek","link":"https:\/\/seed.hu\/en\/hirek\/veszhelyzet-info-varjuk-kerdeseit\/","title":{"rendered":"V\u00e9szhelyzet.info \u2013 v\u00e1rjuk k\u00e9rd\u00e9seit"},"content":{"rendered":"<p><a href=\"https:\/\/seed.hu\/szolgaltatasok\/kerdezd-a-tanacsadot\/partnerbig2\/\" rel=\"attachment wp-att-41\"><img loading=\"lazy\" decoding=\"async\" class=\"alignnone wp-image-41 size-full\" src=\"https:\/\/seed.hu\/wp-content\/uploads\/2021\/02\/partnerBig2.png\" alt=\"\" width=\"241\" height=\"75\" \/><\/a><\/p>\n<p>Folyamatosan fogadjuk a j\u00e1rv\u00e1nyhelyzet gazdas\u00e1gi hat\u00e1saival \u00e9rintett v\u00e1llalkoz\u00f3k k\u00e9rd\u00e9seit a <strong><a href=\"http:\/\/tanacsadas.seed.hu\/veszhelyzet-info\" target=\"_blank\" rel=\"noopener\">veszhelyzet.info<\/a><\/strong> oldalon.<\/p>\n<p>A hozz\u00e1nk csatlakoz\u00f3 szak\u00e9rt\u0151k alapvet\u0151en a k\u00f6vetkez\u0151 ter\u00fcleteken tudnak seg\u00edts\u00e9get ny\u00fajtani:<\/p>\n<ol>\n<li>vezet\u0151 szem\u00e9ly\u00e9nek t\u00e1mogat\u00e1sa,<\/li>\n<li>\u00fczleti tervek, \u00fczleti modellek \u00fajragondol\u00e1sa,<\/li>\n<li>online marketing, online \u00e9rt\u00e9kes\u00edt\u00e9s,<\/li>\n<li>v\u00e1ltoz\u00e1skezel\u00e9s, a v\u00e1ltoz\u00e1s szervezetre gyakorolt hat\u00e1s\u00e1nak felismer\u00e9se, kezel\u00e9se.<\/li>\n<\/ol>\n<p>Emellett err\u0151l az oldalr\u00f3l is el\u00e9rhet\u0151 a Magyar Kereskedelmi \u00e9s Iparkamara Modern V\u00e1llalkoz\u00e1sok Programja keret\u00e9ben ny\u00fajtott d\u00edjmentesen seg\u00edts\u00e9g, a <strong><a href=\"https:\/\/vallalkozzdigitalisan.hu\/digitalis_segelyvonal\" target=\"_blank\" rel=\"noopener\">digit\u00e1lis seg\u00e9lyvonal<\/a> <\/strong>\u00a0a mikro-, kis- \u00e9s k\u00f6z\u00e9pv\u00e1llalkoz\u00e1sok informatikai \u00fcgyeinek int\u00e9z\u00e9s\u00e9hez.<\/p>\n","protected":false},"featured_media":792,"menu_order":0,"template":"","meta":{"_acf_changed":false},"class_list":["post-948","hirek","type-hirek","status-publish","has-post-thumbnail","hentry"],"acf":[],"yoast_head":"<!-- This site is optimized with the Yoast SEO plugin v27.4 - https:\/\/yoast.com\/product\/yoast-seo-wordpress\/ -->\n<title>V\u00e9szhelyzet.info \u2013 v\u00e1rjuk k\u00e9rd\u00e9seit - Seed<\/title>\n<meta name=\"robots\" content=\"index, follow, max-snippet:-1, max-image-preview:large, max-video-preview:-1\" \/>\n<link rel=\"canonical\" href=\"https:\/\/seed.hu\/hirek\/veszhelyzet-info-varjuk-kerdeseit\/\" \/>\n<meta property=\"og:locale\" content=\"en_US\" \/>\n<meta property=\"og:type\" content=\"article\" \/>\n<meta property=\"og:title\" content=\"V\u00e9szhelyzet.info \u2013 v\u00e1rjuk k\u00e9rd\u00e9seit - Seed\" \/>\n<meta property=\"og:description\" content=\"Folyamatosan fogadjuk a j\u00e1rv\u00e1nyhelyzet gazdas\u00e1gi hat\u00e1saival \u00e9rintett v\u00e1llalkoz\u00f3k k\u00e9rd\u00e9seit a veszhelyzet.info oldalon. A hozz\u00e1nk csatlakoz\u00f3 szak\u00e9rt\u0151k alapvet\u0151en a k\u00f6vetkez\u0151 ter\u00fcleteken tudnak seg\u00edts\u00e9get ny\u00fajtani: vezet\u0151 szem\u00e9ly\u00e9nek t\u00e1mogat\u00e1sa, \u00fczleti tervek, \u00fczleti modellek \u00fajragondol\u00e1sa, online marketing, online \u00e9rt\u00e9kes\u00edt\u00e9s, v\u00e1ltoz\u00e1skezel\u00e9s, a v\u00e1ltoz\u00e1s szervezetre gyakorolt hat\u00e1s\u00e1nak felismer\u00e9se, kezel\u00e9se. Emellett err\u0151l az oldalr\u00f3l is el\u00e9rhet\u0151 a Magyar Kereskedelmi \u00e9s Iparkamara Modern [&hellip;]\" \/>\n<meta property=\"og:url\" content=\"https:\/\/seed.hu\/hirek\/veszhelyzet-info-varjuk-kerdeseit\/\" \/>\n<meta property=\"og:site_name\" content=\"Seed\" \/>\n<meta property=\"article:modified_time\" content=\"2022-01-20T16:46:53+00:00\" \/>\n<meta property=\"og:image\" content=\"https:\/\/seed.hu\/wp-content\/uploads\/2018\/04\/SEED_logo.png\" \/>\n\t<meta property=\"og:image:width\" content=\"250\" \/>\n\t<meta property=\"og:image:height\" content=\"206\" \/>\n\t<meta property=\"og:image:type\" content=\"image\/png\" \/>\n<meta name=\"twitter:card\" content=\"summary_large_image\" \/>\n<meta name=\"twitter:label1\" content=\"Est. reading time\" \/>\n\t<meta name=\"twitter:data1\" content=\"1 minute\" \/>\n<script type=\"application\/ld+json\" class=\"yoast-schema-graph\">{\"@context\":\"https:\\\/\\\/schema.org\",\"@graph\":[{\"@type\":\"WebPage\",\"@id\":\"https:\\\/\\\/seed.hu\\\/hirek\\\/veszhelyzet-info-varjuk-kerdeseit\\\/\",\"url\":\"https:\\\/\\\/seed.hu\\\/hirek\\\/veszhelyzet-info-varjuk-kerdeseit\\\/\",\"name\":\"V\u00e9szhelyzet.info \u2013 v\u00e1rjuk k\u00e9rd\u00e9seit - Seed\",\"isPartOf\":{\"@id\":\"https:\\\/\\\/seed.hu\\\/#website\"},\"primaryImageOfPage\":{\"@id\":\"https:\\\/\\\/seed.hu\\\/hirek\\\/veszhelyzet-info-varjuk-kerdeseit\\\/#primaryimage\"},\"image\":{\"@id\":\"https:\\\/\\\/seed.hu\\\/hirek\\\/veszhelyzet-info-varjuk-kerdeseit\\\/#primaryimage\"},\"thumbnailUrl\":\"https:\\\/\\\/seed.hu\\\/wp-content\\\/uploads\\\/2018\\\/04\\\/SEED_logo.png\",\"datePublished\":\"2020-04-20T06:26:32+00:00\",\"dateModified\":\"2022-01-20T16:46:53+00:00\",\"breadcrumb\":{\"@id\":\"https:\\\/\\\/seed.hu\\\/hirek\\\/veszhelyzet-info-varjuk-kerdeseit\\\/#breadcrumb\"},\"inLanguage\":\"en-US\",\"potentialAction\":[{\"@type\":\"ReadAction\",\"target\":[\"https:\\\/\\\/seed.hu\\\/hirek\\\/veszhelyzet-info-varjuk-kerdeseit\\\/\"]}]},{\"@type\":\"ImageObject\",\"inLanguage\":\"en-US\",\"@id\":\"https:\\\/\\\/seed.hu\\\/hirek\\\/veszhelyzet-info-varjuk-kerdeseit\\\/#primaryimage\",\"url\":\"https:\\\/\\\/seed.hu\\\/wp-content\\\/uploads\\\/2018\\\/04\\\/SEED_logo.png\",\"contentUrl\":\"https:\\\/\\\/seed.hu\\\/wp-content\\\/uploads\\\/2018\\\/04\\\/SEED_logo.png\",\"width\":250,\"height\":206},{\"@type\":\"BreadcrumbList\",\"@id\":\"https:\\\/\\\/seed.hu\\\/hirek\\\/veszhelyzet-info-varjuk-kerdeseit\\\/#breadcrumb\",\"itemListElement\":[{\"@type\":\"ListItem\",\"position\":1,\"name\":\"H\u00edrek\",\"item\":\"https:\\\/\\\/seed.hu\\\/hirek\\\/\"},{\"@type\":\"ListItem\",\"position\":2,\"name\":\"V\u00e9szhelyzet.info \u2013 v\u00e1rjuk k\u00e9rd\u00e9seit\"}]},{\"@type\":\"WebSite\",\"@id\":\"https:\\\/\\\/seed.hu\\\/#website\",\"url\":\"https:\\\/\\\/seed.hu\\\/\",\"name\":\"Seed\",\"description\":\"\",\"potentialAction\":[{\"@type\":\"SearchAction\",\"target\":{\"@type\":\"EntryPoint\",\"urlTemplate\":\"https:\\\/\\\/seed.hu\\\/?s={search_term_string}\"},\"query-input\":{\"@type\":\"PropertyValueSpecification\",\"valueRequired\":true,\"valueName\":\"search_term_string\"}}],\"inLanguage\":\"en-US\"}]}<\/script>\n<!-- \/ Yoast SEO plugin. -->","yoast_head_json":{"title":"V\u00e9szhelyzet.info \u2013 v\u00e1rjuk k\u00e9rd\u00e9seit - Seed","robots":{"index":"index","follow":"follow","max-snippet":"max-snippet:-1","max-image-preview":"max-image-preview:large","max-video-preview":"max-video-preview:-1"},"canonical":"https:\/\/seed.hu\/hirek\/veszhelyzet-info-varjuk-kerdeseit\/","og_locale":"en_US","og_type":"article","og_title":"V\u00e9szhelyzet.info \u2013 v\u00e1rjuk k\u00e9rd\u00e9seit - Seed","og_description":"Folyamatosan fogadjuk a j\u00e1rv\u00e1nyhelyzet gazdas\u00e1gi hat\u00e1saival \u00e9rintett v\u00e1llalkoz\u00f3k k\u00e9rd\u00e9seit a veszhelyzet.info oldalon. A hozz\u00e1nk csatlakoz\u00f3 szak\u00e9rt\u0151k alapvet\u0151en a k\u00f6vetkez\u0151 ter\u00fcleteken tudnak seg\u00edts\u00e9get ny\u00fajtani: vezet\u0151 szem\u00e9ly\u00e9nek t\u00e1mogat\u00e1sa, \u00fczleti tervek, \u00fczleti modellek \u00fajragondol\u00e1sa, online marketing, online \u00e9rt\u00e9kes\u00edt\u00e9s, v\u00e1ltoz\u00e1skezel\u00e9s, a v\u00e1ltoz\u00e1s szervezetre gyakorolt hat\u00e1s\u00e1nak felismer\u00e9se, kezel\u00e9se. Emellett err\u0151l az oldalr\u00f3l is el\u00e9rhet\u0151 a Magyar Kereskedelmi \u00e9s Iparkamara Modern [&hellip;]","og_url":"https:\/\/seed.hu\/hirek\/veszhelyzet-info-varjuk-kerdeseit\/","og_site_name":"Seed","article_modified_time":"2022-01-20T16:46:53+00:00","og_image":[{"width":250,"height":206,"url":"https:\/\/seed.hu\/wp-content\/uploads\/2018\/04\/SEED_logo.png","type":"image\/png"}],"twitter_card":"summary_large_image","twitter_misc":{"Est. reading time":"1 minute"},"schema":{"@context":"https:\/\/schema.org","@graph":[{"@type":"WebPage","@id":"https:\/\/seed.hu\/hirek\/veszhelyzet-info-varjuk-kerdeseit\/","url":"https:\/\/seed.hu\/hirek\/veszhelyzet-info-varjuk-kerdeseit\/","name":"V\u00e9szhelyzet.info \u2013 v\u00e1rjuk k\u00e9rd\u00e9seit - Seed","isPartOf":{"@id":"https:\/\/seed.hu\/#website"},"primaryImageOfPage":{"@id":"https:\/\/seed.hu\/hirek\/veszhelyzet-info-varjuk-kerdeseit\/#primaryimage"},"image":{"@id":"https:\/\/seed.hu\/hirek\/veszhelyzet-info-varjuk-kerdeseit\/#primaryimage"},"thumbnailUrl":"https:\/\/seed.hu\/wp-content\/uploads\/2018\/04\/SEED_logo.png","datePublished":"2020-04-20T06:26:32+00:00","dateModified":"2022-01-20T16:46:53+00:00","breadcrumb":{"@id":"https:\/\/seed.hu\/hirek\/veszhelyzet-info-varjuk-kerdeseit\/#breadcrumb"},"inLanguage":"en-US","potentialAction":[{"@type":"ReadAction","target":["https:\/\/seed.hu\/hirek\/veszhelyzet-info-varjuk-kerdeseit\/"]}]},{"@type":"ImageObject","inLanguage":"en-US","@id":"https:\/\/seed.hu\/hirek\/veszhelyzet-info-varjuk-kerdeseit\/#primaryimage","url":"https:\/\/seed.hu\/wp-content\/uploads\/2018\/04\/SEED_logo.png","contentUrl":"https:\/\/seed.hu\/wp-content\/uploads\/2018\/04\/SEED_logo.png","width":250,"height":206},{"@type":"BreadcrumbList","@id":"https:\/\/seed.hu\/hirek\/veszhelyzet-info-varjuk-kerdeseit\/#breadcrumb","itemListElement":[{"@type":"ListItem","position":1,"name":"H\u00edrek","item":"https:\/\/seed.hu\/hirek\/"},{"@type":"ListItem","position":2,"name":"V\u00e9szhelyzet.info \u2013 v\u00e1rjuk k\u00e9rd\u00e9seit"}]},{"@type":"WebSite","@id":"https:\/\/seed.hu\/#website","url":"https:\/\/seed.hu\/","name":"Seed","description":"","potentialAction":[{"@type":"SearchAction","target":{"@type":"EntryPoint","urlTemplate":"https:\/\/seed.hu\/?s={search_term_string}"},"query-input":{"@type":"PropertyValueSpecification","valueRequired":true,"valueName":"search_term_string"}}],"inLanguage":"en-US"}]}},"_links":{"self":[{"href":"https:\/\/seed.hu\/en\/wp-json\/wp\/v2\/hirek\/948","targetHints":{"allow":["GET"]}}],"collection":[{"href":"https:\/\/seed.hu\/en\/wp-json\/wp\/v2\/hirek"}],"about":[{"href":"https:\/\/seed.hu\/en\/wp-json\/wp\/v2\/types\/hirek"}],"wp:featuredmedia":[{"embeddable":true,"href":"https:\/\/seed.hu\/en\/wp-json\/wp\/v2\/media\/792"}],"wp:attachment":[{"href":"https:\/\/seed.hu\/en\/wp-json\/wp\/v2\/media?parent=948"}],"curies":[{"name":"wp","href":"https:\/\/api.w.org\/{rel}","templated":true}]}}

Vészhelyzet.info – várjuk kérdéseit

<p><a href="https://seed.hu/szolgaltatasok/kerdezd-a-tanacsadot/partnerbig2/" rel="attachment wp-att-41"><img loading="lazy" decoding="async" class="alignnone wp-image-41 size-full" src="https://seed.hu/wp-content/uploads/2021/02/partnerBig2.png" alt="" width="241" height="75" /></a></p>
<p>Folyamatosan fogadjuk a járványhelyzet gazdasági hatásaival érintett vállalkozók kérdéseit a <strong><a href="http://tanacsadas.seed.hu/veszhelyzet-info" target="_blank" rel="noopener">veszhelyzet.info</a></strong> oldalon.</p>
<p>A hozzánk csatlakozó szakértők alapvetően a következő területeken tudnak segítséget nyújtani:</p>
<ol>
<li>vezető személyének támogatása,</li>
<li>üzleti tervek, üzleti modellek újragondolása,</li>
<li>online marketing, online értékesítés,</li>
<li>változáskezelés, a változás szervezetre gyakorolt hatásának felismerése, kezelése.</li>
</ol>
<p>Emellett erről az oldalról is elérhető a Magyar Kereskedelmi és Iparkamara Modern Vállalkozások Programja keretében nyújtott díjmentesen segítség, a <strong><a href="https://vallalkozzdigitalisan.hu/digitalis_segelyvonal" target="_blank" rel="noopener">digitális segélyvonal</a> </strong> a mikro-, kis- és középvállalkozások informatikai ügyeinek intézéséhez.</p>

<!-- This site is optimized with the Yoast SEO plugin v27.4 - https://yoast.com/product/yoast-seo-wordpress/ -->
<title>Vészhelyzet.info – várjuk kérdéseit - Seed</title>
<meta name="robots" content="index, follow, max-snippet:-1, max-image-preview:large, max-video-preview:-1" />
<link rel="canonical" href="https://seed.hu/hirek/veszhelyzet-info-varjuk-kerdeseit/" />
<meta property="og:locale" content="en_US" />
<meta property="og:type" content="article" />
<meta property="og:title" content="Vészhelyzet.info – várjuk kérdéseit - Seed" />
<meta property="og:description" content="Folyamatosan fogadjuk a járványhelyzet gazdasági hatásaival érintett vállalkozók kérdéseit a veszhelyzet.info oldalon. A hozzánk csatlakozó szakértők alapvetően a következő területeken tudnak segítséget nyújtani: vezető személyének támogatása, üzleti tervek, üzleti modellek újragondolása, online marketing, online értékesítés, változáskezelés, a változás szervezetre gyakorolt hatásának felismerése, kezelése. Emellett erről az oldalról is elérhető a Magyar Kereskedelmi és Iparkamara Modern [&hellip;]" />
<meta property="og:url" content="https://seed.hu/hirek/veszhelyzet-info-varjuk-kerdeseit/" />
<meta property="og:site_name" content="Seed" />
<meta property="article:modified_time" content="2022-01-20T16:46:53+00:00" />
<meta property="og:image" content="https://seed.hu/wp-content/uploads/2018/04/SEED_logo.png" />
	<meta property="og:image:width" content="250" />
	<meta property="og:image:height" content="206" />
	<meta property="og:image:type" content="image/png" />
<meta name="twitter:card" content="summary_large_image" />
<meta name="twitter:label1" content="Est. reading time" />
	<meta name="twitter:data1" content="1 minute" />
<script type="application/ld+json" class="yoast-schema-graph">{"@context":"https:\/\/schema.org","@graph":[{"@type":"WebPage","@id":"https:\/\/seed.hu\/hirek\/veszhelyzet-info-varjuk-kerdeseit\/","url":"https:\/\/seed.hu\/hirek\/veszhelyzet-info-varjuk-kerdeseit\/","name":"Vészhelyzet.info – várjuk kérdéseit - Seed","isPartOf":{"@id":"https:\/\/seed.hu\/#website"},"primaryImageOfPage":{"@id":"https:\/\/seed.hu\/hirek\/veszhelyzet-info-varjuk-kerdeseit\/#primaryimage"},"image":{"@id":"https:\/\/seed.hu\/hirek\/veszhelyzet-info-varjuk-kerdeseit\/#primaryimage"},"thumbnailUrl":"https:\/\/seed.hu\/wp-content\/uploads\/2018\/04\/SEED_logo.png","datePublished":"2020-04-20T06:26:32+00:00","dateModified":"2022-01-20T16:46:53+00:00","breadcrumb":{"@id":"https:\/\/seed.hu\/hirek\/veszhelyzet-info-varjuk-kerdeseit\/#breadcrumb"},"inLanguage":"en-US","potentialAction":[{"@type":"ReadAction","target":["https:\/\/seed.hu\/hirek\/veszhelyzet-info-varjuk-kerdeseit\/"]}]},{"@type":"ImageObject","inLanguage":"en-US","@id":"https:\/\/seed.hu\/hirek\/veszhelyzet-info-varjuk-kerdeseit\/#primaryimage","url":"https:\/\/seed.hu\/wp-content\/uploads\/2018\/04\/SEED_logo.png","contentUrl":"https:\/\/seed.hu\/wp-content\/uploads\/2018\/04\/SEED_logo.png","width":250,"height":206},{"@type":"BreadcrumbList","@id":"https:\/\/seed.hu\/hirek\/veszhelyzet-info-varjuk-kerdeseit\/#breadcrumb","itemListElement":[{"@type":"ListItem","position":1,"name":"Hírek","item":"https:\/\/seed.hu\/hirek\/"},{"@type":"ListItem","position":2,"name":"Vészhelyzet.info – várjuk kérdéseit"}]},{"@type":"WebSite","@id":"https:\/\/seed.hu\/#website","url":"https:\/\/seed.hu\/","name":"Seed","description":"","potentialAction":[{"@type":"SearchAction","target":{"@type":"EntryPoint","urlTemplate":"https:\/\/seed.hu\/?s={search_term_string}"},"query-input":{"@type":"PropertyValueSpecification","valueRequired":true,"valueName":"search_term_string"}}],"inLanguage":"en-US"}]}</script>
<!-- / Yoast SEO plugin. -->

Vészhelyzet.info – várjuk kérdéseit - Seed

Folyamatosan fogadjuk a járványhelyzet gazdasági hatásaival érintett vállalkozók kérdéseit a veszhelyzet.info oldalon. A hozzánk csatlakozó szakértők alapvetően a következő területeken tudnak segítséget nyújtani: vezető személyének támogatása, üzleti tervek, üzleti modellek újragondolása, online marketing, online értékesítés, változáskezelés, a változás szervezetre gyakorolt hatásának felismerése, kezelése. Emellett erről az oldalról is elérhető a Magyar Kereskedelmi és Iparkamara Modern [&hellip;]

Hírek
