{"id":951,"date":"2020-04-27T17:26:12","date_gmt":"2020-04-27T15:26:12","guid":{"rendered":"https:\/\/seed.hu\/?post_type=hirek&#038;p=951"},"modified":"2022-01-20T17:52:49","modified_gmt":"2022-01-20T16:52:49","slug":"kerdoivek-a-jarvanyhelyzet-gazdasagi-hatasairol","status":"publish","type":"hirek","link":"https:\/\/seed.hu\/en\/hirek\/kerdoivek-a-jarvanyhelyzet-gazdasagi-hatasairol\/","title":{"rendered":"K\u00e9rd\u0151\u00edvek a j\u00e1rv\u00e1nyhelyzet gazdas\u00e1gi hat\u00e1sair\u00f3l"},"content":{"rendered":"<p><u><strong>1. Hogyan \u00e9rinti a t\u00e1rsadalmi v\u00e1llalkoz\u00e1sokat?<\/strong><\/u><\/p>\n<ul>\n<li>Az IFKA K\u00f6zhaszn\u00fa Nonprofit Kft. felm\u00e9r\u00e9se.<br \/>\n<a href=\"https:\/\/seed.hu\/files\/attachments\/kerdoivek-a-jarvanyhelyzet-gazdasagi-hatasairol\/ifka-tarsadalmi-vallalkozasok.pdf\" target=\"_blank\" rel=\"noopener\">IFKA t\u00e1rsadalmi v\u00e1llalkoz\u00e1sok<\/a><\/li>\n<\/ul>\n<p><u><strong>2. Hogyan \u00e9rinti a KKV szektor eg\u00e9sz\u00e9t?<\/strong><\/u><\/p>\n<ul>\n<li><strong>Figyelem!\u00a0\u00a0Ism\u00e9tl\u0151d\u0151 k\u00e9rd\u0151\u00edv!<\/strong><br \/>\nAz Innov\u00e1ci\u00f3s \u00e9s Technol\u00f3giai Miniszt\u00e9rium a k\u00e9rd\u00e9sek ism\u00e9telt megv\u00e1laszol\u00e1s\u00e1val nem csak az adott pillanatban \u00e9rz\u00e9kelt hat\u00e1sokat, de a v\u00e1ltoz\u00e1sokat is k\u00e9pes m\u00e9rni, \u00edgy arra reag\u00e1lni gazdas\u00e1gv\u00e9delmi int\u00e9zked\u00e9sekkel.<br \/>\n<a href=\"https:\/\/seed.hu\/hirek\/a-vallalkozasok-egymasert\" target=\"_blank\" rel=\"noopener\">A v\u00e1llalkoz\u00e1sok egym\u00e1s\u00e9rt<\/a><\/li>\n<\/ul>\n","protected":false},"featured_media":792,"menu_order":0,"template":"","meta":{"_acf_changed":false},"class_list":["post-951","hirek","type-hirek","status-publish","has-post-thumbnail","hentry"],"acf":[],"yoast_head":"<!-- This site is optimized with the Yoast SEO plugin v27.4 - https:\/\/yoast.com\/product\/yoast-seo-wordpress\/ -->\n<title>K\u00e9rd\u0151\u00edvek a j\u00e1rv\u00e1nyhelyzet gazdas\u00e1gi hat\u00e1sair\u00f3l - Seed<\/title>\n<meta name=\"robots\" content=\"index, follow, max-snippet:-1, max-image-preview:large, max-video-preview:-1\" \/>\n<link rel=\"canonical\" href=\"https:\/\/seed.hu\/hirek\/kerdoivek-a-jarvanyhelyzet-gazdasagi-hatasairol\/\" \/>\n<meta property=\"og:locale\" content=\"en_US\" \/>\n<meta property=\"og:type\" content=\"article\" \/>\n<meta property=\"og:title\" content=\"K\u00e9rd\u0151\u00edvek a j\u00e1rv\u00e1nyhelyzet gazdas\u00e1gi hat\u00e1sair\u00f3l - Seed\" \/>\n<meta property=\"og:description\" content=\"1. Hogyan \u00e9rinti a t\u00e1rsadalmi v\u00e1llalkoz\u00e1sokat? Az IFKA K\u00f6zhaszn\u00fa Nonprofit Kft. felm\u00e9r\u00e9se. IFKA t\u00e1rsadalmi v\u00e1llalkoz\u00e1sok 2. Hogyan \u00e9rinti a KKV szektor eg\u00e9sz\u00e9t? Figyelem!\u00a0\u00a0Ism\u00e9tl\u0151d\u0151 k\u00e9rd\u0151\u00edv! Az Innov\u00e1ci\u00f3s \u00e9s Technol\u00f3giai Miniszt\u00e9rium a k\u00e9rd\u00e9sek ism\u00e9telt megv\u00e1laszol\u00e1s\u00e1val nem csak az adott pillanatban \u00e9rz\u00e9kelt hat\u00e1sokat, de a v\u00e1ltoz\u00e1sokat is k\u00e9pes m\u00e9rni, \u00edgy arra reag\u00e1lni gazdas\u00e1gv\u00e9delmi int\u00e9zked\u00e9sekkel. A v\u00e1llalkoz\u00e1sok egym\u00e1s\u00e9rt\" \/>\n<meta property=\"og:url\" content=\"https:\/\/seed.hu\/hirek\/kerdoivek-a-jarvanyhelyzet-gazdasagi-hatasairol\/\" \/>\n<meta property=\"og:site_name\" content=\"Seed\" \/>\n<meta property=\"article:modified_time\" content=\"2022-01-20T16:52:49+00:00\" \/>\n<meta property=\"og:image\" content=\"https:\/\/seed.hu\/wp-content\/uploads\/2018\/04\/SEED_logo.png\" \/>\n\t<meta property=\"og:image:width\" content=\"250\" \/>\n\t<meta property=\"og:image:height\" content=\"206\" \/>\n\t<meta property=\"og:image:type\" content=\"image\/png\" \/>\n<meta name=\"twitter:card\" content=\"summary_large_image\" \/>\n<script type=\"application\/ld+json\" class=\"yoast-schema-graph\">{\"@context\":\"https:\\\/\\\/schema.org\",\"@graph\":[{\"@type\":\"WebPage\",\"@id\":\"https:\\\/\\\/seed.hu\\\/hirek\\\/kerdoivek-a-jarvanyhelyzet-gazdasagi-hatasairol\\\/\",\"url\":\"https:\\\/\\\/seed.hu\\\/hirek\\\/kerdoivek-a-jarvanyhelyzet-gazdasagi-hatasairol\\\/\",\"name\":\"K\u00e9rd\u0151\u00edvek a j\u00e1rv\u00e1nyhelyzet gazdas\u00e1gi hat\u00e1sair\u00f3l - Seed\",\"isPartOf\":{\"@id\":\"https:\\\/\\\/seed.hu\\\/#website\"},\"primaryImageOfPage\":{\"@id\":\"https:\\\/\\\/seed.hu\\\/hirek\\\/kerdoivek-a-jarvanyhelyzet-gazdasagi-hatasairol\\\/#primaryimage\"},\"image\":{\"@id\":\"https:\\\/\\\/seed.hu\\\/hirek\\\/kerdoivek-a-jarvanyhelyzet-gazdasagi-hatasairol\\\/#primaryimage\"},\"thumbnailUrl\":\"https:\\\/\\\/seed.hu\\\/wp-content\\\/uploads\\\/2018\\\/04\\\/SEED_logo.png\",\"datePublished\":\"2020-04-27T15:26:12+00:00\",\"dateModified\":\"2022-01-20T16:52:49+00:00\",\"breadcrumb\":{\"@id\":\"https:\\\/\\\/seed.hu\\\/hirek\\\/kerdoivek-a-jarvanyhelyzet-gazdasagi-hatasairol\\\/#breadcrumb\"},\"inLanguage\":\"en-US\",\"potentialAction\":[{\"@type\":\"ReadAction\",\"target\":[\"https:\\\/\\\/seed.hu\\\/hirek\\\/kerdoivek-a-jarvanyhelyzet-gazdasagi-hatasairol\\\/\"]}]},{\"@type\":\"ImageObject\",\"inLanguage\":\"en-US\",\"@id\":\"https:\\\/\\\/seed.hu\\\/hirek\\\/kerdoivek-a-jarvanyhelyzet-gazdasagi-hatasairol\\\/#primaryimage\",\"url\":\"https:\\\/\\\/seed.hu\\\/wp-content\\\/uploads\\\/2018\\\/04\\\/SEED_logo.png\",\"contentUrl\":\"https:\\\/\\\/seed.hu\\\/wp-content\\\/uploads\\\/2018\\\/04\\\/SEED_logo.png\",\"width\":250,\"height\":206},{\"@type\":\"BreadcrumbList\",\"@id\":\"https:\\\/\\\/seed.hu\\\/hirek\\\/kerdoivek-a-jarvanyhelyzet-gazdasagi-hatasairol\\\/#breadcrumb\",\"itemListElement\":[{\"@type\":\"ListItem\",\"position\":1,\"name\":\"H\u00edrek\",\"item\":\"https:\\\/\\\/seed.hu\\\/hirek\\\/\"},{\"@type\":\"ListItem\",\"position\":2,\"name\":\"K\u00e9rd\u0151\u00edvek a j\u00e1rv\u00e1nyhelyzet gazdas\u00e1gi hat\u00e1sair\u00f3l\"}]},{\"@type\":\"WebSite\",\"@id\":\"https:\\\/\\\/seed.hu\\\/#website\",\"url\":\"https:\\\/\\\/seed.hu\\\/\",\"name\":\"Seed\",\"description\":\"\",\"potentialAction\":[{\"@type\":\"SearchAction\",\"target\":{\"@type\":\"EntryPoint\",\"urlTemplate\":\"https:\\\/\\\/seed.hu\\\/?s={search_term_string}\"},\"query-input\":{\"@type\":\"PropertyValueSpecification\",\"valueRequired\":true,\"valueName\":\"search_term_string\"}}],\"inLanguage\":\"en-US\"}]}<\/script>\n<!-- \/ Yoast SEO plugin. -->","yoast_head_json":{"title":"K\u00e9rd\u0151\u00edvek a j\u00e1rv\u00e1nyhelyzet gazdas\u00e1gi hat\u00e1sair\u00f3l - Seed","robots":{"index":"index","follow":"follow","max-snippet":"max-snippet:-1","max-image-preview":"max-image-preview:large","max-video-preview":"max-video-preview:-1"},"canonical":"https:\/\/seed.hu\/hirek\/kerdoivek-a-jarvanyhelyzet-gazdasagi-hatasairol\/","og_locale":"en_US","og_type":"article","og_title":"K\u00e9rd\u0151\u00edvek a j\u00e1rv\u00e1nyhelyzet gazdas\u00e1gi hat\u00e1sair\u00f3l - Seed","og_description":"1. Hogyan \u00e9rinti a t\u00e1rsadalmi v\u00e1llalkoz\u00e1sokat? Az IFKA K\u00f6zhaszn\u00fa Nonprofit Kft. felm\u00e9r\u00e9se. IFKA t\u00e1rsadalmi v\u00e1llalkoz\u00e1sok 2. Hogyan \u00e9rinti a KKV szektor eg\u00e9sz\u00e9t? Figyelem!\u00a0\u00a0Ism\u00e9tl\u0151d\u0151 k\u00e9rd\u0151\u00edv! Az Innov\u00e1ci\u00f3s \u00e9s Technol\u00f3giai Miniszt\u00e9rium a k\u00e9rd\u00e9sek ism\u00e9telt megv\u00e1laszol\u00e1s\u00e1val nem csak az adott pillanatban \u00e9rz\u00e9kelt hat\u00e1sokat, de a v\u00e1ltoz\u00e1sokat is k\u00e9pes m\u00e9rni, \u00edgy arra reag\u00e1lni gazdas\u00e1gv\u00e9delmi int\u00e9zked\u00e9sekkel. A v\u00e1llalkoz\u00e1sok egym\u00e1s\u00e9rt","og_url":"https:\/\/seed.hu\/hirek\/kerdoivek-a-jarvanyhelyzet-gazdasagi-hatasairol\/","og_site_name":"Seed","article_modified_time":"2022-01-20T16:52:49+00:00","og_image":[{"width":250,"height":206,"url":"https:\/\/seed.hu\/wp-content\/uploads\/2018\/04\/SEED_logo.png","type":"image\/png"}],"twitter_card":"summary_large_image","schema":{"@context":"https:\/\/schema.org","@graph":[{"@type":"WebPage","@id":"https:\/\/seed.hu\/hirek\/kerdoivek-a-jarvanyhelyzet-gazdasagi-hatasairol\/","url":"https:\/\/seed.hu\/hirek\/kerdoivek-a-jarvanyhelyzet-gazdasagi-hatasairol\/","name":"K\u00e9rd\u0151\u00edvek a j\u00e1rv\u00e1nyhelyzet gazdas\u00e1gi hat\u00e1sair\u00f3l - Seed","isPartOf":{"@id":"https:\/\/seed.hu\/#website"},"primaryImageOfPage":{"@id":"https:\/\/seed.hu\/hirek\/kerdoivek-a-jarvanyhelyzet-gazdasagi-hatasairol\/#primaryimage"},"image":{"@id":"https:\/\/seed.hu\/hirek\/kerdoivek-a-jarvanyhelyzet-gazdasagi-hatasairol\/#primaryimage"},"thumbnailUrl":"https:\/\/seed.hu\/wp-content\/uploads\/2018\/04\/SEED_logo.png","datePublished":"2020-04-27T15:26:12+00:00","dateModified":"2022-01-20T16:52:49+00:00","breadcrumb":{"@id":"https:\/\/seed.hu\/hirek\/kerdoivek-a-jarvanyhelyzet-gazdasagi-hatasairol\/#breadcrumb"},"inLanguage":"en-US","potentialAction":[{"@type":"ReadAction","target":["https:\/\/seed.hu\/hirek\/kerdoivek-a-jarvanyhelyzet-gazdasagi-hatasairol\/"]}]},{"@type":"ImageObject","inLanguage":"en-US","@id":"https:\/\/seed.hu\/hirek\/kerdoivek-a-jarvanyhelyzet-gazdasagi-hatasairol\/#primaryimage","url":"https:\/\/seed.hu\/wp-content\/uploads\/2018\/04\/SEED_logo.png","contentUrl":"https:\/\/seed.hu\/wp-content\/uploads\/2018\/04\/SEED_logo.png","width":250,"height":206},{"@type":"BreadcrumbList","@id":"https:\/\/seed.hu\/hirek\/kerdoivek-a-jarvanyhelyzet-gazdasagi-hatasairol\/#breadcrumb","itemListElement":[{"@type":"ListItem","position":1,"name":"H\u00edrek","item":"https:\/\/seed.hu\/hirek\/"},{"@type":"ListItem","position":2,"name":"K\u00e9rd\u0151\u00edvek a j\u00e1rv\u00e1nyhelyzet gazdas\u00e1gi hat\u00e1sair\u00f3l"}]},{"@type":"WebSite","@id":"https:\/\/seed.hu\/#website","url":"https:\/\/seed.hu\/","name":"Seed","description":"","potentialAction":[{"@type":"SearchAction","target":{"@type":"EntryPoint","urlTemplate":"https:\/\/seed.hu\/?s={search_term_string}"},"query-input":{"@type":"PropertyValueSpecification","valueRequired":true,"valueName":"search_term_string"}}],"inLanguage":"en-US"}]}},"_links":{"self":[{"href":"https:\/\/seed.hu\/en\/wp-json\/wp\/v2\/hirek\/951","targetHints":{"allow":["GET"]}}],"collection":[{"href":"https:\/\/seed.hu\/en\/wp-json\/wp\/v2\/hirek"}],"about":[{"href":"https:\/\/seed.hu\/en\/wp-json\/wp\/v2\/types\/hirek"}],"wp:featuredmedia":[{"embeddable":true,"href":"https:\/\/seed.hu\/en\/wp-json\/wp\/v2\/media\/792"}],"wp:attachment":[{"href":"https:\/\/seed.hu\/en\/wp-json\/wp\/v2\/media?parent=951"}],"curies":[{"name":"wp","href":"https:\/\/api.w.org\/{rel}","templated":true}]}}

Kérdőívek a járványhelyzet gazdasági hatásairól

<p><u><strong>1. Hogyan érinti a társadalmi vállalkozásokat?</strong></u></p>
<ul>
<li>Az IFKA Közhasznú Nonprofit Kft. felmérése.<br />
<a href="https://seed.hu/files/attachments/kerdoivek-a-jarvanyhelyzet-gazdasagi-hatasairol/ifka-tarsadalmi-vallalkozasok.pdf" target="_blank" rel="noopener">IFKA társadalmi vállalkozások</a></li>
</ul>
<p><u><strong>2. Hogyan érinti a KKV szektor egészét?</strong></u></p>
<ul>
<li><strong>Figyelem!  Ismétlődő kérdőív!</strong><br />
Az Innovációs és Technológiai Minisztérium a kérdések ismételt megválaszolásával nem csak az adott pillanatban érzékelt hatásokat, de a változásokat is képes mérni, így arra reagálni gazdaságvédelmi intézkedésekkel.<br />
<a href="https://seed.hu/hirek/a-vallalkozasok-egymasert" target="_blank" rel="noopener">A vállalkozások egymásért</a></li>
</ul>

<!-- This site is optimized with the Yoast SEO plugin v27.4 - https://yoast.com/product/yoast-seo-wordpress/ -->
<title>Kérdőívek a járványhelyzet gazdasági hatásairól - Seed</title>
<meta name="robots" content="index, follow, max-snippet:-1, max-image-preview:large, max-video-preview:-1" />
<link rel="canonical" href="https://seed.hu/hirek/kerdoivek-a-jarvanyhelyzet-gazdasagi-hatasairol/" />
<meta property="og:locale" content="en_US" />
<meta property="og:type" content="article" />
<meta property="og:title" content="Kérdőívek a járványhelyzet gazdasági hatásairól - Seed" />
<meta property="og:description" content="1. Hogyan érinti a társadalmi vállalkozásokat? Az IFKA Közhasznú Nonprofit Kft. felmérése. IFKA társadalmi vállalkozások 2. Hogyan érinti a KKV szektor egészét? Figyelem!  Ismétlődő kérdőív! Az Innovációs és Technológiai Minisztérium a kérdések ismételt megválaszolásával nem csak az adott pillanatban érzékelt hatásokat, de a változásokat is képes mérni, így arra reagálni gazdaságvédelmi intézkedésekkel. A vállalkozások egymásért" />
<meta property="og:url" content="https://seed.hu/hirek/kerdoivek-a-jarvanyhelyzet-gazdasagi-hatasairol/" />
<meta property="og:site_name" content="Seed" />
<meta property="article:modified_time" content="2022-01-20T16:52:49+00:00" />
<meta property="og:image" content="https://seed.hu/wp-content/uploads/2018/04/SEED_logo.png" />
	<meta property="og:image:width" content="250" />
	<meta property="og:image:height" content="206" />
	<meta property="og:image:type" content="image/png" />
<meta name="twitter:card" content="summary_large_image" />
<script type="application/ld+json" class="yoast-schema-graph">{"@context":"https:\/\/schema.org","@graph":[{"@type":"WebPage","@id":"https:\/\/seed.hu\/hirek\/kerdoivek-a-jarvanyhelyzet-gazdasagi-hatasairol\/","url":"https:\/\/seed.hu\/hirek\/kerdoivek-a-jarvanyhelyzet-gazdasagi-hatasairol\/","name":"Kérdőívek a járványhelyzet gazdasági hatásairól - Seed","isPartOf":{"@id":"https:\/\/seed.hu\/#website"},"primaryImageOfPage":{"@id":"https:\/\/seed.hu\/hirek\/kerdoivek-a-jarvanyhelyzet-gazdasagi-hatasairol\/#primaryimage"},"image":{"@id":"https:\/\/seed.hu\/hirek\/kerdoivek-a-jarvanyhelyzet-gazdasagi-hatasairol\/#primaryimage"},"thumbnailUrl":"https:\/\/seed.hu\/wp-content\/uploads\/2018\/04\/SEED_logo.png","datePublished":"2020-04-27T15:26:12+00:00","dateModified":"2022-01-20T16:52:49+00:00","breadcrumb":{"@id":"https:\/\/seed.hu\/hirek\/kerdoivek-a-jarvanyhelyzet-gazdasagi-hatasairol\/#breadcrumb"},"inLanguage":"en-US","potentialAction":[{"@type":"ReadAction","target":["https:\/\/seed.hu\/hirek\/kerdoivek-a-jarvanyhelyzet-gazdasagi-hatasairol\/"]}]},{"@type":"ImageObject","inLanguage":"en-US","@id":"https:\/\/seed.hu\/hirek\/kerdoivek-a-jarvanyhelyzet-gazdasagi-hatasairol\/#primaryimage","url":"https:\/\/seed.hu\/wp-content\/uploads\/2018\/04\/SEED_logo.png","contentUrl":"https:\/\/seed.hu\/wp-content\/uploads\/2018\/04\/SEED_logo.png","width":250,"height":206},{"@type":"BreadcrumbList","@id":"https:\/\/seed.hu\/hirek\/kerdoivek-a-jarvanyhelyzet-gazdasagi-hatasairol\/#breadcrumb","itemListElement":[{"@type":"ListItem","position":1,"name":"Hírek","item":"https:\/\/seed.hu\/hirek\/"},{"@type":"ListItem","position":2,"name":"Kérdőívek a járványhelyzet gazdasági hatásairól"}]},{"@type":"WebSite","@id":"https:\/\/seed.hu\/#website","url":"https:\/\/seed.hu\/","name":"Seed","description":"","potentialAction":[{"@type":"SearchAction","target":{"@type":"EntryPoint","urlTemplate":"https:\/\/seed.hu\/?s={search_term_string}"},"query-input":{"@type":"PropertyValueSpecification","valueRequired":true,"valueName":"search_term_string"}}],"inLanguage":"en-US"}]}</script>
<!-- / Yoast SEO plugin. -->

Kérdőívek a járványhelyzet gazdasági hatásairól - Seed

1. Hogyan érinti a társadalmi vállalkozásokat? Az IFKA Közhasznú Nonprofit Kft. felmérése. IFKA társadalmi vállalkozások 2. Hogyan érinti a KKV szektor egészét? Figyelem!  Ismétlődő kérdőív! Az Innovációs és Technológiai Minisztérium a kérdések ismételt megválaszolásával nem csak az adott pillanatban érzékelt hatásokat, de a változásokat is képes mérni, így arra reagálni gazdaságvédelmi intézkedésekkel. A vállalkozások egymásért

Hírek
