{"id":970,"date":"2020-05-25T20:34:47","date_gmt":"2020-05-25T18:34:47","guid":{"rendered":"https:\/\/seed.hu\/?post_type=hirek&#038;p=970"},"modified":"2022-01-20T18:27:38","modified_gmt":"2022-01-20T17:27:38","slug":"befolyassal-van-e-a-jarvany-idoszaka-a-vallalkozonok-gazdasagi-tevekenysegere-a-kerdoiv-eredmenyei-valaszt-adhatnak-erre-az-erdekes-kerdesre","status":"publish","type":"hirek","link":"https:\/\/seed.hu\/en\/hirek\/befolyassal-van-e-a-jarvany-idoszaka-a-vallalkozonok-gazdasagi-tevekenysegere-a-kerdoiv-eredmenyei-valaszt-adhatnak-erre-az-erdekes-kerdesre\/","title":{"rendered":"Befoly\u00e1ssal van-e a j\u00e1rv\u00e1ny id\u0151szaka a v\u00e1llalkoz\u00f3n\u0151k gazdas\u00e1gi tevek\u00e9nys\u00e9g\u00e9re? A k\u00e9rd\u0151\u00edv eredm\u00e9nyei v\u00e1laszt adhatnak erre az \u00e9rdekes k\u00e9rd\u00e9sre!"},"content":{"rendered":"<p>A H\u00c9TFA Kutat\u00f3int\u00e9zet egy r\u00f6vid, k\u00e9rd\u0151\u00edves felm\u00e9r\u00e9st k\u00e9sz\u00edt arr\u00f3l, hogy milyen hat\u00e1ssal volt a COVID-19-es j\u00e1rv\u00e1ny a hazai n\u0151i v\u00e1llalkoz\u00f3kra a 2020. m\u00e1rcius-m\u00e1jus k\u00f6z\u00f6tti id\u0151szakban. A k\u00e9rd\u0151\u00edv a gazdas\u00e1gi vonatkoz\u00e1sokon t\u00fal a n\u0151k k\u00fcl\u00f6nb\u00f6z\u0151 szerepdilemm\u00e1it is vizsg\u00e1lja a j\u00e1rv\u00e1ny id\u0151szak\u00e1ban. Arra szeretn\u00e9nk megk\u00e9rni azokat a h\u00f6lgyeket, akik egy v\u00e1llalkoz\u00e1s tulajdonosai vagy r\u00e9sztulajdonosai, vagy \u00f6nfoglalkoztat\u00f3 v\u00e1llalkoz\u00f3n\u0151k, hogy az al\u00e1bbi k\u00e9rd\u0151\u00edv kit\u00f6lt\u00e9s\u00e9vel seg\u00edts\u00e9k megismerni, milyen hat\u00e1ssal volt a v\u00e1llalkoz\u00f3n\u0151kre a jelen j\u00e1rv\u00e1nyhelyzet:<\/p>\n<p><a href=\"http:\/\/surveygizmo.com\/s3\/5604800\/vallalkozonok-korona\" target=\"_blank\" rel=\"noopener\">http:\/\/surveygizmo.com\/s3\/5604800\/vallalkozonok-korona<\/a><\/p>\n<p>A k\u00e9rd\u0151\u00edv kit\u00f6lt\u00e9s\u00e9re\u00a0<strong>2020. m\u00e1jus 21-31-e k\u00f6z\u00f6tt van lehet\u0151s\u00e9g<\/strong>, kit\u00f6lt\u00e9se kb. 8-10 percet vesz ig\u00e9nybe. A k\u00e9rd\u0151\u00edvben szerepl\u0151 adatokat az Eur\u00f3pai Uni\u00f3 Adatv\u00e9delmi Szab\u00e1lyzat\u00e1nak megfelel\u0151en kezeli a H\u00c9TFA Kutat\u00f3int\u00e9zet.<\/p>\n","protected":false},"featured_media":0,"menu_order":0,"template":"","meta":{"_acf_changed":false},"class_list":["post-970","hirek","type-hirek","status-publish","hentry"],"acf":[],"yoast_head":"<!-- This site is optimized with the Yoast SEO plugin v27.4 - https:\/\/yoast.com\/product\/yoast-seo-wordpress\/ -->\n<title>Befoly\u00e1ssal van-e a j\u00e1rv\u00e1ny id\u0151szaka a v\u00e1llalkoz\u00f3n\u0151k gazdas\u00e1gi tevek\u00e9nys\u00e9g\u00e9re? A k\u00e9rd\u0151\u00edv eredm\u00e9nyei v\u00e1laszt adhatnak erre az \u00e9rdekes k\u00e9rd\u00e9sre! - Seed<\/title>\n<meta name=\"robots\" content=\"index, follow, max-snippet:-1, max-image-preview:large, max-video-preview:-1\" \/>\n<link rel=\"canonical\" href=\"https:\/\/seed.hu\/hirek\/befolyassal-van-e-a-jarvany-idoszaka-a-vallalkozonok-gazdasagi-tevekenysegere-a-kerdoiv-eredmenyei-valaszt-adhatnak-erre-az-erdekes-kerdesre\/\" \/>\n<meta property=\"og:locale\" content=\"en_US\" \/>\n<meta property=\"og:type\" content=\"article\" \/>\n<meta property=\"og:title\" content=\"Befoly\u00e1ssal van-e a j\u00e1rv\u00e1ny id\u0151szaka a v\u00e1llalkoz\u00f3n\u0151k gazdas\u00e1gi tevek\u00e9nys\u00e9g\u00e9re? A k\u00e9rd\u0151\u00edv eredm\u00e9nyei v\u00e1laszt adhatnak erre az \u00e9rdekes k\u00e9rd\u00e9sre! - Seed\" \/>\n<meta property=\"og:description\" content=\"A H\u00c9TFA Kutat\u00f3int\u00e9zet egy r\u00f6vid, k\u00e9rd\u0151\u00edves felm\u00e9r\u00e9st k\u00e9sz\u00edt arr\u00f3l, hogy milyen hat\u00e1ssal volt a COVID-19-es j\u00e1rv\u00e1ny a hazai n\u0151i v\u00e1llalkoz\u00f3kra a 2020. m\u00e1rcius-m\u00e1jus k\u00f6z\u00f6tti id\u0151szakban. A k\u00e9rd\u0151\u00edv a gazdas\u00e1gi vonatkoz\u00e1sokon t\u00fal a n\u0151k k\u00fcl\u00f6nb\u00f6z\u0151 szerepdilemm\u00e1it is vizsg\u00e1lja a j\u00e1rv\u00e1ny id\u0151szak\u00e1ban. Arra szeretn\u00e9nk megk\u00e9rni azokat a h\u00f6lgyeket, akik egy v\u00e1llalkoz\u00e1s tulajdonosai vagy r\u00e9sztulajdonosai, vagy \u00f6nfoglalkoztat\u00f3 v\u00e1llalkoz\u00f3n\u0151k, [&hellip;]\" \/>\n<meta property=\"og:url\" content=\"https:\/\/seed.hu\/hirek\/befolyassal-van-e-a-jarvany-idoszaka-a-vallalkozonok-gazdasagi-tevekenysegere-a-kerdoiv-eredmenyei-valaszt-adhatnak-erre-az-erdekes-kerdesre\/\" \/>\n<meta property=\"og:site_name\" content=\"Seed\" \/>\n<meta property=\"article:modified_time\" content=\"2022-01-20T17:27:38+00:00\" \/>\n<meta name=\"twitter:card\" content=\"summary_large_image\" \/>\n<meta name=\"twitter:label1\" content=\"Est. reading time\" \/>\n\t<meta name=\"twitter:data1\" content=\"1 minute\" \/>\n<script type=\"application\/ld+json\" class=\"yoast-schema-graph\">{\"@context\":\"https:\\\/\\\/schema.org\",\"@graph\":[{\"@type\":\"WebPage\",\"@id\":\"https:\\\/\\\/seed.hu\\\/hirek\\\/befolyassal-van-e-a-jarvany-idoszaka-a-vallalkozonok-gazdasagi-tevekenysegere-a-kerdoiv-eredmenyei-valaszt-adhatnak-erre-az-erdekes-kerdesre\\\/\",\"url\":\"https:\\\/\\\/seed.hu\\\/hirek\\\/befolyassal-van-e-a-jarvany-idoszaka-a-vallalkozonok-gazdasagi-tevekenysegere-a-kerdoiv-eredmenyei-valaszt-adhatnak-erre-az-erdekes-kerdesre\\\/\",\"name\":\"Befoly\u00e1ssal van-e a j\u00e1rv\u00e1ny id\u0151szaka a v\u00e1llalkoz\u00f3n\u0151k gazdas\u00e1gi tevek\u00e9nys\u00e9g\u00e9re? A k\u00e9rd\u0151\u00edv eredm\u00e9nyei v\u00e1laszt adhatnak erre az \u00e9rdekes k\u00e9rd\u00e9sre! - Seed\",\"isPartOf\":{\"@id\":\"https:\\\/\\\/seed.hu\\\/#website\"},\"datePublished\":\"2020-05-25T18:34:47+00:00\",\"dateModified\":\"2022-01-20T17:27:38+00:00\",\"breadcrumb\":{\"@id\":\"https:\\\/\\\/seed.hu\\\/hirek\\\/befolyassal-van-e-a-jarvany-idoszaka-a-vallalkozonok-gazdasagi-tevekenysegere-a-kerdoiv-eredmenyei-valaszt-adhatnak-erre-az-erdekes-kerdesre\\\/#breadcrumb\"},\"inLanguage\":\"en-US\",\"potentialAction\":[{\"@type\":\"ReadAction\",\"target\":[\"https:\\\/\\\/seed.hu\\\/hirek\\\/befolyassal-van-e-a-jarvany-idoszaka-a-vallalkozonok-gazdasagi-tevekenysegere-a-kerdoiv-eredmenyei-valaszt-adhatnak-erre-az-erdekes-kerdesre\\\/\"]}]},{\"@type\":\"BreadcrumbList\",\"@id\":\"https:\\\/\\\/seed.hu\\\/hirek\\\/befolyassal-van-e-a-jarvany-idoszaka-a-vallalkozonok-gazdasagi-tevekenysegere-a-kerdoiv-eredmenyei-valaszt-adhatnak-erre-az-erdekes-kerdesre\\\/#breadcrumb\",\"itemListElement\":[{\"@type\":\"ListItem\",\"position\":1,\"name\":\"H\u00edrek\",\"item\":\"https:\\\/\\\/seed.hu\\\/hirek\\\/\"},{\"@type\":\"ListItem\",\"position\":2,\"name\":\"Befoly\u00e1ssal van-e a j\u00e1rv\u00e1ny id\u0151szaka a v\u00e1llalkoz\u00f3n\u0151k gazdas\u00e1gi tevek\u00e9nys\u00e9g\u00e9re? A k\u00e9rd\u0151\u00edv eredm\u00e9nyei v\u00e1laszt adhatnak erre az \u00e9rdekes k\u00e9rd\u00e9sre!\"}]},{\"@type\":\"WebSite\",\"@id\":\"https:\\\/\\\/seed.hu\\\/#website\",\"url\":\"https:\\\/\\\/seed.hu\\\/\",\"name\":\"Seed\",\"description\":\"\",\"potentialAction\":[{\"@type\":\"SearchAction\",\"target\":{\"@type\":\"EntryPoint\",\"urlTemplate\":\"https:\\\/\\\/seed.hu\\\/?s={search_term_string}\"},\"query-input\":{\"@type\":\"PropertyValueSpecification\",\"valueRequired\":true,\"valueName\":\"search_term_string\"}}],\"inLanguage\":\"en-US\"}]}<\/script>\n<!-- \/ Yoast SEO plugin. -->","yoast_head_json":{"title":"Befoly\u00e1ssal van-e a j\u00e1rv\u00e1ny id\u0151szaka a v\u00e1llalkoz\u00f3n\u0151k gazdas\u00e1gi tevek\u00e9nys\u00e9g\u00e9re? A k\u00e9rd\u0151\u00edv eredm\u00e9nyei v\u00e1laszt adhatnak erre az \u00e9rdekes k\u00e9rd\u00e9sre! - Seed","robots":{"index":"index","follow":"follow","max-snippet":"max-snippet:-1","max-image-preview":"max-image-preview:large","max-video-preview":"max-video-preview:-1"},"canonical":"https:\/\/seed.hu\/hirek\/befolyassal-van-e-a-jarvany-idoszaka-a-vallalkozonok-gazdasagi-tevekenysegere-a-kerdoiv-eredmenyei-valaszt-adhatnak-erre-az-erdekes-kerdesre\/","og_locale":"en_US","og_type":"article","og_title":"Befoly\u00e1ssal van-e a j\u00e1rv\u00e1ny id\u0151szaka a v\u00e1llalkoz\u00f3n\u0151k gazdas\u00e1gi tevek\u00e9nys\u00e9g\u00e9re? A k\u00e9rd\u0151\u00edv eredm\u00e9nyei v\u00e1laszt adhatnak erre az \u00e9rdekes k\u00e9rd\u00e9sre! - Seed","og_description":"A H\u00c9TFA Kutat\u00f3int\u00e9zet egy r\u00f6vid, k\u00e9rd\u0151\u00edves felm\u00e9r\u00e9st k\u00e9sz\u00edt arr\u00f3l, hogy milyen hat\u00e1ssal volt a COVID-19-es j\u00e1rv\u00e1ny a hazai n\u0151i v\u00e1llalkoz\u00f3kra a 2020. m\u00e1rcius-m\u00e1jus k\u00f6z\u00f6tti id\u0151szakban. A k\u00e9rd\u0151\u00edv a gazdas\u00e1gi vonatkoz\u00e1sokon t\u00fal a n\u0151k k\u00fcl\u00f6nb\u00f6z\u0151 szerepdilemm\u00e1it is vizsg\u00e1lja a j\u00e1rv\u00e1ny id\u0151szak\u00e1ban. Arra szeretn\u00e9nk megk\u00e9rni azokat a h\u00f6lgyeket, akik egy v\u00e1llalkoz\u00e1s tulajdonosai vagy r\u00e9sztulajdonosai, vagy \u00f6nfoglalkoztat\u00f3 v\u00e1llalkoz\u00f3n\u0151k, [&hellip;]","og_url":"https:\/\/seed.hu\/hirek\/befolyassal-van-e-a-jarvany-idoszaka-a-vallalkozonok-gazdasagi-tevekenysegere-a-kerdoiv-eredmenyei-valaszt-adhatnak-erre-az-erdekes-kerdesre\/","og_site_name":"Seed","article_modified_time":"2022-01-20T17:27:38+00:00","twitter_card":"summary_large_image","twitter_misc":{"Est. reading time":"1 minute"},"schema":{"@context":"https:\/\/schema.org","@graph":[{"@type":"WebPage","@id":"https:\/\/seed.hu\/hirek\/befolyassal-van-e-a-jarvany-idoszaka-a-vallalkozonok-gazdasagi-tevekenysegere-a-kerdoiv-eredmenyei-valaszt-adhatnak-erre-az-erdekes-kerdesre\/","url":"https:\/\/seed.hu\/hirek\/befolyassal-van-e-a-jarvany-idoszaka-a-vallalkozonok-gazdasagi-tevekenysegere-a-kerdoiv-eredmenyei-valaszt-adhatnak-erre-az-erdekes-kerdesre\/","name":"Befoly\u00e1ssal van-e a j\u00e1rv\u00e1ny id\u0151szaka a v\u00e1llalkoz\u00f3n\u0151k gazdas\u00e1gi tevek\u00e9nys\u00e9g\u00e9re? A k\u00e9rd\u0151\u00edv eredm\u00e9nyei v\u00e1laszt adhatnak erre az \u00e9rdekes k\u00e9rd\u00e9sre! - Seed","isPartOf":{"@id":"https:\/\/seed.hu\/#website"},"datePublished":"2020-05-25T18:34:47+00:00","dateModified":"2022-01-20T17:27:38+00:00","breadcrumb":{"@id":"https:\/\/seed.hu\/hirek\/befolyassal-van-e-a-jarvany-idoszaka-a-vallalkozonok-gazdasagi-tevekenysegere-a-kerdoiv-eredmenyei-valaszt-adhatnak-erre-az-erdekes-kerdesre\/#breadcrumb"},"inLanguage":"en-US","potentialAction":[{"@type":"ReadAction","target":["https:\/\/seed.hu\/hirek\/befolyassal-van-e-a-jarvany-idoszaka-a-vallalkozonok-gazdasagi-tevekenysegere-a-kerdoiv-eredmenyei-valaszt-adhatnak-erre-az-erdekes-kerdesre\/"]}]},{"@type":"BreadcrumbList","@id":"https:\/\/seed.hu\/hirek\/befolyassal-van-e-a-jarvany-idoszaka-a-vallalkozonok-gazdasagi-tevekenysegere-a-kerdoiv-eredmenyei-valaszt-adhatnak-erre-az-erdekes-kerdesre\/#breadcrumb","itemListElement":[{"@type":"ListItem","position":1,"name":"H\u00edrek","item":"https:\/\/seed.hu\/hirek\/"},{"@type":"ListItem","position":2,"name":"Befoly\u00e1ssal van-e a j\u00e1rv\u00e1ny id\u0151szaka a v\u00e1llalkoz\u00f3n\u0151k gazdas\u00e1gi tevek\u00e9nys\u00e9g\u00e9re? A k\u00e9rd\u0151\u00edv eredm\u00e9nyei v\u00e1laszt adhatnak erre az \u00e9rdekes k\u00e9rd\u00e9sre!"}]},{"@type":"WebSite","@id":"https:\/\/seed.hu\/#website","url":"https:\/\/seed.hu\/","name":"Seed","description":"","potentialAction":[{"@type":"SearchAction","target":{"@type":"EntryPoint","urlTemplate":"https:\/\/seed.hu\/?s={search_term_string}"},"query-input":{"@type":"PropertyValueSpecification","valueRequired":true,"valueName":"search_term_string"}}],"inLanguage":"en-US"}]}},"_links":{"self":[{"href":"https:\/\/seed.hu\/en\/wp-json\/wp\/v2\/hirek\/970","targetHints":{"allow":["GET"]}}],"collection":[{"href":"https:\/\/seed.hu\/en\/wp-json\/wp\/v2\/hirek"}],"about":[{"href":"https:\/\/seed.hu\/en\/wp-json\/wp\/v2\/types\/hirek"}],"wp:attachment":[{"href":"https:\/\/seed.hu\/en\/wp-json\/wp\/v2\/media?parent=970"}],"curies":[{"name":"wp","href":"https:\/\/api.w.org\/{rel}","templated":true}]}}

Befolyással van-e a járvány időszaka a vállalkozónők gazdasági tevekénységére? A kérdőív eredményei választ adhatnak erre az érdekes kérdésre!

<p>A HÉTFA Kutatóintézet egy rövid, kérdőíves felmérést készít arról, hogy milyen hatással volt a COVID-19-es járvány a hazai női vállalkozókra a 2020. március-május közötti időszakban. A kérdőív a gazdasági vonatkozásokon túl a nők különböző szerepdilemmáit is vizsgálja a járvány időszakában. Arra szeretnénk megkérni azokat a hölgyeket, akik egy vállalkozás tulajdonosai vagy résztulajdonosai, vagy önfoglalkoztató vállalkozónők, hogy az alábbi kérdőív kitöltésével segítsék megismerni, milyen hatással volt a vállalkozónőkre a jelen járványhelyzet:</p>
<p><a href="http://surveygizmo.com/s3/5604800/vallalkozonok-korona" target="_blank" rel="noopener">http://surveygizmo.com/s3/5604800/vallalkozonok-korona</a></p>
<p>A kérdőív kitöltésére <strong>2020. május 21-31-e között van lehetőség</strong>, kitöltése kb. 8-10 percet vesz igénybe. A kérdőívben szereplő adatokat az Európai Unió Adatvédelmi Szabályzatának megfelelően kezeli a HÉTFA Kutatóintézet.</p>

<!-- This site is optimized with the Yoast SEO plugin v27.4 - https://yoast.com/product/yoast-seo-wordpress/ -->
<title>Befolyással van-e a járvány időszaka a vállalkozónők gazdasági tevekénységére? A kérdőív eredményei választ adhatnak erre az érdekes kérdésre! - Seed</title>
<meta name="robots" content="index, follow, max-snippet:-1, max-image-preview:large, max-video-preview:-1" />
<link rel="canonical" href="https://seed.hu/hirek/befolyassal-van-e-a-jarvany-idoszaka-a-vallalkozonok-gazdasagi-tevekenysegere-a-kerdoiv-eredmenyei-valaszt-adhatnak-erre-az-erdekes-kerdesre/" />
<meta property="og:locale" content="en_US" />
<meta property="og:type" content="article" />
<meta property="og:title" content="Befolyással van-e a járvány időszaka a vállalkozónők gazdasági tevekénységére? A kérdőív eredményei választ adhatnak erre az érdekes kérdésre! - Seed" />
<meta property="og:description" content="A HÉTFA Kutatóintézet egy rövid, kérdőíves felmérést készít arról, hogy milyen hatással volt a COVID-19-es járvány a hazai női vállalkozókra a 2020. március-május közötti időszakban. A kérdőív a gazdasági vonatkozásokon túl a nők különböző szerepdilemmáit is vizsgálja a járvány időszakában. Arra szeretnénk megkérni azokat a hölgyeket, akik egy vállalkozás tulajdonosai vagy résztulajdonosai, vagy önfoglalkoztató vállalkozónők, [&hellip;]" />
<meta property="og:url" content="https://seed.hu/hirek/befolyassal-van-e-a-jarvany-idoszaka-a-vallalkozonok-gazdasagi-tevekenysegere-a-kerdoiv-eredmenyei-valaszt-adhatnak-erre-az-erdekes-kerdesre/" />
<meta property="og:site_name" content="Seed" />
<meta property="article:modified_time" content="2022-01-20T17:27:38+00:00" />
<meta name="twitter:card" content="summary_large_image" />
<meta name="twitter:label1" content="Est. reading time" />
	<meta name="twitter:data1" content="1 minute" />
<script type="application/ld+json" class="yoast-schema-graph">{"@context":"https:\/\/schema.org","@graph":[{"@type":"WebPage","@id":"https:\/\/seed.hu\/hirek\/befolyassal-van-e-a-jarvany-idoszaka-a-vallalkozonok-gazdasagi-tevekenysegere-a-kerdoiv-eredmenyei-valaszt-adhatnak-erre-az-erdekes-kerdesre\/","url":"https:\/\/seed.hu\/hirek\/befolyassal-van-e-a-jarvany-idoszaka-a-vallalkozonok-gazdasagi-tevekenysegere-a-kerdoiv-eredmenyei-valaszt-adhatnak-erre-az-erdekes-kerdesre\/","name":"Befolyással van-e a járvány időszaka a vállalkozónők gazdasági tevekénységére? A kérdőív eredményei választ adhatnak erre az érdekes kérdésre! - Seed","isPartOf":{"@id":"https:\/\/seed.hu\/#website"},"datePublished":"2020-05-25T18:34:47+00:00","dateModified":"2022-01-20T17:27:38+00:00","breadcrumb":{"@id":"https:\/\/seed.hu\/hirek\/befolyassal-van-e-a-jarvany-idoszaka-a-vallalkozonok-gazdasagi-tevekenysegere-a-kerdoiv-eredmenyei-valaszt-adhatnak-erre-az-erdekes-kerdesre\/#breadcrumb"},"inLanguage":"en-US","potentialAction":[{"@type":"ReadAction","target":["https:\/\/seed.hu\/hirek\/befolyassal-van-e-a-jarvany-idoszaka-a-vallalkozonok-gazdasagi-tevekenysegere-a-kerdoiv-eredmenyei-valaszt-adhatnak-erre-az-erdekes-kerdesre\/"]}]},{"@type":"BreadcrumbList","@id":"https:\/\/seed.hu\/hirek\/befolyassal-van-e-a-jarvany-idoszaka-a-vallalkozonok-gazdasagi-tevekenysegere-a-kerdoiv-eredmenyei-valaszt-adhatnak-erre-az-erdekes-kerdesre\/#breadcrumb","itemListElement":[{"@type":"ListItem","position":1,"name":"Hírek","item":"https:\/\/seed.hu\/hirek\/"},{"@type":"ListItem","position":2,"name":"Befolyással van-e a járvány időszaka a vállalkozónők gazdasági tevekénységére? A kérdőív eredményei választ adhatnak erre az érdekes kérdésre!"}]},{"@type":"WebSite","@id":"https:\/\/seed.hu\/#website","url":"https:\/\/seed.hu\/","name":"Seed","description":"","potentialAction":[{"@type":"SearchAction","target":{"@type":"EntryPoint","urlTemplate":"https:\/\/seed.hu\/?s={search_term_string}"},"query-input":{"@type":"PropertyValueSpecification","valueRequired":true,"valueName":"search_term_string"}}],"inLanguage":"en-US"}]}</script>
<!-- / Yoast SEO plugin. -->

Befolyással van-e a járvány időszaka a vállalkozónők gazdasági tevekénységére? A kérdőív eredményei választ adhatnak erre az érdekes kérdésre! - Seed

A HÉTFA Kutatóintézet egy rövid, kérdőíves felmérést készít arról, hogy milyen hatással volt a COVID-19-es járvány a hazai női vállalkozókra a 2020. március-május közötti időszakban. A kérdőív a gazdasági vonatkozásokon túl a nők különböző szerepdilemmáit is vizsgálja a járvány időszakában. Arra szeretnénk megkérni azokat a hölgyeket, akik egy vállalkozás tulajdonosai vagy résztulajdonosai, vagy önfoglalkoztató vállalkozónők, [&hellip;]

Hírek
