{"id":973,"date":"2020-05-25T20:36:44","date_gmt":"2020-05-25T18:36:44","guid":{"rendered":"https:\/\/seed.hu\/?post_type=hirek&#038;p=973"},"modified":"2022-01-20T18:29:01","modified_gmt":"2022-01-20T17:29:01","slug":"a-te-torteneted-inspiral-minket-mutasd-meg-mindenkinek","status":"publish","type":"hirek","link":"https:\/\/seed.hu\/en\/hirek\/a-te-torteneted-inspiral-minket-mutasd-meg-mindenkinek\/","title":{"rendered":"A Te t\u00f6rt\u00e9neted inspir\u00e1l minket! Mutasd meg mindenkinek!"},"content":{"rendered":"<p><a href=\"https:\/\/seed.hu\/szavazz-2021-leginspiralobb-noi-sikertortenetere\/noi_siker_2021_2\/\" rel=\"attachment wp-att-740\"><img loading=\"lazy\" decoding=\"async\" class=\"alignnone wp-image-740 size-full\" src=\"https:\/\/seed.hu\/wp-content\/uploads\/2021\/02\/Noi_siker_2021_2.png\" alt=\"\" width=\"335\" height=\"79\" srcset=\"https:\/\/seed.hu\/wp-content\/uploads\/2021\/02\/Noi_siker_2021_2.png 335w, https:\/\/seed.hu\/wp-content\/uploads\/2021\/02\/Noi_siker_2021_2-300x71.png 300w\" sizes=\"auto, (max-width: 335px) 100vw, 335px\" \/><\/a><\/p>\n<p>A v\u00e1llalkoz\u00f3n\u0151k sz\u00e1m\u00e1ra egy olyan p\u00e9ld\u00e1t l\u00e1tni, aki egyszerre tud helyt \u00e1llni a hagyom\u00e1nyos n\u0151i szerepekben \u00e9s gazdas\u00e1gi szerepl\u0151k\u00e9nt, egyszerre megnyugtat\u00f3 \u00e9s insipr\u00e1l\u00f3. Tal\u00e1n t\u00f6bben l\u00e1ttuk a &#8220;Csak tudn\u00e1m, hogy csin\u00e1lja&#8221; c\u00edm\u0171 filmet, ami b\u00e1r klis\u00e9szer\u0171, de t\u00f6m\u00f6ren \u00e9s j\u00f3l \u00f6sszefoglalja a l\u00e9nyeget.<\/p>\n<p>Tudv\u00e1n, hogy a n\u0151i v\u00e1llalkoz\u00f3knak az egyik &#8220;gyenge&#8221; pontja az \u00f6nbizalomhi\u00e1ny, m\u00e9gis arra szeretn\u00e9nk b\u00e1tor\u00edtani, mutasd meg a Te t\u00f6rt\u00e9neted azoknak a h\u00f6lgyeknek, akik n\u00e1lad is t\u00f6bb b\u00e1tor\u00edt\u00e1sra, inspir\u00e1ci\u00f3ra szorulnak ahhoz, hogy kihozz\u00e1k magukb\u00f3l a benn\u00fck relj\u0151 gazdas\u00e1gi er\u0151t, megval\u00f3s\u00edthass\u00e1k \u00f6nmagukat.\u00a0NEM UTOLS\u00d3 SORBAN, v\u00e1llalkoz\u00f3i c\u00e9ljaik \u00e9s k\u00fcldet\u00e9s\u00fck r\u00e9v\u00e9n jobb\u00e1 tegy\u00e9k a gazdas\u00e1got \u00e9s a t\u00e1rsadalmat!<\/p>\n<p>A 2019. \u00e9vi d\u00edjazottakat a sajt\u00f3 is megkedvelte, sz\u00e1mos h\u00edrport\u00e1l mutatta be \u0151ket. Id\u00e9n is ezzel sz\u00e1molunk!<\/p>\n<p><a href=\"https:\/\/seed.hu\/van-egy-jo-torteneted-2020-ban-is-keressuk-az-ev-noi-vallalkozojat-vezetojet\" target=\"_blank\" rel=\"noopener\">https:\/\/seed.hu\/van-egy-jo-torteneted-2020-ban-is-keressuk-az-ev-noi-vallalkozojat-vezetojet<\/a><\/p>\n","protected":false},"featured_media":792,"menu_order":0,"template":"","meta":{"_acf_changed":false},"class_list":["post-973","hirek","type-hirek","status-publish","has-post-thumbnail","hentry"],"acf":[],"yoast_head":"<!-- This site is optimized with the Yoast SEO plugin v27.4 - https:\/\/yoast.com\/product\/yoast-seo-wordpress\/ -->\n<title>A Te t\u00f6rt\u00e9neted inspir\u00e1l minket! Mutasd meg mindenkinek! - Seed<\/title>\n<meta name=\"robots\" content=\"index, follow, max-snippet:-1, max-image-preview:large, max-video-preview:-1\" \/>\n<link rel=\"canonical\" href=\"https:\/\/seed.hu\/hirek\/a-te-torteneted-inspiral-minket-mutasd-meg-mindenkinek\/\" \/>\n<meta property=\"og:locale\" content=\"en_US\" \/>\n<meta property=\"og:type\" content=\"article\" \/>\n<meta property=\"og:title\" content=\"A Te t\u00f6rt\u00e9neted inspir\u00e1l minket! Mutasd meg mindenkinek! - Seed\" \/>\n<meta property=\"og:description\" content=\"A v\u00e1llalkoz\u00f3n\u0151k sz\u00e1m\u00e1ra egy olyan p\u00e9ld\u00e1t l\u00e1tni, aki egyszerre tud helyt \u00e1llni a hagyom\u00e1nyos n\u0151i szerepekben \u00e9s gazdas\u00e1gi szerepl\u0151k\u00e9nt, egyszerre megnyugtat\u00f3 \u00e9s insipr\u00e1l\u00f3. Tal\u00e1n t\u00f6bben l\u00e1ttuk a &#8220;Csak tudn\u00e1m, hogy csin\u00e1lja&#8221; c\u00edm\u0171 filmet, ami b\u00e1r klis\u00e9szer\u0171, de t\u00f6m\u00f6ren \u00e9s j\u00f3l \u00f6sszefoglalja a l\u00e9nyeget. Tudv\u00e1n, hogy a n\u0151i v\u00e1llalkoz\u00f3knak az egyik &#8220;gyenge&#8221; pontja az \u00f6nbizalomhi\u00e1ny, m\u00e9gis [&hellip;]\" \/>\n<meta property=\"og:url\" content=\"https:\/\/seed.hu\/hirek\/a-te-torteneted-inspiral-minket-mutasd-meg-mindenkinek\/\" \/>\n<meta property=\"og:site_name\" content=\"Seed\" \/>\n<meta property=\"article:modified_time\" content=\"2022-01-20T17:29:01+00:00\" \/>\n<meta property=\"og:image\" content=\"https:\/\/seed.hu\/wp-content\/uploads\/2018\/04\/SEED_logo.png\" \/>\n\t<meta property=\"og:image:width\" content=\"250\" \/>\n\t<meta property=\"og:image:height\" content=\"206\" \/>\n\t<meta property=\"og:image:type\" content=\"image\/png\" \/>\n<meta name=\"twitter:card\" content=\"summary_large_image\" \/>\n<meta name=\"twitter:label1\" content=\"Est. reading time\" \/>\n\t<meta name=\"twitter:data1\" content=\"1 minute\" \/>\n<script type=\"application\/ld+json\" class=\"yoast-schema-graph\">{\"@context\":\"https:\\\/\\\/schema.org\",\"@graph\":[{\"@type\":\"WebPage\",\"@id\":\"https:\\\/\\\/seed.hu\\\/hirek\\\/a-te-torteneted-inspiral-minket-mutasd-meg-mindenkinek\\\/\",\"url\":\"https:\\\/\\\/seed.hu\\\/hirek\\\/a-te-torteneted-inspiral-minket-mutasd-meg-mindenkinek\\\/\",\"name\":\"A Te t\u00f6rt\u00e9neted inspir\u00e1l minket! Mutasd meg mindenkinek! - Seed\",\"isPartOf\":{\"@id\":\"https:\\\/\\\/seed.hu\\\/#website\"},\"primaryImageOfPage\":{\"@id\":\"https:\\\/\\\/seed.hu\\\/hirek\\\/a-te-torteneted-inspiral-minket-mutasd-meg-mindenkinek\\\/#primaryimage\"},\"image\":{\"@id\":\"https:\\\/\\\/seed.hu\\\/hirek\\\/a-te-torteneted-inspiral-minket-mutasd-meg-mindenkinek\\\/#primaryimage\"},\"thumbnailUrl\":\"https:\\\/\\\/seed.hu\\\/wp-content\\\/uploads\\\/2018\\\/04\\\/SEED_logo.png\",\"datePublished\":\"2020-05-25T18:36:44+00:00\",\"dateModified\":\"2022-01-20T17:29:01+00:00\",\"breadcrumb\":{\"@id\":\"https:\\\/\\\/seed.hu\\\/hirek\\\/a-te-torteneted-inspiral-minket-mutasd-meg-mindenkinek\\\/#breadcrumb\"},\"inLanguage\":\"en-US\",\"potentialAction\":[{\"@type\":\"ReadAction\",\"target\":[\"https:\\\/\\\/seed.hu\\\/hirek\\\/a-te-torteneted-inspiral-minket-mutasd-meg-mindenkinek\\\/\"]}]},{\"@type\":\"ImageObject\",\"inLanguage\":\"en-US\",\"@id\":\"https:\\\/\\\/seed.hu\\\/hirek\\\/a-te-torteneted-inspiral-minket-mutasd-meg-mindenkinek\\\/#primaryimage\",\"url\":\"https:\\\/\\\/seed.hu\\\/wp-content\\\/uploads\\\/2018\\\/04\\\/SEED_logo.png\",\"contentUrl\":\"https:\\\/\\\/seed.hu\\\/wp-content\\\/uploads\\\/2018\\\/04\\\/SEED_logo.png\",\"width\":250,\"height\":206},{\"@type\":\"BreadcrumbList\",\"@id\":\"https:\\\/\\\/seed.hu\\\/hirek\\\/a-te-torteneted-inspiral-minket-mutasd-meg-mindenkinek\\\/#breadcrumb\",\"itemListElement\":[{\"@type\":\"ListItem\",\"position\":1,\"name\":\"H\u00edrek\",\"item\":\"https:\\\/\\\/seed.hu\\\/hirek\\\/\"},{\"@type\":\"ListItem\",\"position\":2,\"name\":\"A Te t\u00f6rt\u00e9neted inspir\u00e1l minket! Mutasd meg mindenkinek!\"}]},{\"@type\":\"WebSite\",\"@id\":\"https:\\\/\\\/seed.hu\\\/#website\",\"url\":\"https:\\\/\\\/seed.hu\\\/\",\"name\":\"Seed\",\"description\":\"\",\"potentialAction\":[{\"@type\":\"SearchAction\",\"target\":{\"@type\":\"EntryPoint\",\"urlTemplate\":\"https:\\\/\\\/seed.hu\\\/?s={search_term_string}\"},\"query-input\":{\"@type\":\"PropertyValueSpecification\",\"valueRequired\":true,\"valueName\":\"search_term_string\"}}],\"inLanguage\":\"en-US\"}]}<\/script>\n<!-- \/ Yoast SEO plugin. -->","yoast_head_json":{"title":"A Te t\u00f6rt\u00e9neted inspir\u00e1l minket! Mutasd meg mindenkinek! - Seed","robots":{"index":"index","follow":"follow","max-snippet":"max-snippet:-1","max-image-preview":"max-image-preview:large","max-video-preview":"max-video-preview:-1"},"canonical":"https:\/\/seed.hu\/hirek\/a-te-torteneted-inspiral-minket-mutasd-meg-mindenkinek\/","og_locale":"en_US","og_type":"article","og_title":"A Te t\u00f6rt\u00e9neted inspir\u00e1l minket! Mutasd meg mindenkinek! - Seed","og_description":"A v\u00e1llalkoz\u00f3n\u0151k sz\u00e1m\u00e1ra egy olyan p\u00e9ld\u00e1t l\u00e1tni, aki egyszerre tud helyt \u00e1llni a hagyom\u00e1nyos n\u0151i szerepekben \u00e9s gazdas\u00e1gi szerepl\u0151k\u00e9nt, egyszerre megnyugtat\u00f3 \u00e9s insipr\u00e1l\u00f3. Tal\u00e1n t\u00f6bben l\u00e1ttuk a &#8220;Csak tudn\u00e1m, hogy csin\u00e1lja&#8221; c\u00edm\u0171 filmet, ami b\u00e1r klis\u00e9szer\u0171, de t\u00f6m\u00f6ren \u00e9s j\u00f3l \u00f6sszefoglalja a l\u00e9nyeget. Tudv\u00e1n, hogy a n\u0151i v\u00e1llalkoz\u00f3knak az egyik &#8220;gyenge&#8221; pontja az \u00f6nbizalomhi\u00e1ny, m\u00e9gis [&hellip;]","og_url":"https:\/\/seed.hu\/hirek\/a-te-torteneted-inspiral-minket-mutasd-meg-mindenkinek\/","og_site_name":"Seed","article_modified_time":"2022-01-20T17:29:01+00:00","og_image":[{"width":250,"height":206,"url":"https:\/\/seed.hu\/wp-content\/uploads\/2018\/04\/SEED_logo.png","type":"image\/png"}],"twitter_card":"summary_large_image","twitter_misc":{"Est. reading time":"1 minute"},"schema":{"@context":"https:\/\/schema.org","@graph":[{"@type":"WebPage","@id":"https:\/\/seed.hu\/hirek\/a-te-torteneted-inspiral-minket-mutasd-meg-mindenkinek\/","url":"https:\/\/seed.hu\/hirek\/a-te-torteneted-inspiral-minket-mutasd-meg-mindenkinek\/","name":"A Te t\u00f6rt\u00e9neted inspir\u00e1l minket! Mutasd meg mindenkinek! - Seed","isPartOf":{"@id":"https:\/\/seed.hu\/#website"},"primaryImageOfPage":{"@id":"https:\/\/seed.hu\/hirek\/a-te-torteneted-inspiral-minket-mutasd-meg-mindenkinek\/#primaryimage"},"image":{"@id":"https:\/\/seed.hu\/hirek\/a-te-torteneted-inspiral-minket-mutasd-meg-mindenkinek\/#primaryimage"},"thumbnailUrl":"https:\/\/seed.hu\/wp-content\/uploads\/2018\/04\/SEED_logo.png","datePublished":"2020-05-25T18:36:44+00:00","dateModified":"2022-01-20T17:29:01+00:00","breadcrumb":{"@id":"https:\/\/seed.hu\/hirek\/a-te-torteneted-inspiral-minket-mutasd-meg-mindenkinek\/#breadcrumb"},"inLanguage":"en-US","potentialAction":[{"@type":"ReadAction","target":["https:\/\/seed.hu\/hirek\/a-te-torteneted-inspiral-minket-mutasd-meg-mindenkinek\/"]}]},{"@type":"ImageObject","inLanguage":"en-US","@id":"https:\/\/seed.hu\/hirek\/a-te-torteneted-inspiral-minket-mutasd-meg-mindenkinek\/#primaryimage","url":"https:\/\/seed.hu\/wp-content\/uploads\/2018\/04\/SEED_logo.png","contentUrl":"https:\/\/seed.hu\/wp-content\/uploads\/2018\/04\/SEED_logo.png","width":250,"height":206},{"@type":"BreadcrumbList","@id":"https:\/\/seed.hu\/hirek\/a-te-torteneted-inspiral-minket-mutasd-meg-mindenkinek\/#breadcrumb","itemListElement":[{"@type":"ListItem","position":1,"name":"H\u00edrek","item":"https:\/\/seed.hu\/hirek\/"},{"@type":"ListItem","position":2,"name":"A Te t\u00f6rt\u00e9neted inspir\u00e1l minket! Mutasd meg mindenkinek!"}]},{"@type":"WebSite","@id":"https:\/\/seed.hu\/#website","url":"https:\/\/seed.hu\/","name":"Seed","description":"","potentialAction":[{"@type":"SearchAction","target":{"@type":"EntryPoint","urlTemplate":"https:\/\/seed.hu\/?s={search_term_string}"},"query-input":{"@type":"PropertyValueSpecification","valueRequired":true,"valueName":"search_term_string"}}],"inLanguage":"en-US"}]}},"_links":{"self":[{"href":"https:\/\/seed.hu\/en\/wp-json\/wp\/v2\/hirek\/973","targetHints":{"allow":["GET"]}}],"collection":[{"href":"https:\/\/seed.hu\/en\/wp-json\/wp\/v2\/hirek"}],"about":[{"href":"https:\/\/seed.hu\/en\/wp-json\/wp\/v2\/types\/hirek"}],"wp:featuredmedia":[{"embeddable":true,"href":"https:\/\/seed.hu\/en\/wp-json\/wp\/v2\/media\/792"}],"wp:attachment":[{"href":"https:\/\/seed.hu\/en\/wp-json\/wp\/v2\/media?parent=973"}],"curies":[{"name":"wp","href":"https:\/\/api.w.org\/{rel}","templated":true}]}}

A Te történeted inspirál minket! Mutasd meg mindenkinek!

<p><a href="https://seed.hu/szavazz-2021-leginspiralobb-noi-sikertortenetere/noi_siker_2021_2/" rel="attachment wp-att-740"><img loading="lazy" decoding="async" class="alignnone wp-image-740 size-full" src="https://seed.hu/wp-content/uploads/2021/02/Noi_siker_2021_2.png" alt="" width="335" height="79" srcset="https://seed.hu/wp-content/uploads/2021/02/Noi_siker_2021_2.png 335w, https://seed.hu/wp-content/uploads/2021/02/Noi_siker_2021_2-300x71.png 300w" sizes="auto, (max-width: 335px) 100vw, 335px" /></a></p>
<p>A vállalkozónők számára egy olyan példát látni, aki egyszerre tud helyt állni a hagyományos női szerepekben és gazdasági szereplőként, egyszerre megnyugtató és insipráló. Talán többen láttuk a &#8220;Csak tudnám, hogy csinálja&#8221; című filmet, ami bár klisészerű, de tömören és jól összefoglalja a lényeget.</p>
<p>Tudván, hogy a női vállalkozóknak az egyik &#8220;gyenge&#8221; pontja az önbizalomhiány, mégis arra szeretnénk bátorítani, mutasd meg a Te történeted azoknak a hölgyeknek, akik nálad is több bátorításra, inspirációra szorulnak ahhoz, hogy kihozzák magukból a bennük reljő gazdasági erőt, megvalósíthassák önmagukat. NEM UTOLSÓ SORBAN, vállalkozói céljaik és küldetésük révén jobbá tegyék a gazdaságot és a társadalmat!</p>
<p>A 2019. évi díjazottakat a sajtó is megkedvelte, számos hírportál mutatta be őket. Idén is ezzel számolunk!</p>
<p><a href="https://seed.hu/van-egy-jo-torteneted-2020-ban-is-keressuk-az-ev-noi-vallalkozojat-vezetojet" target="_blank" rel="noopener">https://seed.hu/van-egy-jo-torteneted-2020-ban-is-keressuk-az-ev-noi-vallalkozojat-vezetojet</a></p>

<!-- This site is optimized with the Yoast SEO plugin v27.4 - https://yoast.com/product/yoast-seo-wordpress/ -->
<title>A Te történeted inspirál minket! Mutasd meg mindenkinek! - Seed</title>
<meta name="robots" content="index, follow, max-snippet:-1, max-image-preview:large, max-video-preview:-1" />
<link rel="canonical" href="https://seed.hu/hirek/a-te-torteneted-inspiral-minket-mutasd-meg-mindenkinek/" />
<meta property="og:locale" content="en_US" />
<meta property="og:type" content="article" />
<meta property="og:title" content="A Te történeted inspirál minket! Mutasd meg mindenkinek! - Seed" />
<meta property="og:description" content="A vállalkozónők számára egy olyan példát látni, aki egyszerre tud helyt állni a hagyományos női szerepekben és gazdasági szereplőként, egyszerre megnyugtató és insipráló. Talán többen láttuk a &#8220;Csak tudnám, hogy csinálja&#8221; című filmet, ami bár klisészerű, de tömören és jól összefoglalja a lényeget. Tudván, hogy a női vállalkozóknak az egyik &#8220;gyenge&#8221; pontja az önbizalomhiány, mégis [&hellip;]" />
<meta property="og:url" content="https://seed.hu/hirek/a-te-torteneted-inspiral-minket-mutasd-meg-mindenkinek/" />
<meta property="og:site_name" content="Seed" />
<meta property="article:modified_time" content="2022-01-20T17:29:01+00:00" />
<meta property="og:image" content="https://seed.hu/wp-content/uploads/2018/04/SEED_logo.png" />
	<meta property="og:image:width" content="250" />
	<meta property="og:image:height" content="206" />
	<meta property="og:image:type" content="image/png" />
<meta name="twitter:card" content="summary_large_image" />
<meta name="twitter:label1" content="Est. reading time" />
	<meta name="twitter:data1" content="1 minute" />
<script type="application/ld+json" class="yoast-schema-graph">{"@context":"https:\/\/schema.org","@graph":[{"@type":"WebPage","@id":"https:\/\/seed.hu\/hirek\/a-te-torteneted-inspiral-minket-mutasd-meg-mindenkinek\/","url":"https:\/\/seed.hu\/hirek\/a-te-torteneted-inspiral-minket-mutasd-meg-mindenkinek\/","name":"A Te történeted inspirál minket! Mutasd meg mindenkinek! - Seed","isPartOf":{"@id":"https:\/\/seed.hu\/#website"},"primaryImageOfPage":{"@id":"https:\/\/seed.hu\/hirek\/a-te-torteneted-inspiral-minket-mutasd-meg-mindenkinek\/#primaryimage"},"image":{"@id":"https:\/\/seed.hu\/hirek\/a-te-torteneted-inspiral-minket-mutasd-meg-mindenkinek\/#primaryimage"},"thumbnailUrl":"https:\/\/seed.hu\/wp-content\/uploads\/2018\/04\/SEED_logo.png","datePublished":"2020-05-25T18:36:44+00:00","dateModified":"2022-01-20T17:29:01+00:00","breadcrumb":{"@id":"https:\/\/seed.hu\/hirek\/a-te-torteneted-inspiral-minket-mutasd-meg-mindenkinek\/#breadcrumb"},"inLanguage":"en-US","potentialAction":[{"@type":"ReadAction","target":["https:\/\/seed.hu\/hirek\/a-te-torteneted-inspiral-minket-mutasd-meg-mindenkinek\/"]}]},{"@type":"ImageObject","inLanguage":"en-US","@id":"https:\/\/seed.hu\/hirek\/a-te-torteneted-inspiral-minket-mutasd-meg-mindenkinek\/#primaryimage","url":"https:\/\/seed.hu\/wp-content\/uploads\/2018\/04\/SEED_logo.png","contentUrl":"https:\/\/seed.hu\/wp-content\/uploads\/2018\/04\/SEED_logo.png","width":250,"height":206},{"@type":"BreadcrumbList","@id":"https:\/\/seed.hu\/hirek\/a-te-torteneted-inspiral-minket-mutasd-meg-mindenkinek\/#breadcrumb","itemListElement":[{"@type":"ListItem","position":1,"name":"Hírek","item":"https:\/\/seed.hu\/hirek\/"},{"@type":"ListItem","position":2,"name":"A Te történeted inspirál minket! Mutasd meg mindenkinek!"}]},{"@type":"WebSite","@id":"https:\/\/seed.hu\/#website","url":"https:\/\/seed.hu\/","name":"Seed","description":"","potentialAction":[{"@type":"SearchAction","target":{"@type":"EntryPoint","urlTemplate":"https:\/\/seed.hu\/?s={search_term_string}"},"query-input":{"@type":"PropertyValueSpecification","valueRequired":true,"valueName":"search_term_string"}}],"inLanguage":"en-US"}]}</script>
<!-- / Yoast SEO plugin. -->

A Te történeted inspirál minket! Mutasd meg mindenkinek! - Seed

A vállalkozónők számára egy olyan példát látni, aki egyszerre tud helyt állni a hagyományos női szerepekben és gazdasági szereplőként, egyszerre megnyugtató és insipráló. Talán többen láttuk a &#8220;Csak tudnám, hogy csinálja&#8221; című filmet, ami bár klisészerű, de tömören és jól összefoglalja a lényeget. Tudván, hogy a női vállalkozóknak az egyik &#8220;gyenge&#8221; pontja az önbizalomhiány, mégis [&hellip;]

Hírek
