{"id":565,"date":"2021-09-22T06:01:07","date_gmt":"2021-09-22T04:01:07","guid":{"rendered":"https:\/\/seed.hu\/?page_id=565"},"modified":"2021-09-22T06:01:07","modified_gmt":"2021-09-22T04:01:07","slug":"koszonjuk-hogy-megosztotta-velunk-igenyeit","status":"publish","type":"page","link":"https:\/\/seed.hu\/en\/koszonjuk-hogy-megosztotta-velunk-igenyeit\/","title":{"rendered":"K\u00f6sz\u00f6nj\u00fck, hogy megosztotta vel\u00fcnk ig\u00e9nyeit!"},"content":{"rendered":"<p>V\u00e1laszai alapj\u00e1n a SEED Alap\u00edtv\u00e1ny al\u00e1bbi programjai ny\u00fajthatnak seg\u00edts\u00e9get az \u00d6n sz\u00e1m\u00e1ra. K\u00f6sz\u00f6nj\u00fck megkeres\u00e9s\u00e9t, koll\u00e9g\u00e1ink hamarosan felveszik \u00d6nnel a kapcsolatot a megadott el\u00e9rhet\u0151s\u00e9gein!<\/p>\n","protected":false},"excerpt":{"rendered":"<p>V\u00e1laszai alapj\u00e1n a SEED Alap\u00edtv\u00e1ny al\u00e1bbi programjai ny\u00fajthatnak seg\u00edts\u00e9get az \u00d6n sz\u00e1m\u00e1ra. K\u00f6sz\u00f6nj\u00fck megkeres\u00e9s\u00e9t, koll\u00e9g\u00e1ink hamarosan felveszik \u00d6nnel a kapcsolatot a megadott el\u00e9rhet\u0151s\u00e9gein!<\/p>\n","protected":false},"author":1,"featured_media":0,"parent":0,"menu_order":0,"comment_status":"closed","ping_status":"closed","template":"","meta":{"_acf_changed":false,"footnotes":""},"class_list":["post-565","page","type-page","status-publish","hentry"],"acf":[],"yoast_head":"<!-- This site is optimized with the Yoast SEO plugin v27.4 - https:\/\/yoast.com\/product\/yoast-seo-wordpress\/ -->\n<title>K\u00f6sz\u00f6nj\u00fck, hogy megosztotta vel\u00fcnk ig\u00e9nyeit! - Seed<\/title>\n<meta name=\"robots\" content=\"index, follow, max-snippet:-1, max-image-preview:large, max-video-preview:-1\" \/>\n<link rel=\"canonical\" href=\"https:\/\/seed.hu\/en\/koszonjuk-hogy-megosztotta-velunk-igenyeit\/\" \/>\n<meta property=\"og:locale\" content=\"en_US\" \/>\n<meta property=\"og:type\" content=\"article\" \/>\n<meta property=\"og:title\" content=\"K\u00f6sz\u00f6nj\u00fck, hogy megosztotta vel\u00fcnk ig\u00e9nyeit! - Seed\" \/>\n<meta property=\"og:description\" content=\"V\u00e1laszai alapj\u00e1n a SEED Alap\u00edtv\u00e1ny al\u00e1bbi programjai ny\u00fajthatnak seg\u00edts\u00e9get az \u00d6n sz\u00e1m\u00e1ra. K\u00f6sz\u00f6nj\u00fck megkeres\u00e9s\u00e9t, koll\u00e9g\u00e1ink hamarosan felveszik \u00d6nnel a kapcsolatot a megadott el\u00e9rhet\u0151s\u00e9gein!\" \/>\n<meta property=\"og:url\" content=\"https:\/\/seed.hu\/en\/koszonjuk-hogy-megosztotta-velunk-igenyeit\/\" \/>\n<meta property=\"og:site_name\" content=\"Seed\" \/>\n<meta name=\"twitter:card\" content=\"summary_large_image\" \/>\n<script type=\"application\/ld+json\" class=\"yoast-schema-graph\">{\"@context\":\"https:\\\/\\\/schema.org\",\"@graph\":[{\"@type\":\"WebPage\",\"@id\":\"https:\\\/\\\/seed.hu\\\/en\\\/koszonjuk-hogy-megosztotta-velunk-igenyeit\\\/\",\"url\":\"https:\\\/\\\/seed.hu\\\/en\\\/koszonjuk-hogy-megosztotta-velunk-igenyeit\\\/\",\"name\":\"K\u00f6sz\u00f6nj\u00fck, hogy megosztotta vel\u00fcnk ig\u00e9nyeit! - Seed\",\"isPartOf\":{\"@id\":\"https:\\\/\\\/seed.hu\\\/#website\"},\"datePublished\":\"2021-09-22T04:01:07+00:00\",\"inLanguage\":\"en-US\",\"potentialAction\":[{\"@type\":\"ReadAction\",\"target\":[\"https:\\\/\\\/seed.hu\\\/en\\\/koszonjuk-hogy-megosztotta-velunk-igenyeit\\\/\"]}]},{\"@type\":\"WebSite\",\"@id\":\"https:\\\/\\\/seed.hu\\\/#website\",\"url\":\"https:\\\/\\\/seed.hu\\\/\",\"name\":\"Seed\",\"description\":\"\",\"potentialAction\":[{\"@type\":\"SearchAction\",\"target\":{\"@type\":\"EntryPoint\",\"urlTemplate\":\"https:\\\/\\\/seed.hu\\\/?s={search_term_string}\"},\"query-input\":{\"@type\":\"PropertyValueSpecification\",\"valueRequired\":true,\"valueName\":\"search_term_string\"}}],\"inLanguage\":\"en-US\"}]}<\/script>\n<!-- \/ Yoast SEO plugin. -->","yoast_head_json":{"title":"K\u00f6sz\u00f6nj\u00fck, hogy megosztotta vel\u00fcnk ig\u00e9nyeit! - Seed","robots":{"index":"index","follow":"follow","max-snippet":"max-snippet:-1","max-image-preview":"max-image-preview:large","max-video-preview":"max-video-preview:-1"},"canonical":"https:\/\/seed.hu\/en\/koszonjuk-hogy-megosztotta-velunk-igenyeit\/","og_locale":"en_US","og_type":"article","og_title":"K\u00f6sz\u00f6nj\u00fck, hogy megosztotta vel\u00fcnk ig\u00e9nyeit! - Seed","og_description":"V\u00e1laszai alapj\u00e1n a SEED Alap\u00edtv\u00e1ny al\u00e1bbi programjai ny\u00fajthatnak seg\u00edts\u00e9get az \u00d6n sz\u00e1m\u00e1ra. K\u00f6sz\u00f6nj\u00fck megkeres\u00e9s\u00e9t, koll\u00e9g\u00e1ink hamarosan felveszik \u00d6nnel a kapcsolatot a megadott el\u00e9rhet\u0151s\u00e9gein!","og_url":"https:\/\/seed.hu\/en\/koszonjuk-hogy-megosztotta-velunk-igenyeit\/","og_site_name":"Seed","twitter_card":"summary_large_image","schema":{"@context":"https:\/\/schema.org","@graph":[{"@type":"WebPage","@id":"https:\/\/seed.hu\/en\/koszonjuk-hogy-megosztotta-velunk-igenyeit\/","url":"https:\/\/seed.hu\/en\/koszonjuk-hogy-megosztotta-velunk-igenyeit\/","name":"K\u00f6sz\u00f6nj\u00fck, hogy megosztotta vel\u00fcnk ig\u00e9nyeit! - Seed","isPartOf":{"@id":"https:\/\/seed.hu\/#website"},"datePublished":"2021-09-22T04:01:07+00:00","inLanguage":"en-US","potentialAction":[{"@type":"ReadAction","target":["https:\/\/seed.hu\/en\/koszonjuk-hogy-megosztotta-velunk-igenyeit\/"]}]},{"@type":"WebSite","@id":"https:\/\/seed.hu\/#website","url":"https:\/\/seed.hu\/","name":"Seed","description":"","potentialAction":[{"@type":"SearchAction","target":{"@type":"EntryPoint","urlTemplate":"https:\/\/seed.hu\/?s={search_term_string}"},"query-input":{"@type":"PropertyValueSpecification","valueRequired":true,"valueName":"search_term_string"}}],"inLanguage":"en-US"}]}},"_links":{"self":[{"href":"https:\/\/seed.hu\/en\/wp-json\/wp\/v2\/pages\/565","targetHints":{"allow":["GET"]}}],"collection":[{"href":"https:\/\/seed.hu\/en\/wp-json\/wp\/v2\/pages"}],"about":[{"href":"https:\/\/seed.hu\/en\/wp-json\/wp\/v2\/types\/page"}],"author":[{"embeddable":true,"href":"https:\/\/seed.hu\/en\/wp-json\/wp\/v2\/users\/1"}],"replies":[{"embeddable":true,"href":"https:\/\/seed.hu\/en\/wp-json\/wp\/v2\/comments?post=565"}],"version-history":[{"count":1,"href":"https:\/\/seed.hu\/en\/wp-json\/wp\/v2\/pages\/565\/revisions"}],"predecessor-version":[{"id":644,"href":"https:\/\/seed.hu\/en\/wp-json\/wp\/v2\/pages\/565\/revisions\/644"}],"wp:attachment":[{"href":"https:\/\/seed.hu\/en\/wp-json\/wp\/v2\/media?parent=565"}],"curies":[{"name":"wp","href":"https:\/\/api.w.org\/{rel}","templated":true}]}}

Köszönjük, hogy megosztotta velünk igényeit!

<p>Válaszai alapján a SEED Alapítvány alábbi programjai nyújthatnak segítséget az Ön számára. Köszönjük megkeresését, kollégáink hamarosan felveszik Önnel a kapcsolatot a megadott elérhetőségein!</p>

<!-- This site is optimized with the Yoast SEO plugin v27.4 - https://yoast.com/product/yoast-seo-wordpress/ -->
<title>Köszönjük, hogy megosztotta velünk igényeit! - Seed</title>
<meta name="robots" content="index, follow, max-snippet:-1, max-image-preview:large, max-video-preview:-1" />
<link rel="canonical" href="https://seed.hu/en/koszonjuk-hogy-megosztotta-velunk-igenyeit/" />
<meta property="og:locale" content="en_US" />
<meta property="og:type" content="article" />
<meta property="og:title" content="Köszönjük, hogy megosztotta velünk igényeit! - Seed" />
<meta property="og:description" content="Válaszai alapján a SEED Alapítvány alábbi programjai nyújthatnak segítséget az Ön számára. Köszönjük megkeresését, kollégáink hamarosan felveszik Önnel a kapcsolatot a megadott elérhetőségein!" />
<meta property="og:url" content="https://seed.hu/en/koszonjuk-hogy-megosztotta-velunk-igenyeit/" />
<meta property="og:site_name" content="Seed" />
<meta name="twitter:card" content="summary_large_image" />
<script type="application/ld+json" class="yoast-schema-graph">{"@context":"https:\/\/schema.org","@graph":[{"@type":"WebPage","@id":"https:\/\/seed.hu\/en\/koszonjuk-hogy-megosztotta-velunk-igenyeit\/","url":"https:\/\/seed.hu\/en\/koszonjuk-hogy-megosztotta-velunk-igenyeit\/","name":"Köszönjük, hogy megosztotta velünk igényeit! - Seed","isPartOf":{"@id":"https:\/\/seed.hu\/#website"},"datePublished":"2021-09-22T04:01:07+00:00","inLanguage":"en-US","potentialAction":[{"@type":"ReadAction","target":["https:\/\/seed.hu\/en\/koszonjuk-hogy-megosztotta-velunk-igenyeit\/"]}]},{"@type":"WebSite","@id":"https:\/\/seed.hu\/#website","url":"https:\/\/seed.hu\/","name":"Seed","description":"","potentialAction":[{"@type":"SearchAction","target":{"@type":"EntryPoint","urlTemplate":"https:\/\/seed.hu\/?s={search_term_string}"},"query-input":{"@type":"PropertyValueSpecification","valueRequired":true,"valueName":"search_term_string"}}],"inLanguage":"en-US"}]}</script>
<!-- / Yoast SEO plugin. -->

Köszönjük, hogy megosztotta velünk igényeit! - Seed

Válaszai alapján a SEED Alapítvány alábbi programjai nyújthatnak segítséget az Ön számára. Köszönjük megkeresését, kollégáink hamarosan felveszik Önnel a kapcsolatot a megadott elérhetőségein!
